{"id":712228,"date":"2025-08-27T16:53:30","date_gmt":"2025-08-27T13:53:30","guid":{"rendered":"https:\/\/roveyayinevi.com.tr\/index.php\/urun\/savas-makineleri-savas-ucaklari\/"},"modified":"2026-03-07T02:32:20","modified_gmt":"2026-03-06T23:32:20","slug":"savas-makineleri-savas-ucaklari","status":"publish","type":"product","link":"https:\/\/roveyayinevi.com.tr\/index.php\/urun\/savas-makineleri-savas-ucaklari\/","title":{"rendered":"Sava\u015f Makineleri &#8211; Sava\u015f U\u00e7aklar\u0131"},"content":{"rendered":"<p>Sava\u015f u\u00e7aklar\u0131n\u0131n, en eski iki kanatl\u0131 u\u00e7aklardan ve II. D\u00fcnya Sava\u015f\u0131 klasiklerinden, modern s\u00fcper sonik gizli makinelere uzanan etkileyici hik\u00e2yesini takip et. Bu yolculukta, * Bir Ate\u015f P\u00fcsk\u00fcrtenin kokpitine otur. * P-51 Mustang yap\u0131s\u0131n\u0131 g\u00f6r. * Locheed Martin F-35 Lightning&#8217;in i\u00e7 mekanizmalar\u0131n\u0131 incele. U\u00e7aklar\u0131n ve helikopterlerin dinamik hava foto\u011fraflar\u0131, bilimsel ger\u00e7eklerle dolu bir metinle birle\u015ferek bu makinelerin nas\u0131l \u00e7al\u0131\u015ft\u0131klar\u0131na ve modern pilotlar\u0131n en son teknolojiyi kullanarak nas\u0131l u\u00e7tuklar\u0131na \u0131\u015f\u0131k tutuyor. <\/p>\n","protected":false},"excerpt":{"rendered":"<p>Sava\u015f u\u00e7aklar\u0131n\u0131n, en eski iki kanatl\u0131 u\u00e7aklardan ve II. D\u00fcnya Sava\u015f\u0131 klasiklerinden, modern s\u00fcper sonik gizli makinelere uzanan etkileyici hik\u00e2yesini takip et. Bu yolculukta, * Bir<span class=\"excerpt-hellip\"> [\u2026]<\/span><\/p>\n","protected":false},"featured_media":0,"template":"","meta":{"_monsterinsights_skip_tracking":false,"_monsterinsights_sitenote_active":false,"_monsterinsights_sitenote_note":"","_monsterinsights_sitenote_category":0},"product_brand":[],"product_cat":[13829,12274],"product_tag":[],"class_list":{"0":"post-712228","1":"product","2":"type-product","3":"status-publish","5":"product_cat-bilimsel-kitaplar","6":"product_cat-cocuk-ve-genclik-kitaplari","7":"pa_cilt-ciltsiz","8":"pa_tur-kitap","9":"pa_yayinevi-teleskop-populer-bilim","10":"pa_yazar-chris-oxlade","12":"first","13":"instock","14":"sale","15":"shipping-taxable","16":"purchasable","17":"product-type-simple"},"_links":{"self":[{"href":"https:\/\/roveyayinevi.com.tr\/index.php\/wp-json\/wp\/v2\/product\/712228","targetHints":{"allow":["GET"]}}],"collection":[{"href":"https:\/\/roveyayinevi.com.tr\/index.php\/wp-json\/wp\/v2\/product"}],"about":[{"href":"https:\/\/roveyayinevi.com.tr\/index.php\/wp-json\/wp\/v2\/types\/product"}],"wp:attachment":[{"href":"https:\/\/roveyayinevi.com.tr\/index.php\/wp-json\/wp\/v2\/media?parent=712228"}],"wp:term":[{"taxonomy":"product_brand","embeddable":true,"href":"https:\/\/roveyayinevi.com.tr\/index.php\/wp-json\/wp\/v2\/product_brand?post=712228"},{"taxonomy":"product_cat","embeddable":true,"href":"https:\/\/roveyayinevi.com.tr\/index.php\/wp-json\/wp\/v2\/product_cat?post=712228"},{"taxonomy":"product_tag","embeddable":true,"href":"https:\/\/roveyayinevi.com.tr\/index.php\/wp-json\/wp\/v2\/product_tag?post=712228"}],"curies":[{"name":"wp","href":"https:\/\/api.w.org\/{rel}","templated":true}]}}