{"id":712220,"date":"2025-08-27T16:53:26","date_gmt":"2025-08-27T13:53:26","guid":{"rendered":"https:\/\/roveyayinevi.com.tr\/index.php\/urun\/cerkes-soykirimi\/"},"modified":"2026-04-16T02:20:55","modified_gmt":"2026-04-15T23:20:55","slug":"cerkes-soykirimi","status":"publish","type":"product","link":"https:\/\/roveyayinevi.com.tr\/index.php\/urun\/cerkes-soykirimi\/","title":{"rendered":"\u00c7erkes Soyk\u0131r\u0131m\u0131"},"content":{"rendered":"<p>\u00c7erkesler, 19. y\u00fczy\u0131l ortalar\u0131na kadar Karadeniz\u2019in kuzeydo\u011fu k\u0131y\u0131lar\u0131ndan Kafkasya i\u00e7lerine do\u011fru yay\u0131lan \u00c7erkesya topraklar\u0131nda ya\u015fayan bir halkt\u0131. Rusya \u0130mparatorlu\u011fu i\u00e7in \u0130ran ve Osmanl\u0131 ile ili\u015fkilerinde stratejik de\u011ferde olan bu topraklar, 19. y\u00fczy\u0131lda Rusya taraf\u0131ndan yap\u0131lan soyk\u0131r\u0131mda bu halka mezar oldu. 18. y\u00fczy\u0131l sonlar\u0131ndan itibaren gittik\u00e7e artan yo\u011funlukla devam eden Rus sald\u0131r\u0131lar\u0131 nedeniyle 1864\u2019e gelindi\u011finde kendi topraklar\u0131nda istenmeyen halk olan \u00c7erkeslerin yakla\u015f\u0131k d\u00f6rtte \u00fc\u00e7\u00fc yok edilmi\u015fti. Kalanlar\u0131n b\u00fcy\u00fck bir \u00e7o\u011funlu\u011fu ise Osmanl\u0131 topraklar\u0131na s\u00fcrg\u00fcn edildiler. Bu soyk\u0131r\u0131m\u0131n \u00fczerinden ge\u00e7en yakla\u015f\u0131k 150 y\u0131l boyunca belki de modern tarihin bu ilk soyk\u0131r\u0131m\u0131 neredeyse tamamen unutuldu. 1990\u2019larda yaz\u0131lan bir kitap ve birka\u00e7 makale d\u0131\u015f\u0131nda \u00c7erkes soyk\u0131r\u0131m\u0131 hi\u00e7bir zaman ne akademik ne de politik alanda kendisine yer bulabildi, ta ki Uluslararas\u0131 Olimpiyat Komitesi 2014 K\u0131\u015f Olimpiyatlar\u0131n\u0131 Ruslar\u0131n \u00c7erkeslere son yenilgilerini ya\u015fatarak bir kutlama t\u00f6reni yapt\u0131klar\u0131 So\u00e7i\u2019ye verene kadar.  Walter Richmond, \u015fimdiye kadar hi\u00e7 kullan\u0131lmam\u0131\u015f ar\u015fiv belgelerinden faydalanarak bu unutulmu\u015f soyk\u0131r\u0131m\u0131n ayr\u0131nt\u0131l\u0131 bir tarihi de\u011ferlendirmesini yap\u0131yor ve yakla\u015f\u0131k be\u015f nesildir diasporada devam eden var olma m\u00fccadelelerine \u0131\u015f\u0131k tutuyor. 2014 So\u00e7i K\u0131\u015f Olimpiyatlar\u0131n\u0131n nas\u0131l olup da \u00c7erkes aktivizminin ve Rusya Federasyonu\u2019nun bir m\u00fccadele alan\u0131na d\u00f6n\u00fc\u015ft\u00fc\u011f\u00fcn\u00fc de bu kitapta okuyabilirsiniz. <\/p>\n","protected":false},"excerpt":{"rendered":"<p>\u00c7erkesler, 19. y\u00fczy\u0131l ortalar\u0131na kadar Karadeniz\u2019in kuzeydo\u011fu k\u0131y\u0131lar\u0131ndan Kafkasya i\u00e7lerine do\u011fru yay\u0131lan \u00c7erkesya topraklar\u0131nda ya\u015fayan bir halkt\u0131. Rusya \u0130mparatorlu\u011fu i\u00e7in \u0130ran ve Osmanl\u0131 ile ili\u015fkilerinde stratejik<span class=\"excerpt-hellip\"> [\u2026]<\/span><\/p>\n","protected":false},"featured_media":0,"template":"","meta":{"_monsterinsights_skip_tracking":false,"_monsterinsights_sitenote_active":false,"_monsterinsights_sitenote_note":"","_monsterinsights_sitenote_category":0},"product_brand":[],"product_cat":[13656,12337],"product_tag":[],"class_list":{"0":"post-712220","1":"product","2":"type-product","3":"status-publish","5":"product_cat-azinliklar-etnik-sorunlar","6":"product_cat-politika-siyaset","7":"pa_cilt-ciltsiz","8":"pa_tur-kitap","9":"pa_yayinevi-koyusiyah-kitap","10":"pa_yazar-walter-richmond","12":"first","13":"instock","14":"sale","15":"shipping-taxable","16":"purchasable","17":"product-type-simple"},"_links":{"self":[{"href":"https:\/\/roveyayinevi.com.tr\/index.php\/wp-json\/wp\/v2\/product\/712220","targetHints":{"allow":["GET"]}}],"collection":[{"href":"https:\/\/roveyayinevi.com.tr\/index.php\/wp-json\/wp\/v2\/product"}],"about":[{"href":"https:\/\/roveyayinevi.com.tr\/index.php\/wp-json\/wp\/v2\/types\/product"}],"wp:attachment":[{"href":"https:\/\/roveyayinevi.com.tr\/index.php\/wp-json\/wp\/v2\/media?parent=712220"}],"wp:term":[{"taxonomy":"product_brand","embeddable":true,"href":"https:\/\/roveyayinevi.com.tr\/index.php\/wp-json\/wp\/v2\/product_brand?post=712220"},{"taxonomy":"product_cat","embeddable":true,"href":"https:\/\/roveyayinevi.com.tr\/index.php\/wp-json\/wp\/v2\/product_cat?post=712220"},{"taxonomy":"product_tag","embeddable":true,"href":"https:\/\/roveyayinevi.com.tr\/index.php\/wp-json\/wp\/v2\/product_tag?post=712220"}],"curies":[{"name":"wp","href":"https:\/\/api.w.org\/{rel}","templated":true}]}}