{"id":712218,"date":"2025-08-27T16:53:25","date_gmt":"2025-08-27T13:53:25","guid":{"rendered":"https:\/\/roveyayinevi.com.tr\/index.php\/urun\/namik-kemalin-hayati-ve-siirleri\/"},"modified":"2026-04-16T02:20:55","modified_gmt":"2026-04-15T23:20:55","slug":"namik-kemalin-hayati-ve-siirleri","status":"publish","type":"product","link":"https:\/\/roveyayinevi.com.tr\/index.php\/urun\/namik-kemalin-hayati-ve-siirleri\/","title":{"rendered":"Nam\u0131k Kemal&#8217;in Hayat\u0131 ve \u015eiirleri"},"content":{"rendered":"<p>\u201cSeciye itibariyle Nam\u0131k Kemal edeb\u00ee ve siyas\u00ee deh\u00e2etinden daha y\u00fcksek bir mertebede idi. T\u00fcrkl\u00fc\u011f\u00fcn b\u00fct\u00fcn tarihi tedkik olunursa Kemal derecesinde ahl\u00e2k faziletini h\u00e2iz bir insan ya bulunur ya bulunmaz. Ona seciye nokta-i nazar\u0131ndan n\u00e2m\u0131ndaki m\u00e2n\u00e2n\u0131n m\u00fc\u015fahhas bir num\u00fbnesi demek do\u011fru olur. Ya kusuru yok mu idi? O da bir insan oldu\u011fu i\u00e7in elbet vard\u0131. Fakat m\u00fcnhas\u0131ran kendi \u015fahs\u0131na ait olan bu nak\u00eesalar\u0131 s\u00f6ylemek bana d\u00fc\u015fmez. \u0130\u00e7tima\u00ee hayat\u0131nda ise her lekeden m\u00fcnezzeh, cevher kadar saf oldu\u011funu um\u00fbm milletin vicd\u00e2n\u0131 benimle beraber oldu\u011fundan emin olarak s\u00f6ylerim.\u201d Sadeddin N\u00fczhet   1899-1946 y\u0131llar\u0131 aras\u0131nda ya\u015fayan Sadeddin N\u00fczhet, edebiyat tarih\u00e7ili\u011fimizin se\u00e7kin bir y\u00fcz\u00fc olmak d\u0131\u015f\u0131nda, \u00dcsk\u00fcdar Halla\u00e7 Baba S\u00e2di Derg\u00e2h\u0131\u2019n\u0131n da son \u015feyhidir. 8 ya\u015f\u0131nda uhdesine ald\u0131\u011f\u0131 bu unvan\u0131 B\u00e2b-\u0131 Me\u015f\u00eehat&#8217;te imtihan edilmek s\u00fbretiyle asaleten de ta\u015f\u0131m\u0131\u015f ve 1923 -1928 y\u0131llar\u0131 aras\u0131nda ne\u015fredilen Milli Mecm\u00fba\u2019da \u015eeyh H\u00fcseyin Sadeddin imzas\u0131yla kaleme ald\u0131\u011f\u0131 gazellerde de kullanm\u0131\u015ft\u0131r. Tekkeler kapat\u0131l\u0131nca muhtelif okullarda \u00f6\u011fretmenlik yapan, k\u0131sa bir s\u00fcre \u0130stanbul \u00dcniversitesi Edebiyat Fak\u00fcltesi&#8217;nde ders veren ve \u0130stanbul Arkeoloji M\u00fczeleri&#8217;nde k\u00fct\u00fcphane memurlu\u011funa getirilen Sadeddin N\u00fczhet\u2019in son g\u00f6revi, Beyaz\u0131t Devlet K\u00fct\u00fcphanesi m\u00fcd\u00fcrl\u00fc\u011f\u00fc olmu\u015f, bu vazifesini s\u00fcrd\u00fcr\u00fcrken Valideba\u011f\u0131 Prevantoryumu&#8217;nda veremden vefat etmi\u015ftir. 1074 \u015f\u00e2iri ve onlar\u0131n eserlerinden se\u00e7meleri i\u00e7eren ve 98. formas\u0131nda, 1432 sayfaya ula\u015fm\u0131\u015fken yar\u0131m kalan T\u00fcrk \u015eairleri (1936-1945) adl\u0131 eseri ile T\u00fcrk Musikisi Antolojisi (1942-1943), Bekta\u015f\u00ee \u015eairleri (1930) gibi eserleri ba\u015fta olmak \u00fczere pek \u00e7ok esere m\u00fcellif olarak imzas\u0131n\u0131 atm\u0131\u015ft\u0131r. <\/p>\n","protected":false},"excerpt":{"rendered":"<p>\u201cSeciye itibariyle Nam\u0131k Kemal edeb\u00ee ve siyas\u00ee deh\u00e2etinden daha y\u00fcksek bir mertebede idi. T\u00fcrkl\u00fc\u011f\u00fcn b\u00fct\u00fcn tarihi tedkik olunursa Kemal derecesinde ahl\u00e2k faziletini h\u00e2iz bir insan ya<span class=\"excerpt-hellip\"> [\u2026]<\/span><\/p>\n","protected":false},"featured_media":0,"template":"","meta":{"_monsterinsights_skip_tracking":false,"_monsterinsights_sitenote_active":false,"_monsterinsights_sitenote_note":"","_monsterinsights_sitenote_category":0},"product_brand":[],"product_cat":[14009,12291],"product_tag":[],"class_list":{"0":"post-712218","1":"product","2":"type-product","3":"status-publish","5":"product_cat-biyografi-otobiyografi-edebiyat","6":"product_cat-edebiyat","7":"pa_cilt-ciltsiz","8":"pa_tur-kitap","9":"pa_yayinevi-historia-yayinevi","10":"pa_yazar-sadeddin-nuzhet-ergun","12":"first","13":"instock","14":"sale","15":"shipping-taxable","16":"purchasable","17":"product-type-simple"},"_links":{"self":[{"href":"https:\/\/roveyayinevi.com.tr\/index.php\/wp-json\/wp\/v2\/product\/712218","targetHints":{"allow":["GET"]}}],"collection":[{"href":"https:\/\/roveyayinevi.com.tr\/index.php\/wp-json\/wp\/v2\/product"}],"about":[{"href":"https:\/\/roveyayinevi.com.tr\/index.php\/wp-json\/wp\/v2\/types\/product"}],"wp:attachment":[{"href":"https:\/\/roveyayinevi.com.tr\/index.php\/wp-json\/wp\/v2\/media?parent=712218"}],"wp:term":[{"taxonomy":"product_brand","embeddable":true,"href":"https:\/\/roveyayinevi.com.tr\/index.php\/wp-json\/wp\/v2\/product_brand?post=712218"},{"taxonomy":"product_cat","embeddable":true,"href":"https:\/\/roveyayinevi.com.tr\/index.php\/wp-json\/wp\/v2\/product_cat?post=712218"},{"taxonomy":"product_tag","embeddable":true,"href":"https:\/\/roveyayinevi.com.tr\/index.php\/wp-json\/wp\/v2\/product_tag?post=712218"}],"curies":[{"name":"wp","href":"https:\/\/api.w.org\/{rel}","templated":true}]}}

Namık Kemal&#8217;in Hayatı ve Şiirleri

<p>“Seciye itibariyle Namık Kemal edebî ve siyasî dehâetinden daha yüksek bir mertebede idi. Türklüğün bütün tarihi tedkik olunursa Kemal derecesinde ahlâk faziletini hâiz bir insan ya bulunur ya bulunmaz. Ona seciye nokta-i nazarından nâmındaki mânânın müşahhas bir numûnesi demek doğru olur. Ya kusuru yok mu idi? O da bir insan olduğu için elbet vardı. Fakat münhasıran kendi şahsına ait olan bu nakîsaları söylemek bana düşmez. İçtimaî hayatında ise her lekeden münezzeh, cevher kadar saf olduğunu umûm milletin vicdânı benimle beraber olduğundan emin olarak söylerim.” Sadeddin Nüzhet   1899-1946 yılları arasında yaşayan Sadeddin Nüzhet, edebiyat tarihçiliğimizin seçkin bir yüzü olmak dışında, Üsküdar Hallaç Baba Sâdi Dergâhı’nın da son şeyhidir. 8 yaşında uhdesine aldığı bu unvanı Bâb-ı Meşîhat&#8217;te imtihan edilmek sûretiyle asaleten de taşımış ve 1923 -1928 yılları arasında neşredilen Milli Mecmûa’da Şeyh Hüseyin Sadeddin imzasıyla kaleme aldığı gazellerde de kullanmıştır. Tekkeler kapatılınca muhtelif okullarda öğretmenlik yapan, kısa bir süre İstanbul Üniversitesi Edebiyat Fakültesi&#8217;nde ders veren ve İstanbul Arkeoloji Müzeleri&#8217;nde kütüphane memurluğuna getirilen Sadeddin Nüzhet’in son görevi, Beyazıt Devlet Kütüphanesi müdürlüğü olmuş, bu vazifesini sürdürürken Validebağı Prevantoryumu&#8217;nda veremden vefat etmiştir. 1074 şâiri ve onların eserlerinden seçmeleri içeren ve 98. formasında, 1432 sayfaya ulaşmışken yarım kalan Türk Şairleri (1936-1945) adlı eseri ile Türk Musikisi Antolojisi (1942-1943), Bektaşî Şairleri (1930) gibi eserleri başta olmak üzere pek çok esere müellif olarak imzasını atmıştır. </p>

<p>“Seciye itibariyle Namık Kemal edebî ve siyasî dehâetinden daha yüksek bir mertebede idi. Türklüğün bütün tarihi tedkik olunursa Kemal derecesinde ahlâk faziletini hâiz bir insan ya<span class="excerpt-hellip"> […]</span></p>
