{"id":712213,"date":"2025-08-27T16:53:22","date_gmt":"2025-08-27T13:53:22","guid":{"rendered":"https:\/\/roveyayinevi.com.tr\/index.php\/urun\/cihad-i-ekber-ve-milli-mudafaa-acilari\/"},"modified":"2026-04-16T02:20:55","modified_gmt":"2026-04-15T23:20:55","slug":"cihad-i-ekber-ve-milli-mudafaa-acilari","status":"publish","type":"product","link":"https:\/\/roveyayinevi.com.tr\/index.php\/urun\/cihad-i-ekber-ve-milli-mudafaa-acilari\/","title":{"rendered":"Cihad-\u0131 Ekber ve Milli M\u00fcdafaa Ac\u0131lar\u0131"},"content":{"rendered":"<p>XIX. y\u00fczy\u0131l\u0131n sonlar\u0131nda 93 Harbi ile ba\u015flayan ve \u00f6zellikle Mill\u00ee M\u00fccadele d\u00f6nemiyle Anadolu\u2019da bir\u00e7ok haneye ate\u015fler d\u00fc\u015fm\u00fc\u015ft\u00fcr. Neredeyse her haneden bir ya da birka\u00e7 ki\u015fi vatan\u0131 u\u011fruna cephelerde \u015fehit olmu\u015ftur. Sonu gelmeyen sava\u015flarda a\u00e7, susuz, uykusuz bir \u015fekilde vatan\u0131n her kar\u0131\u015f topra\u011f\u0131n\u0131 kanlar\u0131yla sulam\u0131\u015f aziz \u015fehitlerimizin torunlar\u0131yla yapt\u0131\u011f\u0131m s\u00f6yle\u015fileri bu kitapta toplad\u0131m. \u015eehit torunlar\u0131n\u0131n anlatt\u0131klar\u0131 bu kadarla s\u0131n\u0131rl\u0131 de\u011fil tabii. Anadolu\u2019nun her \u015fehrinde, k\u00f6y\u00fcnde, kasabas\u0131nda bu t\u00fcr sava\u015f ger\u00e7eklerini duymak m\u00fcmk\u00fcn. Ecdad\u0131m\u0131z\u0131n \u00e7ekti\u011fi \u00e7ileleri, vatan a\u015fk\u0131n\u0131 yine vatan sevgisiyle gelecek ku\u015faklara mutlaka aktar\u0131lmas\u0131 d\u00fc\u015f\u00fcncesindeyim. Anadolu\u2019nun bir\u00e7ok yerinde t\u00fcylerimizi diken diken ve derlemeye muhta\u00e7 o kadar bakir olay, an\u0131, hat\u0131ra var ki, bunlar\u0131n mutlaka g\u00fcn y\u00fcz\u00fcne \u00e7\u0131kar\u0131lmas\u0131 gerekli. Bu ve benzeri \u00e7al\u0131\u015fmalar unutulup gitmeden yay\u0131mlans\u0131n, \u015fehit ve gazi dedelerimizin vatan a\u015fk\u0131 gelecek ku\u015faklara aktar\u0131ls\u0131n. <\/p>\n","protected":false},"excerpt":{"rendered":"<p>XIX. y\u00fczy\u0131l\u0131n sonlar\u0131nda 93 Harbi ile ba\u015flayan ve \u00f6zellikle Mill\u00ee M\u00fccadele d\u00f6nemiyle Anadolu\u2019da bir\u00e7ok haneye ate\u015fler d\u00fc\u015fm\u00fc\u015ft\u00fcr. Neredeyse her haneden bir ya da birka\u00e7 ki\u015fi vatan\u0131<span class=\"excerpt-hellip\"> [\u2026]<\/span><\/p>\n","protected":false},"featured_media":0,"template":"","meta":{"_monsterinsights_skip_tracking":false,"_monsterinsights_sitenote_active":false,"_monsterinsights_sitenote_note":"","_monsterinsights_sitenote_category":0},"product_brand":[],"product_cat":[12370,12304],"product_tag":[],"class_list":{"0":"post-712213","1":"product","2":"type-product","3":"status-publish","5":"product_cat-arastirma-inceleme","6":"product_cat-tarih","7":"pa_cilt-ciltsiz","8":"pa_tur-kitap","9":"pa_yayinevi-yade-yayinlari","10":"pa_yazar-osman-karaca","12":"first","13":"instock","14":"sale","15":"shipping-taxable","16":"purchasable","17":"product-type-simple"},"_links":{"self":[{"href":"https:\/\/roveyayinevi.com.tr\/index.php\/wp-json\/wp\/v2\/product\/712213","targetHints":{"allow":["GET"]}}],"collection":[{"href":"https:\/\/roveyayinevi.com.tr\/index.php\/wp-json\/wp\/v2\/product"}],"about":[{"href":"https:\/\/roveyayinevi.com.tr\/index.php\/wp-json\/wp\/v2\/types\/product"}],"wp:attachment":[{"href":"https:\/\/roveyayinevi.com.tr\/index.php\/wp-json\/wp\/v2\/media?parent=712213"}],"wp:term":[{"taxonomy":"product_brand","embeddable":true,"href":"https:\/\/roveyayinevi.com.tr\/index.php\/wp-json\/wp\/v2\/product_brand?post=712213"},{"taxonomy":"product_cat","embeddable":true,"href":"https:\/\/roveyayinevi.com.tr\/index.php\/wp-json\/wp\/v2\/product_cat?post=712213"},{"taxonomy":"product_tag","embeddable":true,"href":"https:\/\/roveyayinevi.com.tr\/index.php\/wp-json\/wp\/v2\/product_tag?post=712213"}],"curies":[{"name":"wp","href":"https:\/\/api.w.org\/{rel}","templated":true}]}}

Cihad-ı Ekber ve Milli Müdafaa Acıları

<p>XIX. yüzyılın sonlarında 93 Harbi ile başlayan ve özellikle Millî Mücadele dönemiyle Anadolu’da birçok haneye ateşler düşmüştür. Neredeyse her haneden bir ya da birkaç kişi vatanı uğruna cephelerde şehit olmuştur. Sonu gelmeyen savaşlarda aç, susuz, uykusuz bir şekilde vatanın her karış toprağını kanlarıyla sulamış aziz şehitlerimizin torunlarıyla yaptığım söyleşileri bu kitapta topladım. Şehit torunlarının anlattıkları bu kadarla sınırlı değil tabii. Anadolu’nun her şehrinde, köyünde, kasabasında bu tür savaş gerçeklerini duymak mümkün. Ecdadımızın çektiği çileleri, vatan aşkını yine vatan sevgisiyle gelecek kuşaklara mutlaka aktarılması düşüncesindeyim. Anadolu’nun birçok yerinde tüylerimizi diken diken ve derlemeye muhtaç o kadar bakir olay, anı, hatıra var ki, bunların mutlaka gün yüzüne çıkarılması gerekli. Bu ve benzeri çalışmalar unutulup gitmeden yayımlansın, şehit ve gazi dedelerimizin vatan aşkı gelecek kuşaklara aktarılsın. </p>

<p>XIX. yüzyılın sonlarında 93 Harbi ile başlayan ve özellikle Millî Mücadele dönemiyle Anadolu’da birçok haneye ateşler düşmüştür. Neredeyse her haneden bir ya da birkaç kişi vatanı<span class="excerpt-hellip"> […]</span></p>
