{"id":712203,"date":"2025-08-27T16:53:16","date_gmt":"2025-08-27T13:53:16","guid":{"rendered":"https:\/\/roveyayinevi.com.tr\/index.php\/urun\/highlights-puzzlemania-on-the-go-serisi-4lu-set\/"},"modified":"2026-04-16T02:20:55","modified_gmt":"2026-04-15T23:20:55","slug":"highlights-puzzlemania-on-the-go-serisi-4lu-set","status":"publish","type":"product","link":"https:\/\/roveyayinevi.com.tr\/index.php\/urun\/highlights-puzzlemania-on-the-go-serisi-4lu-set\/","title":{"rendered":"Highlights Puzzlemania (On The Go Serisi) 4&#8217;l\u00fc Set"},"content":{"rendered":"<p>K\u0130TAP \u0130\u00c7ER\u0130KLER\u0130Seride d\u00f6rt \u00f6zel kitap yer al\u0131r.Kitap boyutu : 19 x 27Her bir kitap kendi i\u00e7inde \u00e7ok \u00f6zel bulmacalar i\u00e7erir.Fark\u0131 bulma, yanl\u0131\u015f olan ne, bul ve e\u015fle\u015ftir, gizemli labirentler kitaplar\u0131ndan olu\u015fur.Kitaplar \u00e7ok \u00f6zel bulmacalar i\u00e7erir.KAZANIMLAROkudu\u011funu anlama becerisi kazand\u0131r.Her bir g\u00f6rselde ki hik\u00e2yeler, \u00e7ocuklara mant\u0131ksal \u00e7\u0131kar\u0131mlar sa\u011flama konusunda destek olur.\u00c7ocuklar g\u00f6rsellerde ki benzerlikleri ve farkl\u0131klar\u0131 bulurken, ba\u015far\u0131 duygusu olu\u015fur.G\u00f6rsellerde ki puzzle bulmacalar\u0131 \u00e7\u00f6zme, \u00f6z g\u00fcvenin artmas\u0131na katk\u0131 sa\u011flar. El g\u00f6z koordinasyonu geli\u015fir, el becerisi gerektiren i\u015flerde ba\u015far\u0131s\u0131 artar.Okuma ve okudu\u011funu anlamas\u0131n\u0131n yan\u0131nda analiz etme yetene\u011fi artar. <\/p>\n","protected":false},"excerpt":{"rendered":"<p>K\u0130TAP \u0130\u00c7ER\u0130KLER\u0130Seride d\u00f6rt \u00f6zel kitap yer al\u0131r.Kitap boyutu : 19 x 27Her bir kitap kendi i\u00e7inde \u00e7ok \u00f6zel bulmacalar i\u00e7erir.Fark\u0131 bulma, yanl\u0131\u015f olan ne, bul ve<span class=\"excerpt-hellip\"> [\u2026]<\/span><\/p>\n","protected":false},"featured_media":0,"template":"","meta":{"_monsterinsights_skip_tracking":false,"_monsterinsights_sitenote_active":false,"_monsterinsights_sitenote_note":"","_monsterinsights_sitenote_category":0},"product_brand":[],"product_cat":[12274,15842],"product_tag":[],"class_list":{"0":"post-712203","1":"product","2":"type-product","3":"status-publish","5":"product_cat-cocuk-ve-genclik-kitaplari","6":"product_cat-egitici-kitaplar","7":"pa_cilt-set","8":"pa_tur-kitap","9":"pa_yayinevi-dikkat-atolyesi-yayinlari","10":"pa_yazar-kollektif","12":"first","13":"instock","14":"sale","15":"shipping-taxable","16":"purchasable","17":"product-type-simple"},"_links":{"self":[{"href":"https:\/\/roveyayinevi.com.tr\/index.php\/wp-json\/wp\/v2\/product\/712203","targetHints":{"allow":["GET"]}}],"collection":[{"href":"https:\/\/roveyayinevi.com.tr\/index.php\/wp-json\/wp\/v2\/product"}],"about":[{"href":"https:\/\/roveyayinevi.com.tr\/index.php\/wp-json\/wp\/v2\/types\/product"}],"wp:attachment":[{"href":"https:\/\/roveyayinevi.com.tr\/index.php\/wp-json\/wp\/v2\/media?parent=712203"}],"wp:term":[{"taxonomy":"product_brand","embeddable":true,"href":"https:\/\/roveyayinevi.com.tr\/index.php\/wp-json\/wp\/v2\/product_brand?post=712203"},{"taxonomy":"product_cat","embeddable":true,"href":"https:\/\/roveyayinevi.com.tr\/index.php\/wp-json\/wp\/v2\/product_cat?post=712203"},{"taxonomy":"product_tag","embeddable":true,"href":"https:\/\/roveyayinevi.com.tr\/index.php\/wp-json\/wp\/v2\/product_tag?post=712203"}],"curies":[{"name":"wp","href":"https:\/\/api.w.org\/{rel}","templated":true}]}}