{"id":712170,"date":"2025-08-27T16:52:59","date_gmt":"2025-08-27T13:52:59","guid":{"rendered":"https:\/\/roveyayinevi.com.tr\/index.php\/urun\/kuresellesme-surecinde-devlet-ve-ordu-iliskileri\/"},"modified":"2026-04-16T02:20:40","modified_gmt":"2026-04-15T23:20:40","slug":"kuresellesme-surecinde-devlet-ve-ordu-iliskileri","status":"publish","type":"product","link":"https:\/\/roveyayinevi.com.tr\/index.php\/urun\/kuresellesme-surecinde-devlet-ve-ordu-iliskileri\/","title":{"rendered":"K\u00fcreselle\u015fme S\u00fcrecinde Devlet ve Ordu \u0130li\u015fkileri"},"content":{"rendered":"<p>K\u00fcreselle\u015fme, devlet ve ordu ili\u015fkilerine nas\u0131l etki ediyor? Dr. \u00c7etin Kartal bu kitapta soruya detayl\u0131 cevaplar vererek konunun de\u011fi\u015fik boyutlar\u0131n\u0131 okuyucuya ta\u015f\u0131yor.            \u201c\u2026K\u00fcreselle\u015fme, devletin geli\u015fim s\u00fcrecinin belki de her a\u015famas\u0131nda, devlet ile etkile\u015fim i\u00e7inde bulunan bir olgudur. Bu etkile\u015fim, devletlerin geli\u015fmi\u015flik, jeopolitik konum ve g\u00fcc\u00fc kontrol etme seviyelerine g\u00f6re de\u011fi\u015fiklik g\u00f6stermi\u015ftir.             \u015eekil, i\u00e7erik, i\u015flev ve etkisi bak\u0131m\u0131ndan d\u00f6nemsel ve devletten devlete farkl\u0131l\u0131k g\u00f6steren bir \u00f6zellik arz etse de; devletin ortaya \u00e7\u0131kmas\u0131nda, geli\u015fiminde ve idamesinin sa\u011flanmas\u0131nda \u00f6nemli bir yere sahip olan ve devletin \u015fiddet tekelinin ikili yap\u0131s\u0131ndan birini te\u015fkil eden ordu ve asker fakt\u00f6r\u00fc, k\u00fcreselle\u015fmenin devlet \u00fczerinde yaratt\u0131\u011f\u0131 etkile\u015fimden kendi pay\u0131na d\u00fc\u015feni etkin bir \u015fekilde alm\u0131\u015f ve almaya da devam etmektedir.             K\u00fcreselle\u015fmenin, devlet ve ordu ili\u015fkilerinde yaratt\u0131\u011f\u0131 benzer nitelikteki etkiler, bu ili\u015fkilerin geli\u015fim s\u00fcrecinde de farkl\u0131la\u015fmalara neden olmu\u015ftur. Bu d\u00f6nemde; paral\u0131 asker ve \u00f6zel askeri \u015firketler, k\u00fcresel konjonkt\u00fcr\u00fcn \u015fekillenmesinde etkin bir \u015fekilde rol alm\u0131\u015flard\u0131r.             K\u00fcreselle\u015fme s\u00fcrecinin kaydetti\u011fi ivmeye tabi olarak; devlet ve ordu ili\u015fkilerinde meydana gelen girift etkile\u015fim, devlet hayat\u0131n\u0131n bir\u00e7ok alan\u0131nda oldu\u011fu gibi ceza hukukunun dinamiklerinde de ba\u011f\u0131l yans\u0131malara neden olmu\u015ftur.             K\u00fcreselle\u015fmeye ba\u011fl\u0131 olarak meydana gelen bu de\u011fi\u015fim ve d\u00f6n\u00fc\u015f\u00fcm, devlet ve ordu ili\u015fkilerine ait dinamikleri de \u015fekillendirmeye devam edecektir\u2026\u201d  \u0130yi okumalar diliyoruz\u2026 <\/p>\n","protected":false},"excerpt":{"rendered":"<p>K\u00fcreselle\u015fme, devlet ve ordu ili\u015fkilerine nas\u0131l etki ediyor? Dr. \u00c7etin Kartal bu kitapta soruya detayl\u0131 cevaplar vererek konunun de\u011fi\u015fik boyutlar\u0131n\u0131 okuyucuya ta\u015f\u0131yor. \u201c\u2026K\u00fcreselle\u015fme, devletin geli\u015fim s\u00fcrecinin<span class=\"excerpt-hellip\"> [\u2026]<\/span><\/p>\n","protected":false},"featured_media":0,"template":"","meta":{"_monsterinsights_skip_tracking":false,"_monsterinsights_sitenote_active":false,"_monsterinsights_sitenote_note":"","_monsterinsights_sitenote_category":0},"product_brand":[],"product_cat":[12312,12304],"product_tag":[],"class_list":{"0":"post-712170","1":"product","2":"type-product","3":"status-publish","5":"product_cat-diger","6":"product_cat-tarih","7":"pa_cilt-ciltsiz","8":"pa_tur-kitap","9":"pa_yayinevi-galeati-yayincilik","10":"pa_yazar-cetin-kartal","12":"first","13":"instock","14":"sale","15":"shipping-taxable","16":"purchasable","17":"product-type-simple"},"_links":{"self":[{"href":"https:\/\/roveyayinevi.com.tr\/index.php\/wp-json\/wp\/v2\/product\/712170","targetHints":{"allow":["GET"]}}],"collection":[{"href":"https:\/\/roveyayinevi.com.tr\/index.php\/wp-json\/wp\/v2\/product"}],"about":[{"href":"https:\/\/roveyayinevi.com.tr\/index.php\/wp-json\/wp\/v2\/types\/product"}],"wp:attachment":[{"href":"https:\/\/roveyayinevi.com.tr\/index.php\/wp-json\/wp\/v2\/media?parent=712170"}],"wp:term":[{"taxonomy":"product_brand","embeddable":true,"href":"https:\/\/roveyayinevi.com.tr\/index.php\/wp-json\/wp\/v2\/product_brand?post=712170"},{"taxonomy":"product_cat","embeddable":true,"href":"https:\/\/roveyayinevi.com.tr\/index.php\/wp-json\/wp\/v2\/product_cat?post=712170"},{"taxonomy":"product_tag","embeddable":true,"href":"https:\/\/roveyayinevi.com.tr\/index.php\/wp-json\/wp\/v2\/product_tag?post=712170"}],"curies":[{"name":"wp","href":"https:\/\/api.w.org\/{rel}","templated":true}]}}