{"id":712169,"date":"2025-08-27T16:52:58","date_gmt":"2025-08-27T13:52:58","guid":{"rendered":"https:\/\/roveyayinevi.com.tr\/index.php\/urun\/caylak-ciltli\/"},"modified":"2026-04-16T02:20:40","modified_gmt":"2026-04-15T23:20:40","slug":"caylak-ciltli","status":"publish","type":"product","link":"https:\/\/roveyayinevi.com.tr\/index.php\/urun\/caylak-ciltli\/","title":{"rendered":"\u00c7aylak (Ciltli)"},"content":{"rendered":"<p>Annabelle Jefferson, zaman\u0131n \u00e7ok \u00f6ncesinden gelen sava\u015f\u0131 art\u0131k biliyordu. Fakat bu sava\u015f\u0131 s\u00fcrd\u00fcren iki d\u00fc\u015fman t\u00fcr\u00fcn ortas\u0131nda kald\u0131\u011f\u0131n\u0131 san\u0131rken, kendisini izleyen yeni d\u00fc\u015fmanlar\u0131n varl\u0131\u011f\u0131ndan haberdar de\u011fildi. Ke\u015ffedilen yeni t\u00fcrler, anlam\u0131 bilinmeyen k\u00e2buslar, sakl\u0131 kalan ger\u00e7ekler, \u00e7\u00f6z\u00fclmesi gereken yeni gizemler ve g\u00fc\u00e7 pe\u015finde olanlar\u0131n bitmek bilmez m\u00fccadelesi\u2026 T\u00fcm bunlar\u0131n ortas\u0131nda Annabelle\u2019in s\u0131\u011f\u0131nd\u0131\u011f\u0131 tek bir ki\u015fi vard\u0131; Jay Sullivan. Fakat\u2026 \u201cA\u015fk, \u015feytan\u0131n hi\u00e7 u\u011fra\u015fmadan kendi sonlar\u0131n\u0131 yazmas\u0131 i\u00e7in insanlar\u0131n \u00f6n\u00fcne att\u0131\u011f\u0131 oyuncaktan ba\u015fka bir \u015fey de\u011fil,\u201d demi\u015fti Jay Sullivan. Belki de hakl\u0131yd\u0131.   Tehlikeli bir hayat Tehlikeli bir avc\u0131 Ve Tehlikeli bir a\u015fk\u2026 <\/p>\n","protected":false},"excerpt":{"rendered":"<p>Annabelle Jefferson, zaman\u0131n \u00e7ok \u00f6ncesinden gelen sava\u015f\u0131 art\u0131k biliyordu. Fakat bu sava\u015f\u0131 s\u00fcrd\u00fcren iki d\u00fc\u015fman t\u00fcr\u00fcn ortas\u0131nda kald\u0131\u011f\u0131n\u0131 san\u0131rken, kendisini izleyen yeni d\u00fc\u015fmanlar\u0131n varl\u0131\u011f\u0131ndan haberdar de\u011fildi.<span class=\"excerpt-hellip\"> [\u2026]<\/span><\/p>\n","protected":false},"featured_media":0,"template":"","meta":{"_monsterinsights_skip_tracking":false,"_monsterinsights_sitenote_active":false,"_monsterinsights_sitenote_note":"","_monsterinsights_sitenote_category":0},"product_brand":[],"product_cat":[12291,14777],"product_tag":[],"class_list":{"0":"post-712169","1":"product","2":"type-product","3":"status-publish","5":"product_cat-edebiyat","6":"product_cat-fantastik","7":"pa_cilt-ciltli","8":"pa_tur-kitap","9":"pa_yayinevi-ephesus-yayinlari","10":"pa_yazar-m-rise","12":"first","13":"instock","14":"sale","15":"shipping-taxable","16":"purchasable","17":"product-type-simple"},"_links":{"self":[{"href":"https:\/\/roveyayinevi.com.tr\/index.php\/wp-json\/wp\/v2\/product\/712169","targetHints":{"allow":["GET"]}}],"collection":[{"href":"https:\/\/roveyayinevi.com.tr\/index.php\/wp-json\/wp\/v2\/product"}],"about":[{"href":"https:\/\/roveyayinevi.com.tr\/index.php\/wp-json\/wp\/v2\/types\/product"}],"wp:attachment":[{"href":"https:\/\/roveyayinevi.com.tr\/index.php\/wp-json\/wp\/v2\/media?parent=712169"}],"wp:term":[{"taxonomy":"product_brand","embeddable":true,"href":"https:\/\/roveyayinevi.com.tr\/index.php\/wp-json\/wp\/v2\/product_brand?post=712169"},{"taxonomy":"product_cat","embeddable":true,"href":"https:\/\/roveyayinevi.com.tr\/index.php\/wp-json\/wp\/v2\/product_cat?post=712169"},{"taxonomy":"product_tag","embeddable":true,"href":"https:\/\/roveyayinevi.com.tr\/index.php\/wp-json\/wp\/v2\/product_tag?post=712169"}],"curies":[{"name":"wp","href":"https:\/\/api.w.org\/{rel}","templated":true}]}}