{"id":712163,"date":"2025-08-27T16:52:55","date_gmt":"2025-08-27T13:52:55","guid":{"rendered":"https:\/\/roveyayinevi.com.tr\/index.php\/urun\/olbada-olu-kultu\/"},"modified":"2026-04-16T02:20:40","modified_gmt":"2026-04-15T23:20:40","slug":"olbada-olu-kultu","status":"publish","type":"product","link":"https:\/\/roveyayinevi.com.tr\/index.php\/urun\/olbada-olu-kultu\/","title":{"rendered":"Olba&#8217;da \u00d6l\u00fc K\u00fclt\u00fc"},"content":{"rendered":"<p>Ya\u015fam\u0131n, &#8221;nas\u0131l ba\u015flad\u0131\u011f\u0131&#8221; bir\u00e7ok k\u00fclt\u00fcrde, medeniyette, dinde farkl\u0131 yorumlanm\u0131\u015fken, &#8221;\u00f6l\u00fcmle son buldu\u011fu&#8221; herkes taraf\u0131ndan kabul edilen bir g\u00f6r\u00fc\u015ft\u00fcr. <\/p>\n","protected":false},"excerpt":{"rendered":"<p>Ya\u015fam\u0131n, &#8221;nas\u0131l ba\u015flad\u0131\u011f\u0131&#8221; bir\u00e7ok k\u00fclt\u00fcrde, medeniyette, dinde farkl\u0131 yorumlanm\u0131\u015fken, &#8221;\u00f6l\u00fcmle son buldu\u011fu&#8221; herkes taraf\u0131ndan kabul edilen bir g\u00f6r\u00fc\u015ft\u00fcr.<\/p>\n","protected":false},"featured_media":0,"template":"","meta":{"_monsterinsights_skip_tracking":false,"_monsterinsights_sitenote_active":false,"_monsterinsights_sitenote_note":"","_monsterinsights_sitenote_category":0},"product_brand":[],"product_cat":[52477,52478],"product_tag":[],"class_list":{"0":"post-712163","1":"product","2":"type-product","3":"status-publish","5":"product_cat-arastirma","6":"product_cat-arkeoloji","7":"pa_cilt-ciltsiz","8":"pa_tur-kitap","9":"pa_yayinevi-bilgin-kultur-sanat","10":"pa_yazar-tuna-akcay","12":"first","13":"instock","14":"sale","15":"shipping-taxable","16":"purchasable","17":"product-type-simple"},"_links":{"self":[{"href":"https:\/\/roveyayinevi.com.tr\/index.php\/wp-json\/wp\/v2\/product\/712163","targetHints":{"allow":["GET"]}}],"collection":[{"href":"https:\/\/roveyayinevi.com.tr\/index.php\/wp-json\/wp\/v2\/product"}],"about":[{"href":"https:\/\/roveyayinevi.com.tr\/index.php\/wp-json\/wp\/v2\/types\/product"}],"wp:attachment":[{"href":"https:\/\/roveyayinevi.com.tr\/index.php\/wp-json\/wp\/v2\/media?parent=712163"}],"wp:term":[{"taxonomy":"product_brand","embeddable":true,"href":"https:\/\/roveyayinevi.com.tr\/index.php\/wp-json\/wp\/v2\/product_brand?post=712163"},{"taxonomy":"product_cat","embeddable":true,"href":"https:\/\/roveyayinevi.com.tr\/index.php\/wp-json\/wp\/v2\/product_cat?post=712163"},{"taxonomy":"product_tag","embeddable":true,"href":"https:\/\/roveyayinevi.com.tr\/index.php\/wp-json\/wp\/v2\/product_tag?post=712163"}],"curies":[{"name":"wp","href":"https:\/\/api.w.org\/{rel}","templated":true}]}}