{"id":712160,"date":"2025-08-27T16:52:54","date_gmt":"2025-08-27T13:52:54","guid":{"rendered":"https:\/\/roveyayinevi.com.tr\/index.php\/urun\/inceleme-ve-sorusturma-rehberi-memurlar-ve-diger-kamu-gorevlileri-icin\/"},"modified":"2026-04-16T02:20:40","modified_gmt":"2026-04-15T23:20:40","slug":"inceleme-ve-sorusturma-rehberi-memurlar-ve-diger-kamu-gorevlileri-icin","status":"publish","type":"product","link":"https:\/\/roveyayinevi.com.tr\/index.php\/urun\/inceleme-ve-sorusturma-rehberi-memurlar-ve-diger-kamu-gorevlileri-icin\/","title":{"rendered":"\u0130nceleme Ve Soru\u015fturma Rehberi (Memurlar ve Di\u011fer Kamu G\u00f6revlileri \u0130\u00e7in)"},"content":{"rendered":"<p>\u0130\u00c7\u0130NDEK\u0130LER    \u00d6NS\u00d6Z I KISIM ADL\u0130 VE \u0130DAR\u0130 SORU\u015eTURMALAR \u0130LE KAMU \u0130DARELER\u0130NDE SIK\u00c7A KULLANILAN KAVRAMLAR   II KISIM MEMURLAR VE D\u0130\u011eER KAMU G\u00d6REVL\u0130LER\u0130NE \u0130L\u0130\u015eK\u0130N ADL\u0130 SORU\u015eTURMA USULLER\u0130 III.KISIM MEMURLARLA \u0130LG\u0130L\u0130 D\u0130S\u0130PL\u0130N CEZALARI VE \u0130DAR\u0130 SORU\u015eTURMALAR IV. KISIM MEMURLARLA  \u0130LG\u0130L\u0130 SU\u00c7LAR KAYNAK\u00c7A <\/p>\n","protected":false},"excerpt":{"rendered":"<p>\u0130\u00c7\u0130NDEK\u0130LER \u00d6NS\u00d6Z I KISIM ADL\u0130 VE \u0130DAR\u0130 SORU\u015eTURMALAR \u0130LE KAMU \u0130DARELER\u0130NDE SIK\u00c7A KULLANILAN KAVRAMLAR II KISIM MEMURLAR VE D\u0130\u011eER KAMU G\u00d6REVL\u0130LER\u0130NE \u0130L\u0130\u015eK\u0130N ADL\u0130 SORU\u015eTURMA USULLER\u0130 III.KISIM<span class=\"excerpt-hellip\"> [\u2026]<\/span><\/p>\n","protected":false},"featured_media":0,"template":"","meta":{"_monsterinsights_skip_tracking":false,"_monsterinsights_sitenote_active":false,"_monsterinsights_sitenote_note":"","_monsterinsights_sitenote_category":0},"product_brand":[],"product_cat":[12573,12566],"product_tag":[],"class_list":{"0":"post-712160","1":"product","2":"type-product","3":"status-publish","5":"product_cat-akademik-kitaplar","6":"product_cat-egitim","7":"pa_cilt-ciltsiz","8":"pa_tur-kitap","9":"pa_yayinevi-gazi-kitabevi","10":"pa_yazar-yigit-artukoglu","12":"first","13":"instock","14":"sale","15":"shipping-taxable","16":"purchasable","17":"product-type-simple"},"_links":{"self":[{"href":"https:\/\/roveyayinevi.com.tr\/index.php\/wp-json\/wp\/v2\/product\/712160","targetHints":{"allow":["GET"]}}],"collection":[{"href":"https:\/\/roveyayinevi.com.tr\/index.php\/wp-json\/wp\/v2\/product"}],"about":[{"href":"https:\/\/roveyayinevi.com.tr\/index.php\/wp-json\/wp\/v2\/types\/product"}],"wp:attachment":[{"href":"https:\/\/roveyayinevi.com.tr\/index.php\/wp-json\/wp\/v2\/media?parent=712160"}],"wp:term":[{"taxonomy":"product_brand","embeddable":true,"href":"https:\/\/roveyayinevi.com.tr\/index.php\/wp-json\/wp\/v2\/product_brand?post=712160"},{"taxonomy":"product_cat","embeddable":true,"href":"https:\/\/roveyayinevi.com.tr\/index.php\/wp-json\/wp\/v2\/product_cat?post=712160"},{"taxonomy":"product_tag","embeddable":true,"href":"https:\/\/roveyayinevi.com.tr\/index.php\/wp-json\/wp\/v2\/product_tag?post=712160"}],"curies":[{"name":"wp","href":"https:\/\/api.w.org\/{rel}","templated":true}]}}