{"id":712149,"date":"2025-08-27T16:52:48","date_gmt":"2025-08-27T13:52:48","guid":{"rendered":"https:\/\/roveyayinevi.com.tr\/index.php\/urun\/kucuk-tanrilar\/"},"modified":"2026-04-16T02:20:39","modified_gmt":"2026-04-15T23:20:39","slug":"kucuk-tanrilar","status":"publish","type":"product","link":"https:\/\/roveyayinevi.com.tr\/index.php\/urun\/kucuk-tanrilar\/","title":{"rendered":"K\u00fc\u00e7\u00fck Tanr\u0131lar"},"content":{"rendered":"<p>K\u00fc\u00e7\u00fck Tanr\u0131lar, k\u00fclt yazar S\u00f6r Terry Pratchett\u2019\u0131n, d\u00fcnya \u00e7ap\u0131nda 85 milyonun \u00fczerinde satan \u201cDiskD\u00fcnya\u201d serisinin 13.\u2019\u00fcnc\u00fc, \u201cKadim Uygarl\u0131klar\u201d alt dizisinin 2. kitab\u0131. Dinlerden ve sava\u015flardan olu\u015fan d\u00fcnya tarihine \u0131\u015f\u0131k tutan K\u00fc\u00e7\u00fck Tanr\u0131lar, mizahi deh\u00e2s\u0131yla bu kez dinin s\u00f6m\u00fcr\u00fclmesini ve sava\u015flar\u0131n gerek\u00e7eleri gibi \u00f6nemli konular\u0131 sorguluyor. Tanr\u0131lar nereden gelir? Ve nereye giderler? DiskD\u00fcnya\u2019da bir s\u00fcr\u00fc k\u00fc\u00e7\u00fck tanr\u0131 vard\u0131r ve yayg\u0131n bir teoriye g\u00f6re tanr\u0131lar, birileri onlara inand\u0131\u011f\u0131 i\u00e7in var olur, b\u00fcy\u00fcr ve geli\u015firler. Bir tanr\u0131n\u0131n, a\u00e7l\u0131\u011f\u0131n\u0131 \u00e7ekti\u011fi tek bir \u015fey vard\u0131r: inan\u00e7. Okuma yazma bilmemesine ra\u011fmen \u00e7ok kuvvetli bir fotografik haf\u0131zaya sahip olan gen\u00e7 Brutha, akl\u0131 biraz eksik ama imanl\u0131 biridir. G\u00fcnlerden bir g\u00fcn tanr\u0131s\u0131 onunla konu\u015fur. Brutha ilk ba\u015fta korkup ka\u00e7sa da sonunda yerdeki kaplumba\u011fan\u0131n, yani B\u00fcy\u00fck Tanr\u0131 Om\u2019un, onunla konu\u015ftu\u011funu anlar. Brutha k\u0131sa bir s\u00fcre sonra, fark\u0131nda olmadan, insanl\u0131k tarihinin en eski hik\u00e2yelerinden birinde ba\u015frole b\u00fcr\u00fcn\u00fcr; hem de boyundan ve kilosundan b\u00fcy\u00fck i\u015flere kalk\u0131\u015farak.  Niran El\u00e7i\u2019nin p\u00fcr\u00fczs\u00fcz T\u00fcrk\u00e7esi ve Delidolu\u2019nun \u00f6zenli bask\u0131s\u0131yla okurlar\u0131n\u0131n be\u011fenisine sunulan K\u00fc\u00e7\u00fck Tanr\u0131lar, \u00f6zg\u00fcn ve ger\u00e7ek\u00e7i hik\u00e2yesiyle, DiskD\u00fcnya serisindeki yerini al\u0131yor.   \u201cKorku tuhaf bir toprakt\u0131r. \u0130taat, o toprakta genellikle m\u0131s\u0131r gibi, s\u0131ra s\u0131ra yeti\u015fir; \u00e7evresindeki yabani otlar\u0131 ay\u0131klamas\u0131 kolay olur. Ama bazen orada meydan okuma patatesleri de biter ve onlar hep yeralt\u0131nda geli\u015fir.\u201d <\/p>\n","protected":false},"excerpt":{"rendered":"<p>K\u00fc\u00e7\u00fck Tanr\u0131lar, k\u00fclt yazar S\u00f6r Terry Pratchett\u2019\u0131n, d\u00fcnya \u00e7ap\u0131nda 85 milyonun \u00fczerinde satan \u201cDiskD\u00fcnya\u201d serisinin 13.\u2019\u00fcnc\u00fc, \u201cKadim Uygarl\u0131klar\u201d alt dizisinin 2. kitab\u0131. Dinlerden ve sava\u015flardan olu\u015fan<span class=\"excerpt-hellip\"> [\u2026]<\/span><\/p>\n","protected":false},"featured_media":0,"template":"","meta":{"_monsterinsights_skip_tracking":false,"_monsterinsights_sitenote_active":false,"_monsterinsights_sitenote_note":"","_monsterinsights_sitenote_category":0},"product_brand":[],"product_cat":[12291,14777],"product_tag":[],"class_list":{"0":"post-712149","1":"product","2":"type-product","3":"status-publish","5":"product_cat-edebiyat","6":"product_cat-fantastik","7":"pa_cilt-ciltsiz","8":"pa_tur-kitap","9":"pa_yayinevi-delidolu","10":"pa_yazar-terry-pratchett","12":"first","13":"instock","14":"sale","15":"shipping-taxable","16":"purchasable","17":"product-type-simple"},"_links":{"self":[{"href":"https:\/\/roveyayinevi.com.tr\/index.php\/wp-json\/wp\/v2\/product\/712149","targetHints":{"allow":["GET"]}}],"collection":[{"href":"https:\/\/roveyayinevi.com.tr\/index.php\/wp-json\/wp\/v2\/product"}],"about":[{"href":"https:\/\/roveyayinevi.com.tr\/index.php\/wp-json\/wp\/v2\/types\/product"}],"wp:attachment":[{"href":"https:\/\/roveyayinevi.com.tr\/index.php\/wp-json\/wp\/v2\/media?parent=712149"}],"wp:term":[{"taxonomy":"product_brand","embeddable":true,"href":"https:\/\/roveyayinevi.com.tr\/index.php\/wp-json\/wp\/v2\/product_brand?post=712149"},{"taxonomy":"product_cat","embeddable":true,"href":"https:\/\/roveyayinevi.com.tr\/index.php\/wp-json\/wp\/v2\/product_cat?post=712149"},{"taxonomy":"product_tag","embeddable":true,"href":"https:\/\/roveyayinevi.com.tr\/index.php\/wp-json\/wp\/v2\/product_tag?post=712149"}],"curies":[{"name":"wp","href":"https:\/\/api.w.org\/{rel}","templated":true}]}}