{"id":712148,"date":"2025-08-27T16:52:48","date_gmt":"2025-08-27T13:52:48","guid":{"rendered":"https:\/\/roveyayinevi.com.tr\/index.php\/urun\/beni-icinden-sev\/"},"modified":"2026-04-13T02:25:51","modified_gmt":"2026-04-12T23:25:51","slug":"beni-icinden-sev","status":"publish","type":"product","link":"https:\/\/roveyayinevi.com.tr\/index.php\/urun\/beni-icinden-sev\/","title":{"rendered":"Beni \u0130\u00e7inden Sev"},"content":{"rendered":"<p>Kimsenin bilmedi\u011fi bir \u015fark\u0131s\u0131n. Bana kendini \u00f6\u011fret. Ba\u015fka hisleri ba\u015fka insanlarda de\u011fil de hepsini sende t\u00fcketmek isterim \u00e7\u00fcnk\u00fc ikimiz ba\u015fkay\u0131z, kimsenin bilmedi\u011fi bir ba\u015fka d\u00fcnyay\u0131z. Bakma sen bu kalabal\u0131\u011fa, bu d\u00fcnya bizim i\u00e7in yarat\u0131ld\u0131. Ba\u015fkalar\u0131 sadece ba\u015fkalar\u0131 olarak kals\u0131n, sen bir hayal kur kendine ve i\u00e7inde sadece bize yer olsun. <\/p>\n","protected":false},"excerpt":{"rendered":"<p>Kimsenin bilmedi\u011fi bir \u015fark\u0131s\u0131n. Bana kendini \u00f6\u011fret. Ba\u015fka hisleri ba\u015fka insanlarda de\u011fil de hepsini sende t\u00fcketmek isterim \u00e7\u00fcnk\u00fc ikimiz ba\u015fkay\u0131z, kimsenin bilmedi\u011fi bir ba\u015fka d\u00fcnyay\u0131z. Bakma<span class=\"excerpt-hellip\"> [\u2026]<\/span><\/p>\n","protected":false},"featured_media":0,"template":"","meta":{"_monsterinsights_skip_tracking":false,"_monsterinsights_sitenote_active":false,"_monsterinsights_sitenote_note":"","_monsterinsights_sitenote_category":0},"product_brand":[],"product_cat":[12777,12291],"product_tag":[],"class_list":{"0":"post-712148","1":"product","2":"type-product","3":"status-publish","5":"product_cat-deneme","6":"product_cat-edebiyat","7":"pa_cilt-ciltsiz","8":"pa_tur-kitap","9":"pa_yayinevi-destek-yayinlari","10":"pa_yazar-ahmet-batman","12":"first","13":"instock","14":"sale","15":"shipping-taxable","16":"purchasable","17":"product-type-simple"},"_links":{"self":[{"href":"https:\/\/roveyayinevi.com.tr\/index.php\/wp-json\/wp\/v2\/product\/712148","targetHints":{"allow":["GET"]}}],"collection":[{"href":"https:\/\/roveyayinevi.com.tr\/index.php\/wp-json\/wp\/v2\/product"}],"about":[{"href":"https:\/\/roveyayinevi.com.tr\/index.php\/wp-json\/wp\/v2\/types\/product"}],"wp:attachment":[{"href":"https:\/\/roveyayinevi.com.tr\/index.php\/wp-json\/wp\/v2\/media?parent=712148"}],"wp:term":[{"taxonomy":"product_brand","embeddable":true,"href":"https:\/\/roveyayinevi.com.tr\/index.php\/wp-json\/wp\/v2\/product_brand?post=712148"},{"taxonomy":"product_cat","embeddable":true,"href":"https:\/\/roveyayinevi.com.tr\/index.php\/wp-json\/wp\/v2\/product_cat?post=712148"},{"taxonomy":"product_tag","embeddable":true,"href":"https:\/\/roveyayinevi.com.tr\/index.php\/wp-json\/wp\/v2\/product_tag?post=712148"}],"curies":[{"name":"wp","href":"https:\/\/api.w.org\/{rel}","templated":true}]}}