{"id":712145,"date":"2025-08-27T16:52:46","date_gmt":"2025-08-27T13:52:46","guid":{"rendered":"https:\/\/roveyayinevi.com.tr\/index.php\/urun\/bilgi-bulmaca-ortaokul-1\/"},"modified":"2026-04-16T02:20:39","modified_gmt":"2026-04-15T23:20:39","slug":"bilgi-bulmaca-ortaokul-1","status":"publish","type":"product","link":"https:\/\/roveyayinevi.com.tr\/index.php\/urun\/bilgi-bulmaca-ortaokul-1\/","title":{"rendered":"Bilgi Bulmaca Ortaokul 1"},"content":{"rendered":"<p>Sevgili \u00d6\u011frenciler, Bu kitab\u0131 severek yapaca\u011f\u0131n\u0131za inand\u0131\u011f\u0131m\u0131z i\u00e7in haz\u0131rlad\u0131k. Kitab\u0131m\u0131zda T\u00fcrk\u00e7e, Matematik, Sosyal Bilgiler, Fen ve Teknoloji kazan\u0131mlar\u0131 temel al\u0131nm\u0131\u015ft\u0131r. Genel k\u00fclt\u00fcr bilgilerine yer verildi\u011fi gibi zek\u00e2 geli\u015ftiren ve d\u00fc\u015f\u00fcnmeye sevk eden etkinliklerle de kar\u015f\u0131la\u015facaks\u0131n\u0131z. Bulmaca, bilmece ve zeka oyunlar\u0131n\u0131 \u00e7\u00f6zerken acele etmemenizi, y\u00f6nergeleri \u00e7ok iyi anlaman\u0131z\u0131 istiyoruz. G\u00fcnde her dersten en fazla bir sayfa \u00e7\u00f6zmenizi bekliyoruz. Etkinlikleri \u00e7\u00f6zerken e\u011flenerek \u00e7\u00f6zece\u011finizi biliyoruz. Unutmay\u0131n ki, bu kitap ayn\u0131 zamanda \u00f6\u011frenilen konular\u0131 da de\u011ferlendirmektedir. Yeni ve farkl\u0131 yay\u0131nlar\u0131m\u0131za ula\u015fman\u0131z dile\u011fiyle, Ba\u015far\u0131lar dileriz. <\/p>\n","protected":false},"excerpt":{"rendered":"<p>Sevgili \u00d6\u011frenciler, Bu kitab\u0131 severek yapaca\u011f\u0131n\u0131za inand\u0131\u011f\u0131m\u0131z i\u00e7in haz\u0131rlad\u0131k. Kitab\u0131m\u0131zda T\u00fcrk\u00e7e, Matematik, Sosyal Bilgiler, Fen ve Teknoloji kazan\u0131mlar\u0131 temel al\u0131nm\u0131\u015ft\u0131r. Genel k\u00fclt\u00fcr bilgilerine yer verildi\u011fi gibi<span class=\"excerpt-hellip\"> [\u2026]<\/span><\/p>\n","protected":false},"featured_media":0,"template":"","meta":{"_monsterinsights_skip_tracking":false,"_monsterinsights_sitenote_active":false,"_monsterinsights_sitenote_note":"","_monsterinsights_sitenote_category":0},"product_brand":[],"product_cat":[12492,12274],"product_tag":[],"class_list":{"0":"post-712145","1":"product","2":"type-product","3":"status-publish","5":"product_cat-bilmece-bulmaca","6":"product_cat-cocuk-ve-genclik-kitaplari","7":"pa_cilt-ciltsiz","8":"pa_tur-kitap","9":"pa_yayinevi-fark-yayinlari","10":"pa_yazar-veysel-yildiz","12":"first","13":"instock","14":"sale","15":"shipping-taxable","16":"purchasable","17":"product-type-simple"},"_links":{"self":[{"href":"https:\/\/roveyayinevi.com.tr\/index.php\/wp-json\/wp\/v2\/product\/712145","targetHints":{"allow":["GET"]}}],"collection":[{"href":"https:\/\/roveyayinevi.com.tr\/index.php\/wp-json\/wp\/v2\/product"}],"about":[{"href":"https:\/\/roveyayinevi.com.tr\/index.php\/wp-json\/wp\/v2\/types\/product"}],"wp:attachment":[{"href":"https:\/\/roveyayinevi.com.tr\/index.php\/wp-json\/wp\/v2\/media?parent=712145"}],"wp:term":[{"taxonomy":"product_brand","embeddable":true,"href":"https:\/\/roveyayinevi.com.tr\/index.php\/wp-json\/wp\/v2\/product_brand?post=712145"},{"taxonomy":"product_cat","embeddable":true,"href":"https:\/\/roveyayinevi.com.tr\/index.php\/wp-json\/wp\/v2\/product_cat?post=712145"},{"taxonomy":"product_tag","embeddable":true,"href":"https:\/\/roveyayinevi.com.tr\/index.php\/wp-json\/wp\/v2\/product_tag?post=712145"}],"curies":[{"name":"wp","href":"https:\/\/api.w.org\/{rel}","templated":true}]}}