{"id":712140,"date":"2025-08-27T16:52:43","date_gmt":"2025-08-27T13:52:43","guid":{"rendered":"https:\/\/roveyayinevi.com.tr\/index.php\/urun\/balik-bogurtlen-ve-karanliklar-canavari\/"},"modified":"2026-04-16T02:20:39","modified_gmt":"2026-04-15T23:20:39","slug":"balik-bogurtlen-ve-karanliklar-canavari","status":"publish","type":"product","link":"https:\/\/roveyayinevi.com.tr\/index.php\/urun\/balik-bogurtlen-ve-karanliklar-canavari\/","title":{"rendered":"Bal\u0131k B\u00f6\u011f\u00fcrtlen Ve Karanl\u0131klar Canavar\u0131"},"content":{"rendered":"<p>Bal\u0131k B\u00f6\u011f\u00fcrtlen, annesi ve babas\u0131yla okyanusta, mercan kayal\u0131klar\u0131ndaki evlerinde ya\u015f\u0131yordu. Ancak B\u00f6\u011f\u00fcrtlen\u2019in bir s\u0131k\u0131nt\u0131s\u0131 vard\u0131. Her zaman \u0131\u015f\u0131k a\u00e7\u0131kken uyuyor, arkada\u015flar\u0131n\u0131n gidip oynad\u0131klar\u0131 bat\u0131k geminin i\u00e7ine giremiyordu. Bunun nedeni de karanl\u0131ktan korkmas\u0131yd\u0131. Tabii ki bunlar, k\u00fc\u00e7\u00fck bal\u0131\u011f\u0131m\u0131z s\u00fcper kahraman olmadan \u00f6nceydi! \u015eimdi Bal\u0131k B\u00f6\u011f\u00fcrtlen, Karanl\u0131klar Canavar\u0131\u2019n\u0131 nas\u0131l yendi\u011fini size de anlatmak istiyor! \u201cKitap Cad\u0131s\u0131\u201d Burcu Bahar, sizler i\u00e7in \u00e7ok e\u011flenceli bir \u00f6yk\u00fc yazd\u0131. Kitab\u0131n sonundaki sorular\u0131 \u00e7\u00f6zer, tekerlemeyi s\u00f6ylerseniz sihirli bir d\u00fcnyan\u0131n kap\u0131s\u0131 sizler i\u00e7in a\u00e7\u0131lacak! <\/p>\n","protected":false},"excerpt":{"rendered":"<p>Bal\u0131k B\u00f6\u011f\u00fcrtlen, annesi ve babas\u0131yla okyanusta, mercan kayal\u0131klar\u0131ndaki evlerinde ya\u015f\u0131yordu. Ancak B\u00f6\u011f\u00fcrtlen\u2019in bir s\u0131k\u0131nt\u0131s\u0131 vard\u0131. Her zaman \u0131\u015f\u0131k a\u00e7\u0131kken uyuyor, arkada\u015flar\u0131n\u0131n gidip oynad\u0131klar\u0131 bat\u0131k geminin i\u00e7ine<span class=\"excerpt-hellip\"> [\u2026]<\/span><\/p>\n","protected":false},"featured_media":0,"template":"","meta":{"_monsterinsights_skip_tracking":false,"_monsterinsights_sitenote_active":false,"_monsterinsights_sitenote_note":"","_monsterinsights_sitenote_category":0},"product_brand":[],"product_cat":[12913,12274],"product_tag":[],"class_list":{"0":"post-712140","1":"product","2":"type-product","3":"status-publish","5":"product_cat-3-6-yas-kitaplari","6":"product_cat-cocuk-ve-genclik-kitaplari","7":"pa_cilt-ciltsiz","8":"pa_tur-kitap","9":"pa_yayinevi-kirmizi-kedi-yayinevi","10":"pa_yazar-burcu-bahar","12":"first","13":"instock","14":"sale","15":"shipping-taxable","16":"purchasable","17":"product-type-simple"},"_links":{"self":[{"href":"https:\/\/roveyayinevi.com.tr\/index.php\/wp-json\/wp\/v2\/product\/712140","targetHints":{"allow":["GET"]}}],"collection":[{"href":"https:\/\/roveyayinevi.com.tr\/index.php\/wp-json\/wp\/v2\/product"}],"about":[{"href":"https:\/\/roveyayinevi.com.tr\/index.php\/wp-json\/wp\/v2\/types\/product"}],"wp:attachment":[{"href":"https:\/\/roveyayinevi.com.tr\/index.php\/wp-json\/wp\/v2\/media?parent=712140"}],"wp:term":[{"taxonomy":"product_brand","embeddable":true,"href":"https:\/\/roveyayinevi.com.tr\/index.php\/wp-json\/wp\/v2\/product_brand?post=712140"},{"taxonomy":"product_cat","embeddable":true,"href":"https:\/\/roveyayinevi.com.tr\/index.php\/wp-json\/wp\/v2\/product_cat?post=712140"},{"taxonomy":"product_tag","embeddable":true,"href":"https:\/\/roveyayinevi.com.tr\/index.php\/wp-json\/wp\/v2\/product_tag?post=712140"}],"curies":[{"name":"wp","href":"https:\/\/api.w.org\/{rel}","templated":true}]}}