{"id":712132,"date":"2025-08-27T16:52:39","date_gmt":"2025-08-27T13:52:39","guid":{"rendered":"https:\/\/roveyayinevi.com.tr\/index.php\/urun\/kacis-2\/"},"modified":"2026-04-16T02:20:39","modified_gmt":"2026-04-15T23:20:39","slug":"kacis-2","status":"publish","type":"product","link":"https:\/\/roveyayinevi.com.tr\/index.php\/urun\/kacis-2\/","title":{"rendered":"Ka\u00e7\u0131\u015f"},"content":{"rendered":"<p>Ka\u00e7\u0131\u015f ger\u00e7ekle\u015fti. do\u011fum g\u00fcn\u00fc \u00e7ocuklar\u0131 art\u0131k vadedilmi\u015f topraklarda\u2026Em Savage ve beraberindeki y\u00fcz\u00fc a\u015fk\u0131n \u00e7ocuk uykular\u0131ndan uyand\u0131klar\u0131nda kendilerini yine bir tabutun i\u00e7inde bulurlar ama bu kez \u00f6zg\u00fcr bir d\u00fcnyadad\u0131rlar ve onlar\u0131 kendi \u00f6l\u00fcms\u00fczl\u00fckleri i\u00e7in kurban etmek isteyen Yeti\u015fkinler \u00e7ok uzaklarda kalm\u0131\u015ft\u0131r. Kanl\u0131 bir m\u00fccadelenin ard\u0131ndan kavu\u015ftuklar\u0131 bu bakir topraklarda kendilerine yeni bir hayat kuracaklard\u0131r. Ne var ki ac\u0131mas\u0131z ger\u00e7ekler \u00e7ok ge\u00e7meden g\u00fcn y\u00fcz\u00fcne \u00e7\u0131kmaya ba\u015flar: Ne Yeti\u015fkinler zannettikleri kadar uzaklarda kalm\u0131\u015ft\u0131r ne de buras\u0131 zannettikleri gibi bakir topraklard\u0131r. Liderli\u011fi bir kez daha s\u0131nanan Em hem i\u00e7erideki hem de d\u0131\u015far\u0131daki g\u00f6r\u00fcnmez d\u00fc\u015fmanlarla ba\u015f etmek zorundad\u0131r. Kan tanr\u0131lar\u0131 bir kez daha kan istemektedir. <\/p>\n","protected":false},"excerpt":{"rendered":"<p>Ka\u00e7\u0131\u015f ger\u00e7ekle\u015fti. do\u011fum g\u00fcn\u00fc \u00e7ocuklar\u0131 art\u0131k vadedilmi\u015f topraklarda\u2026Em Savage ve beraberindeki y\u00fcz\u00fc a\u015fk\u0131n \u00e7ocuk uykular\u0131ndan uyand\u0131klar\u0131nda kendilerini yine bir tabutun i\u00e7inde bulurlar ama bu kez \u00f6zg\u00fcr<span class=\"excerpt-hellip\"> [\u2026]<\/span><\/p>\n","protected":false},"featured_media":0,"template":"","meta":{"_monsterinsights_skip_tracking":false,"_monsterinsights_sitenote_active":false,"_monsterinsights_sitenote_note":"","_monsterinsights_sitenote_category":0},"product_brand":[],"product_cat":[12291,12711],"product_tag":[],"class_list":{"0":"post-712132","1":"product","2":"type-product","3":"status-publish","5":"product_cat-edebiyat","6":"product_cat-roman-oyku","7":"pa_cilt-ciltsiz","8":"pa_tur-kitap","9":"pa_yayinevi-go-kitap","10":"pa_yazar-scott-sigler","12":"first","13":"instock","14":"sale","15":"shipping-taxable","16":"purchasable","17":"product-type-simple"},"_links":{"self":[{"href":"https:\/\/roveyayinevi.com.tr\/index.php\/wp-json\/wp\/v2\/product\/712132","targetHints":{"allow":["GET"]}}],"collection":[{"href":"https:\/\/roveyayinevi.com.tr\/index.php\/wp-json\/wp\/v2\/product"}],"about":[{"href":"https:\/\/roveyayinevi.com.tr\/index.php\/wp-json\/wp\/v2\/types\/product"}],"wp:attachment":[{"href":"https:\/\/roveyayinevi.com.tr\/index.php\/wp-json\/wp\/v2\/media?parent=712132"}],"wp:term":[{"taxonomy":"product_brand","embeddable":true,"href":"https:\/\/roveyayinevi.com.tr\/index.php\/wp-json\/wp\/v2\/product_brand?post=712132"},{"taxonomy":"product_cat","embeddable":true,"href":"https:\/\/roveyayinevi.com.tr\/index.php\/wp-json\/wp\/v2\/product_cat?post=712132"},{"taxonomy":"product_tag","embeddable":true,"href":"https:\/\/roveyayinevi.com.tr\/index.php\/wp-json\/wp\/v2\/product_tag?post=712132"}],"curies":[{"name":"wp","href":"https:\/\/api.w.org\/{rel}","templated":true}]}}