{"id":712127,"date":"2025-08-27T16:52:36","date_gmt":"2025-08-27T13:52:36","guid":{"rendered":"https:\/\/roveyayinevi.com.tr\/index.php\/urun\/panoptikon-2-0-alternatif-medya-ve-karsi-gozetim\/"},"modified":"2026-04-16T02:20:39","modified_gmt":"2026-04-15T23:20:39","slug":"panoptikon-2-0-alternatif-medya-ve-karsi-gozetim","status":"publish","type":"product","link":"https:\/\/roveyayinevi.com.tr\/index.php\/urun\/panoptikon-2-0-alternatif-medya-ve-karsi-gozetim\/","title":{"rendered":"Panoptikon 2.0 &#8211; Alternatif Medya ve Kar\u015f\u0131-G\u00f6zetim"},"content":{"rendered":"<p>K\u00fcresel kapitalist iktidar\u0131n g\u00f6z\u00fc her daim yurtta\u015flar\u0131n \u00fcst\u00fcnde. Y\u00fczy\u0131llar\u0131n m\u00fccadeleleriyle par\u00e7a par\u00e7a kazan\u0131lm\u0131\u015f demokratik haklar ve b\u00fct\u00fcn bir toplumsal ya\u015fam, iktidar\u0131n tehdit alg\u0131s\u0131n\u0131 s\u00fcreklile\u015ftirdi\u011fi bir g\u00fcvenlik paradigmas\u0131n\u0131n cenderesi alt\u0131nda. Yeni medya teknolojilerinin deste\u011fiyle g\u00fc\u00e7lenen bu k\u00f6t\u00fcc\u00fcl g\u00f6z, ya\u015fam\u0131 giderek korku i\u00e7inde s\u00fcrd\u00fcr\u00fclen bo\u011fucu bir rutine d\u00f6n\u00fc\u015ft\u00fcr\u00fcyor. Haklar\u0131n temelini olu\u015fturan bireysel \u00f6zerklik ve ki\u015finin kendi ya\u015fam\u0131 \u00fczerindeki kontrol\u00fc, s\u0131n\u0131rlar\u0131 iktidar taraf\u0131ndan \u00e7izilen bu a\u00e7\u0131k hapishane rutininin bir par\u00e7as\u0131 de\u011fil. Dolay\u0131s\u0131yla iktidar\u0131n g\u00f6z\u00fcnden sak\u0131nma ama\u00e7l\u0131 mahremiyet talepleri ve hak savunuculu\u011fu, sadece iktidar taraf\u0131ndan de\u011fil, korku iklimine teslim olmu\u015f kalabal\u0131klar taraf\u0131ndan da yurtta\u015fa su\u00e7lu damgas\u0131n\u0131n vurulmas\u0131yla neticelenebiliyor. Panoptikon 2.0, i\u015fte b\u00f6ylesi bir d\u00f6nemi adland\u0131rmak i\u00e7in kullan\u0131lan bir kavram. Peki, haklar\u0131n\u0131 savunmak m\u00fccadelesinden \u00f6yle kolay kolay vazge\u00e7meyecek olan yurtta\u015flar\u0131n, k\u00fcresel kapitalist iktidar\u0131n ya\u015fam\u0131n her zerresini hedefine koyarak ba\u015flatt\u0131\u011f\u0131 bu b\u00fcy\u00fck i\u015fgal hareketine cevab\u0131 ne olacak? Kitapta yer alan makaleler bu cevab\u0131 \u201cdireni\u015f\u201d olarak veren kar\u015f\u0131-g\u00f6zetim pratiklerine odaklan\u0131yor. \u00d6zerkli\u011fin ve mahremiyetin savunusu yurtta\u015fl\u0131k m\u00fccadelesinin belki de en belirleyici bile\u015feni\u2026 <\/p>\n","protected":false},"excerpt":{"rendered":"<p>K\u00fcresel kapitalist iktidar\u0131n g\u00f6z\u00fc her daim yurtta\u015flar\u0131n \u00fcst\u00fcnde. Y\u00fczy\u0131llar\u0131n m\u00fccadeleleriyle par\u00e7a par\u00e7a kazan\u0131lm\u0131\u015f demokratik haklar ve b\u00fct\u00fcn bir toplumsal ya\u015fam, iktidar\u0131n tehdit alg\u0131s\u0131n\u0131 s\u00fcreklile\u015ftirdi\u011fi bir g\u00fcvenlik<span class=\"excerpt-hellip\"> [\u2026]<\/span><\/p>\n","protected":false},"featured_media":0,"template":"","meta":{"_monsterinsights_skip_tracking":false,"_monsterinsights_sitenote_active":false,"_monsterinsights_sitenote_note":"","_monsterinsights_sitenote_category":0},"product_brand":[],"product_cat":[13590,12337],"product_tag":[],"class_list":{"0":"post-712127","1":"product","2":"type-product","3":"status-publish","5":"product_cat-arastirma-inceleme-politika-siyaset","6":"product_cat-politika-siyaset","7":"pa_cilt-ciltsiz","8":"pa_tur-kitap","9":"pa_yayinevi-kafka-yayinevi","10":"pa_yazar-bora-ataman-baris-coban","12":"first","13":"instock","14":"sale","15":"shipping-taxable","16":"purchasable","17":"product-type-simple"},"_links":{"self":[{"href":"https:\/\/roveyayinevi.com.tr\/index.php\/wp-json\/wp\/v2\/product\/712127","targetHints":{"allow":["GET"]}}],"collection":[{"href":"https:\/\/roveyayinevi.com.tr\/index.php\/wp-json\/wp\/v2\/product"}],"about":[{"href":"https:\/\/roveyayinevi.com.tr\/index.php\/wp-json\/wp\/v2\/types\/product"}],"wp:attachment":[{"href":"https:\/\/roveyayinevi.com.tr\/index.php\/wp-json\/wp\/v2\/media?parent=712127"}],"wp:term":[{"taxonomy":"product_brand","embeddable":true,"href":"https:\/\/roveyayinevi.com.tr\/index.php\/wp-json\/wp\/v2\/product_brand?post=712127"},{"taxonomy":"product_cat","embeddable":true,"href":"https:\/\/roveyayinevi.com.tr\/index.php\/wp-json\/wp\/v2\/product_cat?post=712127"},{"taxonomy":"product_tag","embeddable":true,"href":"https:\/\/roveyayinevi.com.tr\/index.php\/wp-json\/wp\/v2\/product_tag?post=712127"}],"curies":[{"name":"wp","href":"https:\/\/api.w.org\/{rel}","templated":true}]}}