{"id":712124,"date":"2025-08-27T16:52:34","date_gmt":"2025-08-27T13:52:34","guid":{"rendered":"https:\/\/roveyayinevi.com.tr\/index.php\/urun\/golgelerin-efendisi-ilk-yillar-1-gorlandaki-turnuva\/"},"modified":"2026-04-16T02:20:39","modified_gmt":"2026-04-15T23:20:39","slug":"golgelerin-efendisi-ilk-yillar-1-gorlandaki-turnuva","status":"publish","type":"product","link":"https:\/\/roveyayinevi.com.tr\/index.php\/urun\/golgelerin-efendisi-ilk-yillar-1-gorlandaki-turnuva\/","title":{"rendered":"G\u00f6lgelerin Efendisi \u0130lk Y\u0131llar 1-Gorlanda&#8217;ki Turnuva"},"content":{"rendered":"<p>\u0130lk Y\u0131llar, G\u00f6lgelerin Efendisi serisinin ilk kitab\u0131ndan 15 y\u0131l \u00f6nce ge\u00e7en olaylar\u0131 anlat\u0131yor\u2026 Y\u0131llar \u00f6nce, Crowley ve Halt iki gen\u00e7 Orman Muhaf\u0131z\u0131yken, Araluen b\u00fcy\u00fck bir tehdit alt\u0131ndayd\u0131. Gorlan Baronu Morgarath, Kral Oswald ile o\u011flu Prens Duncan\u2019\u0131n aras\u0131n\u0131 a\u00e7maya \u00e7al\u0131\u015f\u0131yordu. Bir sahtek\u00e2ra Duncan rol\u00fcn\u00fc oynatarak bask\u0131nlar yapt\u0131r\u0131yor, prensin itibar\u0131n\u0131 yok ediyordu. Amac\u0131 taht\u0131, ele ge\u00e7irmekti. Morgarath, Orman Muhaf\u0131zlar\u0131n\u0131 g\u00f6revden alarak kral\u0131n en etkili savunma g\u00fcc\u00fcn\u00fc ortadan kald\u0131rmaya \u00e7al\u0131\u015ft\u0131. Ancak Crowley ve Halt, bu Orman Muhaf\u0131zlar\u0131n\u0131 bir araya getirerek Morgarath\u2019a engel olmaya kararl\u0131yd\u0131. T\u00fcm kozlar, Gorlan\u2019da d\u00fczenlenen turnuvada payla\u015f\u0131lacakt\u0131\u2026 <\/p>\n","protected":false},"excerpt":{"rendered":"<p>\u0130lk Y\u0131llar, G\u00f6lgelerin Efendisi serisinin ilk kitab\u0131ndan 15 y\u0131l \u00f6nce ge\u00e7en olaylar\u0131 anlat\u0131yor\u2026 Y\u0131llar \u00f6nce, Crowley ve Halt iki gen\u00e7 Orman Muhaf\u0131z\u0131yken, Araluen b\u00fcy\u00fck bir tehdit<span class=\"excerpt-hellip\"> [\u2026]<\/span><\/p>\n","protected":false},"featured_media":0,"template":"","meta":{"_monsterinsights_skip_tracking":false,"_monsterinsights_sitenote_active":false,"_monsterinsights_sitenote_note":"","_monsterinsights_sitenote_category":0},"product_brand":[],"product_cat":[12291,14777],"product_tag":[],"class_list":{"0":"post-712124","1":"product","2":"type-product","3":"status-publish","5":"product_cat-edebiyat","6":"product_cat-fantastik","7":"pa_cilt-ciltsiz","8":"pa_tur-kitap","9":"pa_yayinevi-beyaz-balina-yayinlari","10":"pa_yazar-john-flanagan","12":"first","13":"instock","14":"sale","15":"shipping-taxable","16":"purchasable","17":"product-type-simple"},"_links":{"self":[{"href":"https:\/\/roveyayinevi.com.tr\/index.php\/wp-json\/wp\/v2\/product\/712124","targetHints":{"allow":["GET"]}}],"collection":[{"href":"https:\/\/roveyayinevi.com.tr\/index.php\/wp-json\/wp\/v2\/product"}],"about":[{"href":"https:\/\/roveyayinevi.com.tr\/index.php\/wp-json\/wp\/v2\/types\/product"}],"wp:attachment":[{"href":"https:\/\/roveyayinevi.com.tr\/index.php\/wp-json\/wp\/v2\/media?parent=712124"}],"wp:term":[{"taxonomy":"product_brand","embeddable":true,"href":"https:\/\/roveyayinevi.com.tr\/index.php\/wp-json\/wp\/v2\/product_brand?post=712124"},{"taxonomy":"product_cat","embeddable":true,"href":"https:\/\/roveyayinevi.com.tr\/index.php\/wp-json\/wp\/v2\/product_cat?post=712124"},{"taxonomy":"product_tag","embeddable":true,"href":"https:\/\/roveyayinevi.com.tr\/index.php\/wp-json\/wp\/v2\/product_tag?post=712124"}],"curies":[{"name":"wp","href":"https:\/\/api.w.org\/{rel}","templated":true}]}}