{"id":712122,"date":"2025-08-27T16:52:34","date_gmt":"2025-08-27T13:52:34","guid":{"rendered":"https:\/\/roveyayinevi.com.tr\/index.php\/urun\/butunsel-guzellik\/"},"modified":"2026-04-16T02:20:39","modified_gmt":"2026-04-15T23:20:39","slug":"butunsel-guzellik","status":"publish","type":"product","link":"https:\/\/roveyayinevi.com.tr\/index.php\/urun\/butunsel-guzellik\/","title":{"rendered":"B\u00fct\u00fcnsel G\u00fczellik"},"content":{"rendered":"<p>&#8220;G\u00fczel ve sa\u011fl\u0131kl\u0131 cilt asl\u0131nda t\u00fcm v\u00fccut sa\u011fl\u0131\u011f\u0131m\u0131z\u0131n yans\u0131mas\u0131 ile birlikte, duygusal durumumuzun da bir yans\u0131mas\u0131d\u0131r. \u0130nsan\u0131n kendine d\u0131\u015far\u0131dan bakmas\u0131, i\u00e7erden bakmas\u0131, mental duygu durumunu iyi hissetmesi bir rit\u00fcel felsefesi olarak alg\u0131lanmal\u0131d\u0131r. Bu kitab\u0131mda b\u00fct\u00fcnsel g\u00fczelli\u011fi, do\u011fal bak\u0131mla, koruyucu g\u00fczellik anlay\u0131\u015f\u0131 ile kolay uygulanabilir programlara b\u00f6ld\u00fcm. Y\u0131llard\u0131r mesle\u011fime olan tutkum hep daha iyisini hep daha g\u00fczelini, do\u011fru ve bilimsel bilgiyi aramam\u0131 sa\u011flad\u0131. Ben de sizlerle uzmanl\u0131\u011f\u0131mda sentezledi\u011fim ve uygulad\u0131\u011f\u0131m terapi ve bilgilerimi payla\u015fmak istedim. Cilt uzman\u0131 estetisyenlere ve bu konuda bilgi sahibi olmak isteyen herkese g\u00fczel bir bak\u0131\u015f a\u00e7\u0131s\u0131 sa\u011flamas\u0131n\u0131 \u00fcmit ediyor ve \u00e7ok sevece\u011finizi umuyorum. B\u00fct\u00fcnsel G\u00fczellik kitab\u0131mda, g\u00fczellik merkezlerinde, enstit\u00fclerde ve evinizde rahat uygulayaca\u011f\u0131n\u0131z rit\u00fcelleri bulacaks\u0131n\u0131z. Verece\u011fim b\u00fct\u00fcnsel g\u00fczellik terapileri ile g\u00fczelli\u011finizi sa\u011fl\u0131kl\u0131 bir \u015fekilde korumay\u0131 \u00f6\u011freneceksiniz. Bu holistikterapiler ya\u015fam kalitenizi art\u0131r\u0131p do\u011fal g\u00fczelli\u011finizi bulman\u0131za yard\u0131mc\u0131 olacak&#8230;&#8221; Seda Sakac\u0131 \u00c7elik <\/p>\n","protected":false},"excerpt":{"rendered":"<p>&#8220;G\u00fczel ve sa\u011fl\u0131kl\u0131 cilt asl\u0131nda t\u00fcm v\u00fccut sa\u011fl\u0131\u011f\u0131m\u0131z\u0131n yans\u0131mas\u0131 ile birlikte, duygusal durumumuzun da bir yans\u0131mas\u0131d\u0131r. \u0130nsan\u0131n kendine d\u0131\u015far\u0131dan bakmas\u0131, i\u00e7erden bakmas\u0131, mental duygu durumunu iyi<span class=\"excerpt-hellip\"> [\u2026]<\/span><\/p>\n","protected":false},"featured_media":0,"template":"","meta":{"_monsterinsights_skip_tracking":false,"_monsterinsights_sitenote_active":false,"_monsterinsights_sitenote_note":"","_monsterinsights_sitenote_category":0},"product_brand":[],"product_cat":[13397,13365],"product_tag":[],"class_list":{"0":"post-712122","1":"product","2":"type-product","3":"status-publish","5":"product_cat-alternatif-tip-sifali-bitkiler","6":"product_cat-saglik","7":"pa_cilt-ciltsiz","8":"pa_tur-kitap","9":"pa_yayinevi-hayykitap","10":"pa_yazar-seda-sakaci-celik","12":"first","13":"instock","14":"sale","15":"shipping-taxable","16":"purchasable","17":"product-type-simple"},"_links":{"self":[{"href":"https:\/\/roveyayinevi.com.tr\/index.php\/wp-json\/wp\/v2\/product\/712122","targetHints":{"allow":["GET"]}}],"collection":[{"href":"https:\/\/roveyayinevi.com.tr\/index.php\/wp-json\/wp\/v2\/product"}],"about":[{"href":"https:\/\/roveyayinevi.com.tr\/index.php\/wp-json\/wp\/v2\/types\/product"}],"wp:attachment":[{"href":"https:\/\/roveyayinevi.com.tr\/index.php\/wp-json\/wp\/v2\/media?parent=712122"}],"wp:term":[{"taxonomy":"product_brand","embeddable":true,"href":"https:\/\/roveyayinevi.com.tr\/index.php\/wp-json\/wp\/v2\/product_brand?post=712122"},{"taxonomy":"product_cat","embeddable":true,"href":"https:\/\/roveyayinevi.com.tr\/index.php\/wp-json\/wp\/v2\/product_cat?post=712122"},{"taxonomy":"product_tag","embeddable":true,"href":"https:\/\/roveyayinevi.com.tr\/index.php\/wp-json\/wp\/v2\/product_tag?post=712122"}],"curies":[{"name":"wp","href":"https:\/\/api.w.org\/{rel}","templated":true}]}}