{"id":712111,"date":"2025-08-27T16:52:28","date_gmt":"2025-08-27T13:52:28","guid":{"rendered":"https:\/\/roveyayinevi.com.tr\/index.php\/urun\/calilar-diyari-sihrialem-gecitleri-1\/"},"modified":"2026-04-12T02:24:51","modified_gmt":"2026-04-11T23:24:51","slug":"calilar-diyari-sihrialem-gecitleri-1","status":"publish","type":"product","link":"https:\/\/roveyayinevi.com.tr\/index.php\/urun\/calilar-diyari-sihrialem-gecitleri-1\/","title":{"rendered":"\u00c7al\u0131lar Diyar\u0131 \u2013 Sihrialem Ge\u00e7itleri 1"},"content":{"rendered":"<p>Baz\u0131 arkada\u015fl\u0131klar vazge\u00e7ilmez oldu\u011fu kadar zorlay\u0131c\u0131d\u0131r da. Berk i\u00e7in \u00c7a\u011f\u0131l\u2019la arkada\u015f olmak da b\u00f6yle bir \u015fey. Hem zengin bir hayal \u00e2lemine dalmak, hem kendini \u00e7ok \u00f6zel ve se\u00e7ilmi\u015f hissetmek, hem de \u00fcrkt\u00fc\u011f\u00fc konular\u0131n \u00fcst\u00fcne gitmek demek. Ancak, kaybolan \u00e7ocuklar y\u00fcz\u00fcnden, kasabada kimse tedbiri elden b\u0131rakacak gibi de\u011fil. \u00c7a\u011f\u0131l, bu karamsar havay\u0131 da\u011f\u0131tmak istermi\u015f gibi, Berk\u2019i korulukta yapt\u0131\u011f\u0131 g\u00f6z kama\u015ft\u0131r\u0131c\u0131 \u00e7al\u0131 eve davet ediyor ve&#8230; Garigya\u2019n\u0131n kap\u0131s\u0131, gizemlerle ve tehlikelerle dolu bir maceraya do\u011fru savrulurcas\u0131na a\u00e7\u0131l\u0131yor! \u015eiir, roman ve \u00f6yk\u00fcleriyle tan\u0131nan Altay \u00d6ktem\u2019in \u00e7ocuklar i\u00e7in yazd\u0131\u011f\u0131 bu ilk kitap, okurlar\u0131 fantastik diyarlarda heyecanl\u0131 ser\u00fcvenlerle bulu\u015fturan Sihri\u00e2lem Ge\u00e7itleri dizisinin birinci kitab\u0131. \u00d6ktem, ilk kez 2010\u2019da kaleme ald\u0131\u011f\u0131 bu romanda, \u00e7ocuklar\u0131 dayan\u0131\u015fma, dostluk, kararlar ve sorumluluk \u00fczerine d\u00fc\u015f\u00fcnd\u00fcren, tek solukta okunacak bir hik\u00e2ye anlat\u0131yor. <\/p>\n","protected":false},"excerpt":{"rendered":"<p>Baz\u0131 arkada\u015fl\u0131klar vazge\u00e7ilmez oldu\u011fu kadar zorlay\u0131c\u0131d\u0131r da. Berk i\u00e7in \u00c7a\u011f\u0131l\u2019la arkada\u015f olmak da b\u00f6yle bir \u015fey. Hem zengin bir hayal \u00e2lemine dalmak, hem kendini \u00e7ok \u00f6zel<span class=\"excerpt-hellip\"> [\u2026]<\/span><\/p>\n","protected":false},"featured_media":0,"template":"","meta":{"_monsterinsights_skip_tracking":false,"_monsterinsights_sitenote_active":false,"_monsterinsights_sitenote_note":"","_monsterinsights_sitenote_category":0},"product_brand":[],"product_cat":[12275,12274],"product_tag":[],"class_list":{"0":"post-712111","1":"product","2":"type-product","3":"status-publish","5":"product_cat-6-12-yas-kitaplari","6":"product_cat-cocuk-ve-genclik-kitaplari","7":"pa_cilt-ciltsiz","8":"pa_tur-kitap","9":"pa_yayinevi-can-cocuk-yayinlari","10":"pa_yazar-altay-oktem","12":"first","13":"instock","14":"sale","15":"shipping-taxable","16":"purchasable","17":"product-type-simple"},"_links":{"self":[{"href":"https:\/\/roveyayinevi.com.tr\/index.php\/wp-json\/wp\/v2\/product\/712111","targetHints":{"allow":["GET"]}}],"collection":[{"href":"https:\/\/roveyayinevi.com.tr\/index.php\/wp-json\/wp\/v2\/product"}],"about":[{"href":"https:\/\/roveyayinevi.com.tr\/index.php\/wp-json\/wp\/v2\/types\/product"}],"wp:attachment":[{"href":"https:\/\/roveyayinevi.com.tr\/index.php\/wp-json\/wp\/v2\/media?parent=712111"}],"wp:term":[{"taxonomy":"product_brand","embeddable":true,"href":"https:\/\/roveyayinevi.com.tr\/index.php\/wp-json\/wp\/v2\/product_brand?post=712111"},{"taxonomy":"product_cat","embeddable":true,"href":"https:\/\/roveyayinevi.com.tr\/index.php\/wp-json\/wp\/v2\/product_cat?post=712111"},{"taxonomy":"product_tag","embeddable":true,"href":"https:\/\/roveyayinevi.com.tr\/index.php\/wp-json\/wp\/v2\/product_tag?post=712111"}],"curies":[{"name":"wp","href":"https:\/\/api.w.org\/{rel}","templated":true}]}}