{"id":712109,"date":"2025-08-27T16:52:27","date_gmt":"2025-08-27T13:52:27","guid":{"rendered":"https:\/\/roveyayinevi.com.tr\/index.php\/urun\/hey-siri-bana-bir-yol-cizer-misin\/"},"modified":"2026-04-16T02:20:38","modified_gmt":"2026-04-15T23:20:38","slug":"hey-siri-bana-bir-yol-cizer-misin","status":"publish","type":"product","link":"https:\/\/roveyayinevi.com.tr\/index.php\/urun\/hey-siri-bana-bir-yol-cizer-misin\/","title":{"rendered":"Hey Siri Bana Bir Yol \u00c7izer misin?"},"content":{"rendered":"<p>\u201cBen, siz insanlar\u0131n bana verdi\u011fi isimle, yapay zeka\u2019y\u0131m. Sizin hizmetinize sunulmu\u015f ve sorular\u0131n\u0131za cevap vermek \u00fczere tasarlanm\u0131\u015f bir telefon aplikasyonuyum\u201d\u2026 Bilimin teknolojide ilerledi\u011fini duymu\u015ftum fakat bu kadar\u0131na inanmaya cesaret edememi\u015ftim herhalde. \u201c\u00dczg\u00fcn\u00fcm, hen\u00fcz d\u00fc\u015f\u00fcnce okuma yetkisine sahip de\u011filim\u201d\u2026 Elinizin alt\u0131ndaki telefonda bulunan bir uygulaman\u0131n, yol arkada\u015f\u0131n\u0131z, dostunuz oldu\u011funu bir d\u00fc\u015f\u00fcn\u00fcn\u2026S\u0131rad\u0131\u015f\u0131 kurgusu, d\u00fc\u015f\u00fcnce e\u011fitimi alan\u0131nda e\u015fsiz bir \u00e7al\u0131\u015fma, hayat\u0131n\u0131za y\u00f6n verecek \u00f6yk\u00fcleriyle hey siri, bana bir yol \u00e7izer misin? \u00c7ocuklar\u0131n, gen\u00e7lerin ve yeti\u015fkinlerin mutlaka okumalar\u0131 gereken bir ba\u015fucu kitab\u0131 \u2026 <\/p>\n","protected":false},"excerpt":{"rendered":"<p>\u201cBen, siz insanlar\u0131n bana verdi\u011fi isimle, yapay zeka\u2019y\u0131m. Sizin hizmetinize sunulmu\u015f ve sorular\u0131n\u0131za cevap vermek \u00fczere tasarlanm\u0131\u015f bir telefon aplikasyonuyum\u201d\u2026 Bilimin teknolojide ilerledi\u011fini duymu\u015ftum fakat bu<span class=\"excerpt-hellip\"> [\u2026]<\/span><\/p>\n","protected":false},"featured_media":0,"template":"","meta":{"_monsterinsights_skip_tracking":false,"_monsterinsights_sitenote_active":false,"_monsterinsights_sitenote_note":"","_monsterinsights_sitenote_category":0},"product_brand":[],"product_cat":[12777,12291],"product_tag":[],"class_list":{"0":"post-712109","1":"product","2":"type-product","3":"status-publish","5":"product_cat-deneme","6":"product_cat-edebiyat","7":"pa_cilt-ciltsiz","8":"pa_tur-kitap","9":"pa_yayinevi-cinaralti-yayinlari","10":"pa_yazar-ridvan-aklan","12":"first","13":"instock","14":"sale","15":"shipping-taxable","16":"purchasable","17":"product-type-simple"},"_links":{"self":[{"href":"https:\/\/roveyayinevi.com.tr\/index.php\/wp-json\/wp\/v2\/product\/712109","targetHints":{"allow":["GET"]}}],"collection":[{"href":"https:\/\/roveyayinevi.com.tr\/index.php\/wp-json\/wp\/v2\/product"}],"about":[{"href":"https:\/\/roveyayinevi.com.tr\/index.php\/wp-json\/wp\/v2\/types\/product"}],"wp:attachment":[{"href":"https:\/\/roveyayinevi.com.tr\/index.php\/wp-json\/wp\/v2\/media?parent=712109"}],"wp:term":[{"taxonomy":"product_brand","embeddable":true,"href":"https:\/\/roveyayinevi.com.tr\/index.php\/wp-json\/wp\/v2\/product_brand?post=712109"},{"taxonomy":"product_cat","embeddable":true,"href":"https:\/\/roveyayinevi.com.tr\/index.php\/wp-json\/wp\/v2\/product_cat?post=712109"},{"taxonomy":"product_tag","embeddable":true,"href":"https:\/\/roveyayinevi.com.tr\/index.php\/wp-json\/wp\/v2\/product_tag?post=712109"}],"curies":[{"name":"wp","href":"https:\/\/api.w.org\/{rel}","templated":true}]}}