{"id":712107,"date":"2025-08-27T16:52:26","date_gmt":"2025-08-27T13:52:26","guid":{"rendered":"https:\/\/roveyayinevi.com.tr\/index.php\/urun\/portekizce-temel-dil-bilgisi\/"},"modified":"2026-04-16T02:20:38","modified_gmt":"2026-04-15T23:20:38","slug":"portekizce-temel-dil-bilgisi","status":"publish","type":"product","link":"https:\/\/roveyayinevi.com.tr\/index.php\/urun\/portekizce-temel-dil-bilgisi\/","title":{"rendered":"Portekizce Temel Dil Bilgisi"},"content":{"rendered":"<p>Portekizcenin T\u00fcrk okuyucusunda kafa kar\u0131\u015ft\u0131ran y\u00f6nlerine a\u00e7\u0131kl\u0131k getirmeye \u00e7al\u0131\u015fan bu \u00e7al\u0131\u015fma ayn\u0131 zamanda, her konu anlat\u0131m\u0131 i\u00e7in al\u0131\u015ft\u0131rmalar sunmaktad\u0131r. Portekizce konu\u015fulan co\u011frafya ile ilgili genel k\u00fclt\u00fcr konular\u0131na de\u011finen okuma par\u00e7alar\u0131n\u0131n da yer ald\u0131\u011f\u0131 bu eserin haz\u0131rlanmas\u0131 yakla\u015f\u0131k olarak be\u015f y\u0131l s\u00fcrm\u00fc\u015ft\u00fcr. Portekizce\u2019yi ilk defa s\u0131f\u0131rdan \u00f6\u011frenecek olan okuyucular i\u00e7in kitapta yeterince a\u00e7\u0131klay\u0131c\u0131 anlat\u0131m ve kelime da\u011farc\u0131\u011f\u0131 kayna\u011f\u0131 bulunmaktad\u0131r. Portekizce ile ilgili a\u015fa\u011f\u0131 yukar\u0131 bilgileri olan, ya da \u0130spanyolca bilen, \u0130talyanca bilen hatta Frans\u0131zca bilen okuyucular ise di\u011fer kullan\u0131c\u0131lara nazaran bu kitap sayesinde Portekizceyi olduk\u00e7a k\u0131sa bir zamanda \u00f6\u011frenebilir. Portekizceyi zaten bilen ama sokakta kendi imkanlar\u0131 ile \u00f6\u011frenmi\u015f olan ve konu\u015furken s\u0131kl\u0131kla hata yapan okuyucular ise kafalar\u0131ndaki kar\u0131\u015f\u0131kl\u0131klar\u0131 bu kitap sayesinde gidererek Portekizcelerini tam manas\u0131yla profesyonel bir d\u00fczeye \u00e7\u0131kartarak i\u015f hayat\u0131nda rahatl\u0131kla \u00e7ekinmeden kullanabilirler. Portekizce \u00f6\u011frendi\u011finizde, Latin Amerika\u2019da Brezilya, Avrupa\u2019da Portekiz, Afrikada Angola, Mozambik, Gine Bissau, Kabo Verde, Sao Tome ve Prinsipe, Asya\u2019da Timor Leste \u00fclkelerinin halklar\u0131 ile ileti\u015fim kurabilir hale gelirsiniz. Daha da \u00f6tesi, \u00e7ok k\u0131sa s\u00fcrede, \u0130spanyolca, \u0130talyanca gibi di\u011fer latin dillerini \u00f6\u011frenebilir, a\u015fa\u011f\u0131 yukar\u0131 anlar hale gelirsiniz. Bundan daha da \u00f6nemlisi hayati riski bulunan acil ameliyata girecek bir hasta i\u00e7in ECRP R\u0131za belgesi \u00e7evirisi yapt\u0131\u011f\u0131n\u0131zda, siz de kendinizi George Malley gibi hissedebilirsiniz. \u2022 Portekizce d\u00fcnyan\u0131n en \u00e7ok kullan\u0131lan 6 dilidir. \u2022 T\u00fcm d\u00fcnyada yakla\u015f\u0131k 200 milyon ki\u015fi Portekizce konu\u015fmaktad\u0131r. \u2022 T\u00fcm d\u00fcnyada yakla\u015f\u0131k 500 milyon ki\u015fi Portekizce anlamaktad\u0131r. \u2022 Portekizce; \u0130spanyolca, \u0130talyanca, Frans\u0131zca dilleri ile bir\u00e7ok y\u00f6nden benze\u015fir. \u2022 Portekizce Afrika\u2019da 5 \u00fclkede konu\u015fulmaktad\u0131r. \u2022 Portekizce Brezilya\u2019da konu\u015fulmas\u0131n\u0131n yan\u0131nda t\u00fcm Latin Amerika\u2019da yayg\u0131n olarak bilinen bir dildir. <\/p>\n","protected":false},"excerpt":{"rendered":"<p>Portekizcenin T\u00fcrk okuyucusunda kafa kar\u0131\u015ft\u0131ran y\u00f6nlerine a\u00e7\u0131kl\u0131k getirmeye \u00e7al\u0131\u015fan bu \u00e7al\u0131\u015fma ayn\u0131 zamanda, her konu anlat\u0131m\u0131 i\u00e7in al\u0131\u015ft\u0131rmalar sunmaktad\u0131r. Portekizce konu\u015fulan co\u011frafya ile ilgili genel k\u00fclt\u00fcr<span class=\"excerpt-hellip\"> [\u2026]<\/span><\/p>\n","protected":false},"featured_media":0,"template":"","meta":{"_monsterinsights_skip_tracking":false,"_monsterinsights_sitenote_active":false,"_monsterinsights_sitenote_note":"","_monsterinsights_sitenote_category":0},"product_brand":[],"product_cat":[14597,12566],"product_tag":[],"class_list":{"0":"post-712107","1":"product","2":"type-product","3":"status-publish","5":"product_cat-dil-ogrenimi","6":"product_cat-egitim","7":"pa_cilt-ciltsiz","8":"pa_tur-kitap","9":"pa_yayinevi-delta-kultur-yayinevi","10":"pa_yazar-ibrahim-aybek","12":"first","13":"instock","14":"sale","15":"shipping-taxable","16":"purchasable","17":"product-type-simple"},"_links":{"self":[{"href":"https:\/\/roveyayinevi.com.tr\/index.php\/wp-json\/wp\/v2\/product\/712107","targetHints":{"allow":["GET"]}}],"collection":[{"href":"https:\/\/roveyayinevi.com.tr\/index.php\/wp-json\/wp\/v2\/product"}],"about":[{"href":"https:\/\/roveyayinevi.com.tr\/index.php\/wp-json\/wp\/v2\/types\/product"}],"wp:attachment":[{"href":"https:\/\/roveyayinevi.com.tr\/index.php\/wp-json\/wp\/v2\/media?parent=712107"}],"wp:term":[{"taxonomy":"product_brand","embeddable":true,"href":"https:\/\/roveyayinevi.com.tr\/index.php\/wp-json\/wp\/v2\/product_brand?post=712107"},{"taxonomy":"product_cat","embeddable":true,"href":"https:\/\/roveyayinevi.com.tr\/index.php\/wp-json\/wp\/v2\/product_cat?post=712107"},{"taxonomy":"product_tag","embeddable":true,"href":"https:\/\/roveyayinevi.com.tr\/index.php\/wp-json\/wp\/v2\/product_tag?post=712107"}],"curies":[{"name":"wp","href":"https:\/\/api.w.org\/{rel}","templated":true}]}}

<p>Portekizcenin Türk okuyucusunda kafa karıştıran yönlerine açıklık getirmeye çalışan bu çalışma aynı zamanda, her konu anlatımı için alıştırmalar sunmaktadır. Portekizce konuşulan coğrafya ile ilgili genel kültür konularına değinen okuma parçalarının da yer aldığı bu eserin hazırlanması yaklaşık olarak beş yıl sürmüştür. Portekizce’yi ilk defa sıfırdan öğrenecek olan okuyucular için kitapta yeterince açıklayıcı anlatım ve kelime dağarcığı kaynağı bulunmaktadır. Portekizce ile ilgili aşağı yukarı bilgileri olan, ya da İspanyolca bilen, İtalyanca bilen hatta Fransızca bilen okuyucular ise diğer kullanıcılara nazaran bu kitap sayesinde Portekizceyi oldukça kısa bir zamanda öğrenebilir. Portekizceyi zaten bilen ama sokakta kendi imkanları ile öğrenmiş olan ve konuşurken sıklıkla hata yapan okuyucular ise kafalarındaki karışıklıkları bu kitap sayesinde gidererek Portekizcelerini tam manasıyla profesyonel bir düzeye çıkartarak iş hayatında rahatlıkla çekinmeden kullanabilirler. Portekizce öğrendiğinizde, Latin Amerika’da Brezilya, Avrupa’da Portekiz, Afrikada Angola, Mozambik, Gine Bissau, Kabo Verde, Sao Tome ve Prinsipe, Asya’da Timor Leste ülkelerinin halkları ile iletişim kurabilir hale gelirsiniz. Daha da ötesi, çok kısa sürede, İspanyolca, İtalyanca gibi diğer latin dillerini öğrenebilir, aşağı yukarı anlar hale gelirsiniz. Bundan daha da önemlisi hayati riski bulunan acil ameliyata girecek bir hasta için ECRP Rıza belgesi çevirisi yaptığınızda, siz de kendinizi George Malley gibi hissedebilirsiniz. • Portekizce dünyanın en çok kullanılan 6 dilidir. • Tüm dünyada yaklaşık 200 milyon kişi Portekizce konuşmaktadır. • Tüm dünyada yaklaşık 500 milyon kişi Portekizce anlamaktadır. • Portekizce; İspanyolca, İtalyanca, Fransızca dilleri ile birçok yönden benzeşir. • Portekizce Afrika’da 5 ülkede konuşulmaktadır. • Portekizce Brezilya’da konuşulmasının yanında tüm Latin Amerika’da yaygın olarak bilinen bir dildir. </p>

<p>Portekizcenin Türk okuyucusunda kafa karıştıran yönlerine açıklık getirmeye çalışan bu çalışma aynı zamanda, her konu anlatımı için alıştırmalar sunmaktadır. Portekizce konuşulan coğrafya ile ilgili genel kültür<span class="excerpt-hellip"> […]</span></p>
