{"id":712101,"date":"2025-08-27T16:52:23","date_gmt":"2025-08-27T13:52:23","guid":{"rendered":"https:\/\/roveyayinevi.com.tr\/index.php\/urun\/bir-adam-bir-bebek\/"},"modified":"2026-03-25T13:49:13","modified_gmt":"2026-03-25T10:49:13","slug":"bir-adam-bir-bebek","status":"publish","type":"product","link":"https:\/\/roveyayinevi.com.tr\/index.php\/urun\/bir-adam-bir-bebek\/","title":{"rendered":"Bir Adam Bir Bebek"},"content":{"rendered":"<p>Hayat\u0131mda da masals\u0131 de\u011fi\u015fimler var art\u0131k benim. Eskiden elimi cebime soktu\u011fum zaman k\u0131r\u0131\u015fm\u0131\u015f pos makinesi slipleri ya da bozuk para \u00e7\u0131kard\u0131, \u015fimdi reng\u00e2renk lastik tokalar \u00e7\u0131k\u0131yor. Markete gidip al\u0131\u015fveri\u015f yap\u0131yorum, kasaya geliyorum, c\u00fczdan\u0131 \u00e7\u0131kar\u0131yorum arka cebimden, c\u00fczdan\u0131m\u0131n \u00fczerinde kocaman kabartma pembe bir kalp \u00e7\u0131kartmas\u0131 var art\u0131k. Cep telefonumun arka y\u00fcz\u00fcnde \u00e7i\u00e7ek \u00e7\u0131kartmalar\u0131, bu sat\u0131rlar\u0131 yazd\u0131\u011f\u0131m bilgisayar\u0131m\u0131n \u00fczerinde Barbie \u00e7\u0131kartmalar\u0131m var benim. Sabah kahvalt\u0131lar\u0131nda bir \u00f6nceki g\u00fcn d\u00fcnyada olan s\u0131k\u0131c\u0131 haberleri dinlemektense inan\u0131lmaz hayal g\u00fcc\u00fcnden \u00e7\u0131kan fantastik r\u00fcyalar dinliyorum. B\u00fct\u00fcn prensesleri ve onlar\u0131n \u00e2\u015f\u0131k oldu\u011fu prens karakterlerini tan\u0131yorum. Bazen ufac\u0131k bir \u015fey yap\u0131yorum, \u201cAslan babam\u201d diyor, s\u00fcper kahraman san\u0131yorum kendimi. \u00c7\u00fcnk\u00fc baba olmak bazen s\u00fcper kahraman olmay\u0131 gerektirir. <\/p>\n","protected":false},"excerpt":{"rendered":"<p>Hayat\u0131mda da masals\u0131 de\u011fi\u015fimler var art\u0131k benim. Eskiden elimi cebime soktu\u011fum zaman k\u0131r\u0131\u015fm\u0131\u015f pos makinesi slipleri ya da bozuk para \u00e7\u0131kard\u0131, \u015fimdi reng\u00e2renk lastik tokalar \u00e7\u0131k\u0131yor.<span class=\"excerpt-hellip\"> [\u2026]<\/span><\/p>\n","protected":false},"featured_media":0,"template":"","meta":{"_monsterinsights_skip_tracking":false,"_monsterinsights_sitenote_active":false,"_monsterinsights_sitenote_note":"","_monsterinsights_sitenote_category":0},"product_brand":[],"product_cat":[12777,12291],"product_tag":[],"class_list":{"0":"post-712101","1":"product","2":"type-product","3":"status-publish","5":"product_cat-deneme","6":"product_cat-edebiyat","7":"pa_cilt-ciltsiz","8":"pa_tur-kitap","9":"pa_yayinevi-destek-yayinlari","10":"pa_yazar-cesur-doruk","12":"first","13":"instock","14":"sale","15":"shipping-taxable","16":"purchasable","17":"product-type-simple"},"_links":{"self":[{"href":"https:\/\/roveyayinevi.com.tr\/index.php\/wp-json\/wp\/v2\/product\/712101","targetHints":{"allow":["GET"]}}],"collection":[{"href":"https:\/\/roveyayinevi.com.tr\/index.php\/wp-json\/wp\/v2\/product"}],"about":[{"href":"https:\/\/roveyayinevi.com.tr\/index.php\/wp-json\/wp\/v2\/types\/product"}],"wp:attachment":[{"href":"https:\/\/roveyayinevi.com.tr\/index.php\/wp-json\/wp\/v2\/media?parent=712101"}],"wp:term":[{"taxonomy":"product_brand","embeddable":true,"href":"https:\/\/roveyayinevi.com.tr\/index.php\/wp-json\/wp\/v2\/product_brand?post=712101"},{"taxonomy":"product_cat","embeddable":true,"href":"https:\/\/roveyayinevi.com.tr\/index.php\/wp-json\/wp\/v2\/product_cat?post=712101"},{"taxonomy":"product_tag","embeddable":true,"href":"https:\/\/roveyayinevi.com.tr\/index.php\/wp-json\/wp\/v2\/product_tag?post=712101"}],"curies":[{"name":"wp","href":"https:\/\/api.w.org\/{rel}","templated":true}]}}