{"id":712098,"date":"2025-08-27T16:52:22","date_gmt":"2025-08-27T13:52:22","guid":{"rendered":"https:\/\/roveyayinevi.com.tr\/index.php\/urun\/serafina-ve-buyulu-degnek\/"},"modified":"2026-04-16T02:20:38","modified_gmt":"2026-04-15T23:20:38","slug":"serafina-ve-buyulu-degnek","status":"publish","type":"product","link":"https:\/\/roveyayinevi.com.tr\/index.php\/urun\/serafina-ve-buyulu-degnek\/","title":{"rendered":"Serafina ve B\u00fcy\u00fcl\u00fc De\u011fnek"},"content":{"rendered":"<p>Robert Beatty&#8217;den, Serafina ve Siyah Pelerin&#8217;e heyecan verici bir devam kitab\u0131 geliyor. Serafina, Siyah Pelerinli Adam\u2019\u0131 yendikten sonra g\u00f6lgelerden s\u0131yr\u0131l\u0131p Biltmore Evi\u2019ne, g\u00fcn y\u00fcz\u00fcne \u00e7\u0131km\u0131\u015ft\u0131. Her ak\u015fam ormana, annesini ziyarete gidiyor ve da\u011faslanlar\u0131n\u0131n hayatlar\u0131n\u0131 \u00f6\u011freniyordu. Fakat Serafina kendini iki d\u00fcnya aras\u0131nda kalm\u0131\u015f gibi hissediyordu: Biltmore\u2019un \u015f\u0131k giyimli han\u0131mlar\u0131 ile ya\u015fayamayacak kadar vah\u015fi, da\u011faslanlar\u0131yla ya\u015fayamayacak kadar da insand\u0131. Biltmore\u2019da ard\u0131 ard\u0131na ya\u015fan\u0131lan sald\u0131r\u0131lardan sonra Serafina\u2019n\u0131n evdeki koruyucu kimli\u011fi tehlike alt\u0131na girmi\u015fti. Tek yanda\u015f\u0131 ve en iyi arkada\u015f\u0131 Braeden Vanderbilt\u2019in yan\u0131ndan kopar\u0131ld\u0131. O da kalbi k\u0131r\u0131lm\u0131\u015f bir \u015fekilde evden ka\u00e7mak zorunda kald\u0131. Serafina, orman\u0131n derinliklerinde Biltmore\u2019da zehir gibi yay\u0131lan k\u00f6t\u00fcl\u00fc\u011f\u00fcn kayna\u011f\u0131n\u0131 ve kudretini ke\u015ffedecekti. Mavi Bay\u0131r Da\u011flar\u0131\u2019nda ya\u015fayan b\u00fct\u00fcn insanlar\u0131n ve hayvanlar\u0131n hayat\u0131 tehlikedeydi. Bu k\u00f6t\u00fcl\u00fc\u011f\u00fc yenmesi i\u00e7in kendi i\u00e7ine d\u00f6nmesi ve hayat\u0131 boyunca ger\u00e7ekle\u015ftirilmeyi bekleyen kaderine haz\u0131rlanmas\u0131 gerekecekti. \u201cBeatty hayranl\u0131k uyand\u0131r\u0131c\u0131, b\u00fcy\u00fcl\u00fc bir d\u00fcnya in\u015fa etmeye devam ediyor. Orman, Biltmore Evi gibi yerler Serafina\u2019n\u0131n ge\u00e7mi\u015fi, hayat\u0131 ve orada ya\u015fayan di\u011fer de\u011fi\u015fik canl\u0131lara dair ipu\u00e7lar\u0131 veriyor. \u0130lkinden daha da g\u00fczel olan bu roman, ba\u015ftan sona heyecanla dolu.\u201d \u2014Kirkus, starred review <\/p>\n","protected":false},"excerpt":{"rendered":"<p>Robert Beatty&#8217;den, Serafina ve Siyah Pelerin&#8217;e heyecan verici bir devam kitab\u0131 geliyor. Serafina, Siyah Pelerinli Adam\u2019\u0131 yendikten sonra g\u00f6lgelerden s\u0131yr\u0131l\u0131p Biltmore Evi\u2019ne, g\u00fcn y\u00fcz\u00fcne \u00e7\u0131km\u0131\u015ft\u0131. Her<span class=\"excerpt-hellip\"> [\u2026]<\/span><\/p>\n","protected":false},"featured_media":0,"template":"","meta":{"_monsterinsights_skip_tracking":false,"_monsterinsights_sitenote_active":false,"_monsterinsights_sitenote_note":"","_monsterinsights_sitenote_category":0},"product_brand":[],"product_cat":[12291,14777],"product_tag":[],"class_list":{"0":"post-712098","1":"product","2":"type-product","3":"status-publish","5":"product_cat-edebiyat","6":"product_cat-fantastik","7":"pa_cilt-ciltli","8":"pa_tur-kitap","9":"pa_yayinevi-yabanci-yayinevi","10":"pa_yazar-robert-beatty","12":"first","13":"instock","14":"sale","15":"shipping-taxable","16":"purchasable","17":"product-type-simple"},"_links":{"self":[{"href":"https:\/\/roveyayinevi.com.tr\/index.php\/wp-json\/wp\/v2\/product\/712098","targetHints":{"allow":["GET"]}}],"collection":[{"href":"https:\/\/roveyayinevi.com.tr\/index.php\/wp-json\/wp\/v2\/product"}],"about":[{"href":"https:\/\/roveyayinevi.com.tr\/index.php\/wp-json\/wp\/v2\/types\/product"}],"wp:attachment":[{"href":"https:\/\/roveyayinevi.com.tr\/index.php\/wp-json\/wp\/v2\/media?parent=712098"}],"wp:term":[{"taxonomy":"product_brand","embeddable":true,"href":"https:\/\/roveyayinevi.com.tr\/index.php\/wp-json\/wp\/v2\/product_brand?post=712098"},{"taxonomy":"product_cat","embeddable":true,"href":"https:\/\/roveyayinevi.com.tr\/index.php\/wp-json\/wp\/v2\/product_cat?post=712098"},{"taxonomy":"product_tag","embeddable":true,"href":"https:\/\/roveyayinevi.com.tr\/index.php\/wp-json\/wp\/v2\/product_tag?post=712098"}],"curies":[{"name":"wp","href":"https:\/\/api.w.org\/{rel}","templated":true}]}}