{"id":712094,"date":"2025-08-27T16:52:19","date_gmt":"2025-08-27T13:52:19","guid":{"rendered":"https:\/\/roveyayinevi.com.tr\/index.php\/urun\/cagdas-ingiliz-siiri-antolojisi\/"},"modified":"2026-04-16T02:20:38","modified_gmt":"2026-04-15T23:20:38","slug":"cagdas-ingiliz-siiri-antolojisi","status":"publish","type":"product","link":"https:\/\/roveyayinevi.com.tr\/index.php\/urun\/cagdas-ingiliz-siiri-antolojisi\/","title":{"rendered":"\u00c7a\u011fda\u015f \u0130ngiliz \u015eiiri Antolojisi"},"content":{"rendered":"<p>\u201c\u00d6nce \u015fiir vard\u0131.\u201d B\u00f6yle s\u00f6ze giriyor Cevat \u00c7apan, \u015fiirin, \u0130ngiliz edebiyat\u0131nda ne kadar \u00f6nemli bir yere sahip oldu\u011funu belirtmek i\u00e7in. 1840 do\u011fumlu Thomas Hardy\u2019den ba\u015flay\u0131p 1963 do\u011fumlu Simon Armitage\u2019a kadar \u00e7ekti\u011fi \u00e7izgide, 40&#8217;\u0131n \u00fczerinde \u015fairin eserleriyle b\u00fct\u00fcn bir 20. y\u00fczy\u0131l \u0130ngiliz \u015fiirinin seyir haritas\u0131n\u0131 \u00e7\u0131kar\u0131yor. \u00c7a\u011fda\u015f \u0130ngiliz \u015eiiri Antolojisi, 20. y\u00fczy\u0131l \u0130ngiliz \u015fiirinin ba\u015fl\u0131ca ak\u0131mlar\u0131n\u0131 ve en se\u00e7kin ustalar\u0131n\u0131 bulaca\u011f\u0131n\u0131z temel bir kaynak olmaya devam ediyor. <\/p>\n","protected":false},"excerpt":{"rendered":"<p>\u201c\u00d6nce \u015fiir vard\u0131.\u201d B\u00f6yle s\u00f6ze giriyor Cevat \u00c7apan, \u015fiirin, \u0130ngiliz edebiyat\u0131nda ne kadar \u00f6nemli bir yere sahip oldu\u011funu belirtmek i\u00e7in. 1840 do\u011fumlu Thomas Hardy\u2019den ba\u015flay\u0131p 1963<span class=\"excerpt-hellip\"> [\u2026]<\/span><\/p>\n","protected":false},"featured_media":0,"template":"","meta":{"_monsterinsights_skip_tracking":false,"_monsterinsights_sitenote_active":false,"_monsterinsights_sitenote_note":"","_monsterinsights_sitenote_category":0},"product_brand":[],"product_cat":[12291,12866],"product_tag":[],"class_list":{"0":"post-712094","1":"product","2":"type-product","3":"status-publish","5":"product_cat-edebiyat","6":"product_cat-ingiliz-edebiyati","7":"pa_cilt-ciltsiz","8":"pa_tur-kitap","9":"pa_yayinevi-kirmizi-kedi-yayinevi","10":"pa_yazar-cevat-capan","12":"first","13":"instock","14":"sale","15":"shipping-taxable","16":"purchasable","17":"product-type-simple"},"_links":{"self":[{"href":"https:\/\/roveyayinevi.com.tr\/index.php\/wp-json\/wp\/v2\/product\/712094","targetHints":{"allow":["GET"]}}],"collection":[{"href":"https:\/\/roveyayinevi.com.tr\/index.php\/wp-json\/wp\/v2\/product"}],"about":[{"href":"https:\/\/roveyayinevi.com.tr\/index.php\/wp-json\/wp\/v2\/types\/product"}],"wp:attachment":[{"href":"https:\/\/roveyayinevi.com.tr\/index.php\/wp-json\/wp\/v2\/media?parent=712094"}],"wp:term":[{"taxonomy":"product_brand","embeddable":true,"href":"https:\/\/roveyayinevi.com.tr\/index.php\/wp-json\/wp\/v2\/product_brand?post=712094"},{"taxonomy":"product_cat","embeddable":true,"href":"https:\/\/roveyayinevi.com.tr\/index.php\/wp-json\/wp\/v2\/product_cat?post=712094"},{"taxonomy":"product_tag","embeddable":true,"href":"https:\/\/roveyayinevi.com.tr\/index.php\/wp-json\/wp\/v2\/product_tag?post=712094"}],"curies":[{"name":"wp","href":"https:\/\/api.w.org\/{rel}","templated":true}]}}