{"id":712081,"date":"2025-08-27T16:52:13","date_gmt":"2025-08-27T13:52:13","guid":{"rendered":"https:\/\/roveyayinevi.com.tr\/index.php\/urun\/geceleri-mizika-calan-kedi\/"},"modified":"2026-04-16T02:20:38","modified_gmt":"2026-04-15T23:20:38","slug":"geceleri-mizika-calan-kedi","status":"publish","type":"product","link":"https:\/\/roveyayinevi.com.tr\/index.php\/urun\/geceleri-mizika-calan-kedi\/","title":{"rendered":"Geceleri M\u0131z\u0131ka \u00c7alan Kedi"},"content":{"rendered":"<p>\u00c7ok sevgili okur! Mustafa Ruhi \u015eirin\u2019in bir \u015fair ve \u00e7ocuk edebiyat\u0131 yazar\u0131 olarak ya\u015fad\u0131\u011f\u0131 \u00e7ocuklu\u011fu merak ediyorsan\u0131z haz\u0131r olun. Mustafa Ruhi \u015eirin \u00e7ocuklu\u011funun k\u0131y\u0131lar\u0131ndan seslenecek size. \u0130lk r\u00fcyas\u0131n\u0131 okuyunca belki r\u00fcyalar\u0131n\u0131z\u0131 yazma iste\u011fi uyanacak i\u00e7inizde. \u0130ki \u015fakac\u0131 devi mi merak ediyorsunuz? Bir kaplumba\u011fa ile arkada\u015f oldunuz mu? Yunuslarla konu\u015fan bal\u0131k\u00e7\u0131 babas\u0131n\u0131n geri d\u00f6n\u00fc\u015f\u00fcn\u00fc bekleyen bir \u00e7ocuk tan\u0131d\u0131n\u0131z m\u0131? Dedeniz r\u00fcya gibi bir insan m\u0131d\u0131r? Ya\u011fmurdan \u0131slanmayan bir k\u0131z\u0131 tan\u0131mak ister misiniz? Geceleri m\u0131z\u0131ka \u00e7alan kedi dinlediniz mi? Yunus Bekir Yurdakul\u2019un tan\u0131t\u0131m yaz\u0131s\u0131 ve Nurten Deliorman\u2019\u0131n resimleriyle Geceleri M\u0131z\u0131ka \u00c7alan Kedi\u2019de okuyaca\u011f\u0131n\u0131z hik\u00e2yelerle uykular\u0131n\u0131z\u0131 ka\u00e7\u0131rmaya haz\u0131r olun! \ufffcTan\u0131t\u0131m Metni<\/p>\n","protected":false},"excerpt":{"rendered":"<p>\u00c7ok sevgili okur! Mustafa Ruhi \u015eirin\u2019in bir \u015fair ve \u00e7ocuk edebiyat\u0131 yazar\u0131 olarak ya\u015fad\u0131\u011f\u0131 \u00e7ocuklu\u011fu merak ediyorsan\u0131z haz\u0131r olun. Mustafa Ruhi \u015eirin \u00e7ocuklu\u011funun k\u0131y\u0131lar\u0131ndan seslenecek size.<span class=\"excerpt-hellip\"> [\u2026]<\/span><\/p>\n","protected":false},"featured_media":0,"template":"","meta":{"_monsterinsights_skip_tracking":false,"_monsterinsights_sitenote_active":false,"_monsterinsights_sitenote_note":"","_monsterinsights_sitenote_category":0},"product_brand":[],"product_cat":[12274,12284],"product_tag":[],"class_list":{"0":"post-712081","1":"product","2":"type-product","3":"status-publish","5":"product_cat-cocuk-ve-genclik-kitaplari","6":"product_cat-hikayeler","7":"pa_cilt-ciltsiz","8":"pa_tur-kitap","9":"pa_yayinevi-ucan-at","10":"pa_yazar-mustafa-ruhi-sirin","12":"first","13":"instock","14":"sale","15":"shipping-taxable","16":"purchasable","17":"product-type-simple"},"_links":{"self":[{"href":"https:\/\/roveyayinevi.com.tr\/index.php\/wp-json\/wp\/v2\/product\/712081","targetHints":{"allow":["GET"]}}],"collection":[{"href":"https:\/\/roveyayinevi.com.tr\/index.php\/wp-json\/wp\/v2\/product"}],"about":[{"href":"https:\/\/roveyayinevi.com.tr\/index.php\/wp-json\/wp\/v2\/types\/product"}],"wp:attachment":[{"href":"https:\/\/roveyayinevi.com.tr\/index.php\/wp-json\/wp\/v2\/media?parent=712081"}],"wp:term":[{"taxonomy":"product_brand","embeddable":true,"href":"https:\/\/roveyayinevi.com.tr\/index.php\/wp-json\/wp\/v2\/product_brand?post=712081"},{"taxonomy":"product_cat","embeddable":true,"href":"https:\/\/roveyayinevi.com.tr\/index.php\/wp-json\/wp\/v2\/product_cat?post=712081"},{"taxonomy":"product_tag","embeddable":true,"href":"https:\/\/roveyayinevi.com.tr\/index.php\/wp-json\/wp\/v2\/product_tag?post=712081"}],"curies":[{"name":"wp","href":"https:\/\/api.w.org\/{rel}","templated":true}]}}