{"id":712076,"date":"2025-08-27T16:52:10","date_gmt":"2025-08-27T13:52:10","guid":{"rendered":"https:\/\/roveyayinevi.com.tr\/index.php\/urun\/madam-bovary-3\/"},"modified":"2026-04-16T02:20:38","modified_gmt":"2026-04-15T23:20:38","slug":"madam-bovary-3","status":"publish","type":"product","link":"https:\/\/roveyayinevi.com.tr\/index.php\/urun\/madam-bovary-3\/","title":{"rendered":"Madam Bovary"},"content":{"rendered":"<p>Arzular\u0131 pe\u015finde ihtirasla ko\u015fan, tatmin olmayan bir kad\u0131n\u0131n \u00e7arp\u0131c\u0131 portresi e\u015fli\u011finde 19. y\u00fczy\u0131l Fransa\u2019s\u0131n\u0131n g\u00fcnl\u00fck hayat\u0131n\u0131, insan ili\u015fkilerini de g\u00f6r\u00fcn\u00fcr k\u0131lan bir ba\u015fyap\u0131t Madam Bovary.   Gustave Flaubert, Frans\u0131z h\u00fck\u00fcmeti taraf\u0131ndan, dini ve ahl\u00e2k\u00ee kurallara ters d\u00fc\u015ft\u00fc\u011f\u00fc gerek\u00e7esiyle yarg\u0131lanm\u0131\u015f ve sonra beraat etmi\u015ftir.   1880\u2019lerin Fransa\u2019s\u0131n\u0131n burjuva de\u011ferleri, g\u00fcnl\u00fck ya\u015fam bi\u00e7imine kar\u015f\u0131 bir hesapla\u015fman\u0131n roman\u0131d\u0131r ayn\u0131 zamanda. T\u00fcrk edebiyat\u0131nda bir\u00e7ok romana da gizli yahut a\u00e7\u0131k esin vermi\u015ftir Madam Bovary.   Eser boyunca kahramanlar\u0131n ruhsal portreleri ve \u00e7evreyle ili\u015fkileri g\u00f6z \u00f6n\u00fcnde canlan\u0131rcas\u0131na ustal\u0131kla i\u015flenmi\u015f; gerek anlat\u0131m bi\u00e7imi gerekse roman\u0131n ta\u015f\u0131d\u0131\u011f\u0131 i\u00e7erik uyum halinde dile yans\u0131m\u0131\u015f; buradan y\u00fckselen ve okuyucuyu da i\u00e7ine alan samimi s\u00f6ylem bir \u015fahesere d\u00f6n\u00fc\u015fm\u00fc\u015ft\u00fcr. Ayn\u0131 anda hem duygu ve d\u00fc\u015f\u00fcnceye seslenen, realiteyi edebi sahada yo\u011furup incelterek veren bu roman, insan\u0131 \u0131skalamad\u0131\u011f\u0131 ve insan\u0131n o g\u00fcne dek dokunulmam\u0131\u015f bir cephesini edebiyata a\u00e7t\u0131\u011f\u0131 i\u00e7in, \u00f6yle g\u00f6z\u00fck\u00fcyor ki as\u0131rlar sonra da okunmay\u0131 s\u00fcrd\u00fcrecek.   Madam Bovary, insan\u0131n arzular\u0131 t\u00fckenmedik\u00e7e hayat\u0131m\u0131zdan uzak kalmayacak bir eser. <\/p>\n","protected":false},"excerpt":{"rendered":"<p>Arzular\u0131 pe\u015finde ihtirasla ko\u015fan, tatmin olmayan bir kad\u0131n\u0131n \u00e7arp\u0131c\u0131 portresi e\u015fli\u011finde 19. y\u00fczy\u0131l Fransa\u2019s\u0131n\u0131n g\u00fcnl\u00fck hayat\u0131n\u0131, insan ili\u015fkilerini de g\u00f6r\u00fcn\u00fcr k\u0131lan bir ba\u015fyap\u0131t Madam Bovary. Gustave<span class=\"excerpt-hellip\"> [\u2026]<\/span><\/p>\n","protected":false},"featured_media":0,"template":"","meta":{"_monsterinsights_skip_tracking":false,"_monsterinsights_sitenote_active":false,"_monsterinsights_sitenote_note":"","_monsterinsights_sitenote_category":0},"product_brand":[],"product_cat":[12291,12711],"product_tag":[],"class_list":{"0":"post-712076","1":"product","2":"type-product","3":"status-publish","5":"product_cat-edebiyat","6":"product_cat-roman-oyku","7":"pa_cilt-ciltsiz","8":"pa_tur-kitap","9":"pa_yayinevi-islik-yayinlari","10":"pa_yazar-gustave-flaubert","12":"first","13":"instock","14":"sale","15":"shipping-taxable","16":"purchasable","17":"product-type-simple"},"_links":{"self":[{"href":"https:\/\/roveyayinevi.com.tr\/index.php\/wp-json\/wp\/v2\/product\/712076","targetHints":{"allow":["GET"]}}],"collection":[{"href":"https:\/\/roveyayinevi.com.tr\/index.php\/wp-json\/wp\/v2\/product"}],"about":[{"href":"https:\/\/roveyayinevi.com.tr\/index.php\/wp-json\/wp\/v2\/types\/product"}],"wp:attachment":[{"href":"https:\/\/roveyayinevi.com.tr\/index.php\/wp-json\/wp\/v2\/media?parent=712076"}],"wp:term":[{"taxonomy":"product_brand","embeddable":true,"href":"https:\/\/roveyayinevi.com.tr\/index.php\/wp-json\/wp\/v2\/product_brand?post=712076"},{"taxonomy":"product_cat","embeddable":true,"href":"https:\/\/roveyayinevi.com.tr\/index.php\/wp-json\/wp\/v2\/product_cat?post=712076"},{"taxonomy":"product_tag","embeddable":true,"href":"https:\/\/roveyayinevi.com.tr\/index.php\/wp-json\/wp\/v2\/product_tag?post=712076"}],"curies":[{"name":"wp","href":"https:\/\/api.w.org\/{rel}","templated":true}]}}