{"id":712066,"date":"2025-08-27T16:52:05","date_gmt":"2025-08-27T13:52:05","guid":{"rendered":"https:\/\/roveyayinevi.com.tr\/index.php\/urun\/ust-akil-denen-acimasiz-duzen\/"},"modified":"2026-04-16T02:20:38","modified_gmt":"2026-04-15T23:20:38","slug":"ust-akil-denen-acimasiz-duzen","status":"publish","type":"product","link":"https:\/\/roveyayinevi.com.tr\/index.php\/urun\/ust-akil-denen-acimasiz-duzen\/","title":{"rendered":"\u00dcst Ak\u0131l Denen Ac\u0131mas\u0131z D\u00fczen"},"content":{"rendered":"<p>\u00dcst ak\u0131l yaln\u0131z bir avu\u00e7 zengin de\u011fildir. D\u00fcnya Bankas\u0131\u2019d\u0131r, D\u00fcnya Ticaret \u00d6rg\u00fct\u00fc\u2019d\u00fcr D\u00fcnya Sa\u011fl\u0131k \u00d6rg\u00fct\u00fc\u2019d\u00fcr, CFR\u2019d\u0131r, Bilderberg\u2019dir, Trilateral\u2019d\u0131r. Binlerce irili ufakl\u0131 Bat\u0131l\u0131 d\u00fc\u015f\u00fcnce kurulu\u015flar\u0131 ve Yahudi lobileridir.. Bat\u0131l\u0131 finans kurulu\u015flar\u0131d\u0131r. ABD Merkez Bankas\u0131\u2019d\u0131r, ve hepsinin silahl\u0131 \u00f6rg\u00fct\u00fc bu sistemin tetik\u00e7isi NATO\u2019dur. \u0130nternete, dijital d\u00fcnyaya hakim olan tekellerdir.\u00dcst ak\u0131l d\u00fcnyay\u0131 devaml\u0131 ger\u00e7ekleri \u00e7arp\u0131tarak yalanlar \u00fcreterek y\u00f6nlendirir. Onlar\u0131n yayd\u0131klar\u0131 en b\u00fcy\u00fck yalan da ABD ve yanda\u015flar\u0131n\u0131n \u201ck\u00fcresel ter\u00f6r ile m\u00fccadele ediyor\u201d d\u00fcnyaya demokrasi getirmeye \u00e7al\u0131\u015f\u0131yor iddias\u0131d\u0131r. Art\u0131k \u00dcst ak\u0131l\u0131n ac\u0131mas\u0131z sald\u0131rgan komuta merkezi g\u00fc\u00e7 kaybediyor. D\u00fcnyadaki g\u00fc\u00e7 dengeleri Bat\u0131\u2019dan Asya b\u00f6lgesine do\u011fru kay\u0131yor.K\u00fcresel oyunlar\u0131n nas\u0131l planlan\u0131p oynand\u0131\u011f\u0131 art\u0131k bir s\u0131r olmaktan \u00e7\u0131km\u0131\u015f durumda. K\u00fcresel fark\u0131ndal\u0131k yay\u0131l\u0131rken ABD\u2019ye de tepkiler art\u0131yor. En yak\u0131n destek\u00e7ileri bile zamanla ondan deste\u011fini \u00e7ekiyor. Birle\u015fmi\u015f Milletler Genel Kurulu\u2019nda \u2019de 21 Aral\u0131k 2017 g\u00fcn\u00fc Kud\u00fcs i\u00e7in yap\u0131lan oylamada \u0130srail hari\u00e7 en yak\u0131n m\u00fcttefikleri bile ABD\u2019yi yaln\u0131z b\u0131rakt\u0131.Bilimin yol g\u00f6sterici \u0131\u015f\u0131\u011f\u0131 alt\u0131nda \u00f6\u011frenip hareket etme, ya\u015fama \u00e7evreye ilgili olma, do\u011fru d\u00fc\u015f\u00fcnmek k\u00fcresel fark\u0131ndal\u0131\u011f\u0131 g\u00fc\u00e7lendirecektir. Bu da ac\u0131mas\u0131z \u00fcst ak\u0131l kar\u015f\u0131s\u0131ndaki en b\u00fcy\u00fck g\u00fc\u00e7 olacakt\u0131r. Bug\u00fcn k\u00fcresel sistemi \u00e7al\u0131\u015ft\u0131ran olduk\u00e7a kapsaml\u0131 temel dinami\u011fin nas\u0131l \u00e7al\u0131\u015ft\u0131\u011f\u0131n\u0131 bilmeden i\u00e7inde ya\u015fad\u0131\u011f\u0131m\u0131z d\u00fcnyay\u0131 anlamak m\u00fcmk\u00fcn de\u011fildir. Bu \u00e7al\u0131\u015fma bu g\u00fc\u00e7 oda\u011f\u0131n\u0131n baz\u0131 temel karakterlerini, kurumlar\u0131n\u0131 nas\u0131l bir sistem olu\u015fturduklar\u0131n\u0131 nas\u0131l bir kontrol mekanizmas\u0131 i\u00e7inde bu ac\u0131mas\u0131z sistemi devam ettirmeye \u00e7al\u0131\u015ft\u0131klar\u0131n\u0131 anlamaya yard\u0131mc\u0131 olacakt\u0131r. <\/p>\n","protected":false},"excerpt":{"rendered":"<p>\u00dcst ak\u0131l yaln\u0131z bir avu\u00e7 zengin de\u011fildir. D\u00fcnya Bankas\u0131\u2019d\u0131r, D\u00fcnya Ticaret \u00d6rg\u00fct\u00fc\u2019d\u00fcr D\u00fcnya Sa\u011fl\u0131k \u00d6rg\u00fct\u00fc\u2019d\u00fcr, CFR\u2019d\u0131r, Bilderberg\u2019dir, Trilateral\u2019d\u0131r. Binlerce irili ufakl\u0131 Bat\u0131l\u0131 d\u00fc\u015f\u00fcnce kurulu\u015flar\u0131 ve Yahudi<span class=\"excerpt-hellip\"> [\u2026]<\/span><\/p>\n","protected":false},"featured_media":0,"template":"","meta":{"_monsterinsights_skip_tracking":false,"_monsterinsights_sitenote_active":false,"_monsterinsights_sitenote_note":"","_monsterinsights_sitenote_category":0},"product_brand":[],"product_cat":[13590,12337],"product_tag":[],"class_list":{"0":"post-712066","1":"product","2":"type-product","3":"status-publish","5":"product_cat-arastirma-inceleme-politika-siyaset","6":"product_cat-politika-siyaset","7":"pa_cilt-ciltsiz","8":"pa_tur-kitap","9":"pa_yayinevi-atac-yayinlari","10":"pa_yazar-ismail-tokalak","12":"first","13":"instock","14":"sale","15":"shipping-taxable","16":"purchasable","17":"product-type-simple"},"_links":{"self":[{"href":"https:\/\/roveyayinevi.com.tr\/index.php\/wp-json\/wp\/v2\/product\/712066","targetHints":{"allow":["GET"]}}],"collection":[{"href":"https:\/\/roveyayinevi.com.tr\/index.php\/wp-json\/wp\/v2\/product"}],"about":[{"href":"https:\/\/roveyayinevi.com.tr\/index.php\/wp-json\/wp\/v2\/types\/product"}],"wp:attachment":[{"href":"https:\/\/roveyayinevi.com.tr\/index.php\/wp-json\/wp\/v2\/media?parent=712066"}],"wp:term":[{"taxonomy":"product_brand","embeddable":true,"href":"https:\/\/roveyayinevi.com.tr\/index.php\/wp-json\/wp\/v2\/product_brand?post=712066"},{"taxonomy":"product_cat","embeddable":true,"href":"https:\/\/roveyayinevi.com.tr\/index.php\/wp-json\/wp\/v2\/product_cat?post=712066"},{"taxonomy":"product_tag","embeddable":true,"href":"https:\/\/roveyayinevi.com.tr\/index.php\/wp-json\/wp\/v2\/product_tag?post=712066"}],"curies":[{"name":"wp","href":"https:\/\/api.w.org\/{rel}","templated":true}]}}