{"id":712064,"date":"2025-08-27T16:52:04","date_gmt":"2025-08-27T13:52:04","guid":{"rendered":"https:\/\/roveyayinevi.com.tr\/index.php\/urun\/bir-yahudi-doktorun-harem-saray-ve-istanbul-hatiralari\/"},"modified":"2026-04-16T02:20:38","modified_gmt":"2026-04-15T23:20:38","slug":"bir-yahudi-doktorun-harem-saray-ve-istanbul-hatiralari","status":"publish","type":"product","link":"https:\/\/roveyayinevi.com.tr\/index.php\/urun\/bir-yahudi-doktorun-harem-saray-ve-istanbul-hatiralari\/","title":{"rendered":"Bir Yahudi Doktorun Harem, Saray ve \u0130stanbul Hat\u0131ralar\u0131"},"content":{"rendered":"<p>Osmanl\u0131 padi\u015fahlar\u0131n\u0131n harem hayat\u0131 her zaman merak edilen bir konudur ve olmaya da devam edecektir. Buna mukabil bu d\u00fcnyan\u0131n kap\u0131lar\u0131n\u0131 aralayabilen ve g\u00f6rd\u00fcklerini eserlerinde anlatan \u00e7ok az insan vard\u0131r. Bunlardan biri de 1574-1595 y\u0131llar\u0131 aras\u0131nda III. Murad\u2019\u0131n hekimli\u011fini yapan Domenico\u2019dur. Bug\u00fcne kadar harem hakk\u0131ndaki bir\u00e7ok as\u0131ls\u0131z s\u00f6ylentinin de kayna\u011f\u0131 olan Domenico\u2019nun eseri ilk defa T\u00fcrk\u00e7e\u2019ye \u00e7evrildi. Bu \u00e7eviri sayesinde as\u0131ls\u0131z s\u00f6ylentilerin \u00e7o\u011funun asl\u0131nda Domenico\u2019nun orijinal eserinde olmay\u0131p, sonradan ilave edildiklerini g\u00f6receksiniz.Domenico, III. Murad\u2019\u0131n k\u0131zkarde\u015fi Gevheri M\u00fcluk Sultan\u2019\u0131n doktoru olarak hacca da gitti. Mekke ve Medine\u2019ye girip girmedi\u011fi \u015f\u00fcpheli olsa da bu seyahat sayesinde eserinde Osmanl\u0131 hac organizasyonu hakk\u0131nda da \u00f6nemli bilgiler verir. Bunun yan\u0131nda \u00f6zellikle Topkap\u0131 Saray\u0131\u2019n\u0131n yap\u0131s\u0131 ve i\u015fleyi\u015fi, padi\u015fahlar\u0131n g\u00fcndelik hayatlar\u0131; \u0130stanbul\u2019daki binalar, toplumsal, siyasi, iktisadi, adli ve askeri yap\u0131ya dair de de\u011ferli bilgiler aktar\u0131r. <\/p>\n","protected":false},"excerpt":{"rendered":"<p>Osmanl\u0131 padi\u015fahlar\u0131n\u0131n harem hayat\u0131 her zaman merak edilen bir konudur ve olmaya da devam edecektir. Buna mukabil bu d\u00fcnyan\u0131n kap\u0131lar\u0131n\u0131 aralayabilen ve g\u00f6rd\u00fcklerini eserlerinde anlatan \u00e7ok<span class=\"excerpt-hellip\"> [\u2026]<\/span><\/p>\n","protected":false},"featured_media":0,"template":"","meta":{"_monsterinsights_skip_tracking":false,"_monsterinsights_sitenote_active":false,"_monsterinsights_sitenote_note":"","_monsterinsights_sitenote_category":0},"product_brand":[],"product_cat":[13072,12291],"product_tag":[],"class_list":{"0":"post-712064","1":"product","2":"type-product","3":"status-publish","5":"product_cat-arastirma-inceleme-referans","6":"product_cat-edebiyat","7":"pa_cilt-ciltsiz","8":"pa_tur-kitap","9":"pa_yayinevi-yeditepe-yayinevi","10":"pa_yazar-domenico-hierosolimitano","12":"first","13":"instock","14":"sale","15":"shipping-taxable","16":"purchasable","17":"product-type-simple"},"_links":{"self":[{"href":"https:\/\/roveyayinevi.com.tr\/index.php\/wp-json\/wp\/v2\/product\/712064","targetHints":{"allow":["GET"]}}],"collection":[{"href":"https:\/\/roveyayinevi.com.tr\/index.php\/wp-json\/wp\/v2\/product"}],"about":[{"href":"https:\/\/roveyayinevi.com.tr\/index.php\/wp-json\/wp\/v2\/types\/product"}],"wp:attachment":[{"href":"https:\/\/roveyayinevi.com.tr\/index.php\/wp-json\/wp\/v2\/media?parent=712064"}],"wp:term":[{"taxonomy":"product_brand","embeddable":true,"href":"https:\/\/roveyayinevi.com.tr\/index.php\/wp-json\/wp\/v2\/product_brand?post=712064"},{"taxonomy":"product_cat","embeddable":true,"href":"https:\/\/roveyayinevi.com.tr\/index.php\/wp-json\/wp\/v2\/product_cat?post=712064"},{"taxonomy":"product_tag","embeddable":true,"href":"https:\/\/roveyayinevi.com.tr\/index.php\/wp-json\/wp\/v2\/product_tag?post=712064"}],"curies":[{"name":"wp","href":"https:\/\/api.w.org\/{rel}","templated":true}]}}