{"id":712052,"date":"2025-08-27T16:51:57","date_gmt":"2025-08-27T13:51:57","guid":{"rendered":"https:\/\/roveyayinevi.com.tr\/index.php\/urun\/vampirin-opucugu-asigin-kani-turkiyede-1980-sonrasi-populer-roman\/"},"modified":"2026-04-16T02:20:37","modified_gmt":"2026-04-15T23:20:37","slug":"vampirin-opucugu-asigin-kani-turkiyede-1980-sonrasi-populer-roman","status":"publish","type":"product","link":"https:\/\/roveyayinevi.com.tr\/index.php\/urun\/vampirin-opucugu-asigin-kani-turkiyede-1980-sonrasi-populer-roman\/","title":{"rendered":"Vampirin \u00d6p\u00fcc\u00fc\u011f\u00fc, A\u015f\u0131\u011f\u0131n Kan\u0131: T\u00fcrkiye\u2019de 1980 Sonras\u0131 Pop\u00fcler Roman"},"content":{"rendered":"<p>Belirli form\u00fcllere, basmakal\u0131p kahramanlara ve olaylara dayanan seri \u00fcretim pop\u00fcler romanlar, yayg\u0131n olarak t\u00fcketilmelerine ra\u011fmen edebiyat kanonu d\u0131\u015f\u0131nda g\u00f6r\u00fcl\u00fcrler. Pop\u00fcler romana y\u00f6nelik akademik ilgi de s\u0131n\u0131rl\u0131d\u0131r. Bu noktadan yola \u00e7\u0131kan Veli U\u011fur, Vampirin \u00d6p\u00fcc\u00fc\u011f\u00fc, \u00c2\u015f\u0131\u011f\u0131n Kan\u0131\u2019nda yerli pop\u00fcler romanlar \u00fczerine genel bir tasnif \u00e7al\u0131\u015fmas\u0131 yap\u0131yor. Pop\u00fcler roman\u0131n t\u00fcm t\u00fcrlerinde bir ilerleme kaydedilen 1980 sonras\u0131na odaklanan U\u011fur, tasnifini a\u015fk romanlar\u0131, hidayet romanlar\u0131, bilimkurgu romanlar\u0131, polisiyeler, casus romanlar\u0131, fantastik romanlar, korku romanlar\u0131, siyasal kurgular ve tarihi romanlar alt\u0131nda yap\u0131yor. Her t\u00fcr\u00fc ve t\u00fcr\u00fcn  alt kategorilerini temsilen inceledi\u011fi eserlerle pop\u00fcler romanlar\u0131n \u00f6zelliklerini belirliyor. Vampirin \u00d6p\u00fcc\u00fc\u011f\u00fc, \u00c2\u015f\u0131\u011f\u0131n Kan\u0131, pop\u00fcler roman\u0131 bir ara\u015ft\u0131rma alan\u0131 olarak k\u00fclt\u00fcrel \u00e7al\u0131\u015fmalardan siyaset bilimine farkl\u0131 disiplinler i\u00e7inde de\u011ferlendirebilecek ara\u015ft\u0131rmac\u0131lar i\u00e7in faydal\u0131 bir kaynak. G\u00fcncellenmi\u015f 2. Bask\u0131! Veli U\u011fur, Mu\u011fla S\u0131tk\u0131 Ko\u00e7man \u00dcniversitesi Edebiyat B\u00f6l\u00fcm\u00fc\u2019nde yard\u0131m\u0131 do\u00e7ent. <\/p>\n","protected":false},"excerpt":{"rendered":"<p>Belirli form\u00fcllere, basmakal\u0131p kahramanlara ve olaylara dayanan seri \u00fcretim pop\u00fcler romanlar, yayg\u0131n olarak t\u00fcketilmelerine ra\u011fmen edebiyat kanonu d\u0131\u015f\u0131nda g\u00f6r\u00fcl\u00fcrler. Pop\u00fcler romana y\u00f6nelik akademik ilgi de s\u0131n\u0131rl\u0131d\u0131r.<span class=\"excerpt-hellip\"> [\u2026]<\/span><\/p>\n","protected":false},"featured_media":0,"template":"","meta":{"_monsterinsights_skip_tracking":false,"_monsterinsights_sitenote_active":false,"_monsterinsights_sitenote_note":"","_monsterinsights_sitenote_category":0},"product_brand":[],"product_cat":[13072,12291],"product_tag":[],"class_list":{"0":"post-712052","1":"product","2":"type-product","3":"status-publish","5":"product_cat-arastirma-inceleme-referans","6":"product_cat-edebiyat","7":"pa_cilt-ciltsiz","8":"pa_tur-kitap","9":"pa_yayinevi-koc-universitesi-yayinlari","10":"pa_yazar-veli-ugur","12":"first","13":"instock","14":"sale","15":"shipping-taxable","16":"purchasable","17":"product-type-simple"},"_links":{"self":[{"href":"https:\/\/roveyayinevi.com.tr\/index.php\/wp-json\/wp\/v2\/product\/712052","targetHints":{"allow":["GET"]}}],"collection":[{"href":"https:\/\/roveyayinevi.com.tr\/index.php\/wp-json\/wp\/v2\/product"}],"about":[{"href":"https:\/\/roveyayinevi.com.tr\/index.php\/wp-json\/wp\/v2\/types\/product"}],"wp:attachment":[{"href":"https:\/\/roveyayinevi.com.tr\/index.php\/wp-json\/wp\/v2\/media?parent=712052"}],"wp:term":[{"taxonomy":"product_brand","embeddable":true,"href":"https:\/\/roveyayinevi.com.tr\/index.php\/wp-json\/wp\/v2\/product_brand?post=712052"},{"taxonomy":"product_cat","embeddable":true,"href":"https:\/\/roveyayinevi.com.tr\/index.php\/wp-json\/wp\/v2\/product_cat?post=712052"},{"taxonomy":"product_tag","embeddable":true,"href":"https:\/\/roveyayinevi.com.tr\/index.php\/wp-json\/wp\/v2\/product_tag?post=712052"}],"curies":[{"name":"wp","href":"https:\/\/api.w.org\/{rel}","templated":true}]}}