{"id":712046,"date":"2025-08-27T16:51:54","date_gmt":"2025-08-27T13:51:54","guid":{"rendered":"https:\/\/roveyayinevi.com.tr\/index.php\/urun\/hosca-kal-ulkesi-bir-gokyuzu-serenadi\/"},"modified":"2026-04-16T02:20:37","modified_gmt":"2026-04-15T23:20:37","slug":"hosca-kal-ulkesi-bir-gokyuzu-serenadi","status":"publish","type":"product","link":"https:\/\/roveyayinevi.com.tr\/index.php\/urun\/hosca-kal-ulkesi-bir-gokyuzu-serenadi\/","title":{"rendered":"Ho\u015f\u00e7a Kal \u00dclkesi Bir G\u00f6ky\u00fcz\u00fc Serenad\u0131"},"content":{"rendered":"<p>Doksanl\u0131 y\u0131llar\u0131n sonlar\u0131nda \u00fclkeyi kavuran bir ihtilalin ac\u0131mas\u0131z seyrinde ba\u015flayan bir a\u015fk\u0131n hik\u00e2yesini dinlemek ister misin? \u0130stanbul, Frankfurt ve Bursa \u00fc\u00e7geninde \u201cho\u015f\u00e7a kal!\u201d ile \u00f6r\u00fclm\u00fc\u015f sonsuz bir gidi\u015fi anlataca\u011f\u0131m sana. Bilmelisin ki \u00e7\u0131kmazlarda kar\u015f\u0131la\u015f\u0131lan \u00e7arenin amans\u0131z sanc\u0131s\u0131nda bir aray\u0131\u015ft\u0131r bu&#8230;Bu hik\u00e2yede a\u015fk\u0131 as\u0131l sahibine teslim etmeye niyet etmi\u015f, ancak y\u00fcre\u011findeki sevdadan kurtulamayan gen\u00e7 bir k\u0131z\u0131n h\u00fclyas\u0131na kap\u0131lacaks\u0131n. Ayn\u0131 anda kendi yurdunda unutturuldu\u011fu \u00f6z\u00fcn\u00fc arayan ve korkular\u0131yla y\u00fczle\u015femeyip yine korkular\u0131na ka\u00e7an iki gen\u00e7 adam bulacaks\u0131n.Do\u011fuda yitirilen canlar\u0131n ard\u0131nda kendi derdine d\u00fc\u015fm\u00fc\u015flerin kederini hissedeceksin. Belki olmaz diyeceksin, belki de her sevdan\u0131n hakikatine inan\u0131p s\u00fcrd\u00fcreceksin ser\u00fcvenini. <\/p>\n","protected":false},"excerpt":{"rendered":"<p>Doksanl\u0131 y\u0131llar\u0131n sonlar\u0131nda \u00fclkeyi kavuran bir ihtilalin ac\u0131mas\u0131z seyrinde ba\u015flayan bir a\u015fk\u0131n hik\u00e2yesini dinlemek ister misin? \u0130stanbul, Frankfurt ve Bursa \u00fc\u00e7geninde \u201cho\u015f\u00e7a kal!\u201d ile \u00f6r\u00fclm\u00fc\u015f sonsuz<span class=\"excerpt-hellip\"> [\u2026]<\/span><\/p>\n","protected":false},"featured_media":0,"template":"","meta":{"_monsterinsights_skip_tracking":false,"_monsterinsights_sitenote_active":false,"_monsterinsights_sitenote_note":"","_monsterinsights_sitenote_category":0},"product_brand":[],"product_cat":[12291,12711],"product_tag":[],"class_list":{"0":"post-712046","1":"product","2":"type-product","3":"status-publish","5":"product_cat-edebiyat","6":"product_cat-roman-oyku","7":"pa_cilt-ciltsiz","8":"pa_tur-kitap","9":"pa_yayinevi-nesil-yayinlari","10":"pa_yazar-ibrahim-bedioglu","12":"first","13":"instock","14":"sale","15":"shipping-taxable","16":"purchasable","17":"product-type-simple"},"_links":{"self":[{"href":"https:\/\/roveyayinevi.com.tr\/index.php\/wp-json\/wp\/v2\/product\/712046","targetHints":{"allow":["GET"]}}],"collection":[{"href":"https:\/\/roveyayinevi.com.tr\/index.php\/wp-json\/wp\/v2\/product"}],"about":[{"href":"https:\/\/roveyayinevi.com.tr\/index.php\/wp-json\/wp\/v2\/types\/product"}],"wp:attachment":[{"href":"https:\/\/roveyayinevi.com.tr\/index.php\/wp-json\/wp\/v2\/media?parent=712046"}],"wp:term":[{"taxonomy":"product_brand","embeddable":true,"href":"https:\/\/roveyayinevi.com.tr\/index.php\/wp-json\/wp\/v2\/product_brand?post=712046"},{"taxonomy":"product_cat","embeddable":true,"href":"https:\/\/roveyayinevi.com.tr\/index.php\/wp-json\/wp\/v2\/product_cat?post=712046"},{"taxonomy":"product_tag","embeddable":true,"href":"https:\/\/roveyayinevi.com.tr\/index.php\/wp-json\/wp\/v2\/product_tag?post=712046"}],"curies":[{"name":"wp","href":"https:\/\/api.w.org\/{rel}","templated":true}]}}