{"id":712023,"date":"2025-08-27T16:51:35","date_gmt":"2025-08-27T13:51:35","guid":{"rendered":"https:\/\/roveyayinevi.com.tr\/index.php\/urun\/kopekler-neden-kedilerden-nefret-eder\/"},"modified":"2026-04-16T02:20:37","modified_gmt":"2026-04-15T23:20:37","slug":"kopekler-neden-kedilerden-nefret-eder","status":"publish","type":"product","link":"https:\/\/roveyayinevi.com.tr\/index.php\/urun\/kopekler-neden-kedilerden-nefret-eder\/","title":{"rendered":"K\u00f6pekler Neden Kedilerden Nefret Eder?"},"content":{"rendered":"<p>K\u00f6pekler ve kediler neden anla\u015famazlar, hi\u00e7 merak ettiniz mi? \u00c7ok ama \u00e7ok uzun zaman \u00f6nce, hep birlikte mutlu mutlu ya\u015fad\u0131klar\u0131na ve birbirlerini \u00e7ok sevdiklerine inan\u0131r m\u0131yd\u0131n\u0131z? Ama bir g\u00fcn kediler, k\u00f6pekleri \u00e7ok sinirlendirecek bir \u015fey yapt\u0131lar&#8230; O andan itibaren k\u00f6pekler ve kediler birbirlerinden nefret etmeye ba\u015flad\u0131lar. Ancak k\u00f6pekler de bir keresinde kedileri \u00e7ok k\u0131zd\u0131rm\u0131\u015ft\u0131\u2026 Neler yapt\u0131klar\u0131n\u0131 \u00f6\u011frenmek isterseniz <\/p>\n","protected":false},"excerpt":{"rendered":"<p>K\u00f6pekler ve kediler neden anla\u015famazlar, hi\u00e7 merak ettiniz mi? \u00c7ok ama \u00e7ok uzun zaman \u00f6nce, hep birlikte mutlu mutlu ya\u015fad\u0131klar\u0131na ve birbirlerini \u00e7ok sevdiklerine inan\u0131r m\u0131yd\u0131n\u0131z?<span class=\"excerpt-hellip\"> [\u2026]<\/span><\/p>\n","protected":false},"featured_media":0,"template":"","meta":{"_monsterinsights_skip_tracking":false,"_monsterinsights_sitenote_active":false,"_monsterinsights_sitenote_note":"","_monsterinsights_sitenote_category":0},"product_brand":[],"product_cat":[12274,12518],"product_tag":[],"class_list":{"0":"post-712023","1":"product","2":"type-product","3":"status-publish","5":"product_cat-cocuk-ve-genclik-kitaplari","6":"product_cat-okul-oncesi-kitaplar","7":"pa_cilt-ciltsiz","8":"pa_tur-kitap","9":"pa_yayinevi-kirmizi-kedi-yayinevi","10":"pa_yazar-simona-meisser","12":"first","13":"instock","14":"sale","15":"shipping-taxable","16":"purchasable","17":"product-type-simple"},"_links":{"self":[{"href":"https:\/\/roveyayinevi.com.tr\/index.php\/wp-json\/wp\/v2\/product\/712023","targetHints":{"allow":["GET"]}}],"collection":[{"href":"https:\/\/roveyayinevi.com.tr\/index.php\/wp-json\/wp\/v2\/product"}],"about":[{"href":"https:\/\/roveyayinevi.com.tr\/index.php\/wp-json\/wp\/v2\/types\/product"}],"wp:attachment":[{"href":"https:\/\/roveyayinevi.com.tr\/index.php\/wp-json\/wp\/v2\/media?parent=712023"}],"wp:term":[{"taxonomy":"product_brand","embeddable":true,"href":"https:\/\/roveyayinevi.com.tr\/index.php\/wp-json\/wp\/v2\/product_brand?post=712023"},{"taxonomy":"product_cat","embeddable":true,"href":"https:\/\/roveyayinevi.com.tr\/index.php\/wp-json\/wp\/v2\/product_cat?post=712023"},{"taxonomy":"product_tag","embeddable":true,"href":"https:\/\/roveyayinevi.com.tr\/index.php\/wp-json\/wp\/v2\/product_tag?post=712023"}],"curies":[{"name":"wp","href":"https:\/\/api.w.org\/{rel}","templated":true}]}}