{"id":712016,"date":"2025-08-27T16:51:31","date_gmt":"2025-08-27T13:51:31","guid":{"rendered":"https:\/\/roveyayinevi.com.tr\/index.php\/urun\/aska-kanat-ac-gece-kelebegi\/"},"modified":"2026-04-16T02:20:37","modified_gmt":"2026-04-15T23:20:37","slug":"aska-kanat-ac-gece-kelebegi","status":"publish","type":"product","link":"https:\/\/roveyayinevi.com.tr\/index.php\/urun\/aska-kanat-ac-gece-kelebegi\/","title":{"rendered":"A\u015fka Kanat A\u00e7 \u2013 Gece Kelebe\u011fi"},"content":{"rendered":"<p>A\u015fk&#8230; En y\u00fcce duygu, en \u00fcst makamd\u0131r. Sahicidir, saft\u0131r. Hakiki bir \u00e2\u015f\u0131\u011f\u0131 yukar\u0131ya ta\u015f\u0131r, ileriye g\u00f6t\u00fcr\u00fcr. G\u00fcne\u015fle kucakla\u015ft\u0131r\u0131r, g\u00f6kku\u015fa\u011f\u0131yla dans ettirir.  Geli\u015ftirir ve eksik olan ne varsa giderir. Tam ve b\u00fct\u00fcn hale getirir.   \u201cA\u015fka Kanat A\u00e7\u201d&#8230; Hakiki a\u015fk\u0131n ke\u015ffidir. Cesaretin ve \u00f6zg\u00fcrl\u00fc\u011f\u00fcn raks\u0131d\u0131r. A\u015fk ate\u015fiyle yanmaya haz\u0131r g\u00f6n\u00fcllerin hissedebilece\u011fi,  duyabilece\u011fi ve g\u00f6rebilece\u011fi bir hik\u00e2yedir. <\/p>\n","protected":false},"excerpt":{"rendered":"<p>A\u015fk&#8230; En y\u00fcce duygu, en \u00fcst makamd\u0131r. Sahicidir, saft\u0131r. Hakiki bir \u00e2\u015f\u0131\u011f\u0131 yukar\u0131ya ta\u015f\u0131r, ileriye g\u00f6t\u00fcr\u00fcr. G\u00fcne\u015fle kucakla\u015ft\u0131r\u0131r, g\u00f6kku\u015fa\u011f\u0131yla dans ettirir. Geli\u015ftirir ve eksik olan ne<span class=\"excerpt-hellip\"> [\u2026]<\/span><\/p>\n","protected":false},"featured_media":0,"template":"","meta":{"_monsterinsights_skip_tracking":false,"_monsterinsights_sitenote_active":false,"_monsterinsights_sitenote_note":"","_monsterinsights_sitenote_category":0},"product_brand":[],"product_cat":[12718,12719,15238],"product_tag":[],"class_list":{"0":"post-712016","1":"product","2":"type-product","3":"status-publish","5":"product_cat-din","6":"product_cat-islam","7":"product_cat-tasavvuf","8":"pa_cilt-ciltsiz","9":"pa_tur-kitap","10":"pa_yayinevi-ganj-yayinevi","11":"pa_yazar-mert-guler","13":"first","14":"instock","15":"sale","16":"shipping-taxable","17":"purchasable","18":"product-type-simple"},"_links":{"self":[{"href":"https:\/\/roveyayinevi.com.tr\/index.php\/wp-json\/wp\/v2\/product\/712016","targetHints":{"allow":["GET"]}}],"collection":[{"href":"https:\/\/roveyayinevi.com.tr\/index.php\/wp-json\/wp\/v2\/product"}],"about":[{"href":"https:\/\/roveyayinevi.com.tr\/index.php\/wp-json\/wp\/v2\/types\/product"}],"wp:attachment":[{"href":"https:\/\/roveyayinevi.com.tr\/index.php\/wp-json\/wp\/v2\/media?parent=712016"}],"wp:term":[{"taxonomy":"product_brand","embeddable":true,"href":"https:\/\/roveyayinevi.com.tr\/index.php\/wp-json\/wp\/v2\/product_brand?post=712016"},{"taxonomy":"product_cat","embeddable":true,"href":"https:\/\/roveyayinevi.com.tr\/index.php\/wp-json\/wp\/v2\/product_cat?post=712016"},{"taxonomy":"product_tag","embeddable":true,"href":"https:\/\/roveyayinevi.com.tr\/index.php\/wp-json\/wp\/v2\/product_tag?post=712016"}],"curies":[{"name":"wp","href":"https:\/\/api.w.org\/{rel}","templated":true}]}}