{"id":712009,"date":"2025-08-27T16:51:27","date_gmt":"2025-08-27T13:51:27","guid":{"rendered":"https:\/\/roveyayinevi.com.tr\/index.php\/urun\/islamin-seruveni-3-cilt-takim\/"},"modified":"2026-04-16T02:20:37","modified_gmt":"2026-04-15T23:20:37","slug":"islamin-seruveni-3-cilt-takim","status":"publish","type":"product","link":"https:\/\/roveyayinevi.com.tr\/index.php\/urun\/islamin-seruveni-3-cilt-takim\/","title":{"rendered":"\u0130slam&#8217;\u0131n Ser\u00fcveni 3 Cilt Tak\u0131m"},"content":{"rendered":"<p>1. cilt M\u00fcsl\u00fcmanlara Kur\u2019an\u2019da \u201cSiz insanl\u0131k i\u00e7in \u00e7\u0131kar\u0131lm\u0131\u015f en hay\u0131rl\u0131 \u00fcmmetsiniz, do\u011fruyu emreder, yanl\u0131\u015ftan men edersiniz ve Allah\u2019a iman edersiniz\u201d ayetiyle g\u00fcvence verilir. Bu ayete samimiyetle inan\u0131p Muhammed\u2019in davetine icabet edenler, \u0130slam inanc\u0131n\u0131n do\u011fu\u015fundan k\u0131sa bir s\u00fcre sonra \u0130slam\u2019\u0131n damgas\u0131n\u0131 ta\u015f\u0131yan, kendine \u00f6zg\u00fc kurumlara, sanatlara, edebiyata, bilime, siyasi ve toplumsal te\u015fekk\u00fcllere sahip yeni bir toplum in\u015fa etmeyi ba\u015farm\u0131\u015flar, bu yeni toplumu y\u00fczy\u0131llar i\u00e7inde Eski D\u00fcnya\u2019n\u0131n d\u00f6rt bir yan\u0131na yay\u0131p insanl\u0131\u011f\u0131 \u0130slam\u2019\u0131n hedefledi\u011fi ideallerin \u00e7at\u0131s\u0131 alt\u0131nda birle\u015ftirmeye di\u011fer t\u00fcm toplumlardan daha fazla yakla\u015fm\u0131\u015flard\u0131r. \u0130lk kez yay\u0131mland\u0131\u011f\u0131 1975 y\u0131l\u0131ndan g\u00fcn\u00fcm\u00fcze \u0130slam \u00e7al\u0131\u015fmalar\u0131 ve uygarl\u0131k tarihi alanlar\u0131nda bir klasik eser haline gelmi\u015f olan \u0130slam\u2019\u0131n Ser\u00fcveni, Muhammed\u2019in davetine icabet edip binlerce y\u0131ll\u0131k k\u00f6kl\u00fc k\u00fclt\u00fcrel geleneklerin kav\u015fak noktas\u0131nda kendilerini, d\u00fcnyay\u0131 ve d\u00fcnya i\u00e7indeki yerlerini yeni bir g\u00f6zle de\u011ferlendirmeye giri\u015fen k\u00fc\u00e7\u00fck bir \u201cinananlar\u201d hareketinin, d\u00fcnyay\u0131 adalet, insanl\u0131k onuru gibi evrensel ilkeler \u00fczerinde yeniden in\u015fa etmek \u00fczere \u00e7\u0131kt\u0131klar\u0131 yolda zamanla b\u00fcy\u00fcyerek bug\u00fcn yakla\u015f\u0131k 1,5 milyar \u00fcyesi bulunan bir d\u00fcnya uygarl\u0131\u011f\u0131 haline geli\u015finin izlerini s\u00fcr\u00fcyor. En verimli \u00e7a\u011f\u0131nda hayata g\u00f6zlerini yuman tarih\u00e7i ve d\u00fc\u015f\u00fcn\u00fcr Marshall G. S. Hodgson\u2019\u0131n parlak dehas\u0131n\u0131 sergileyen bu kitap, \u0130slam uygarl\u0131\u011f\u0131na a\u015fina olanlar kadar bu tarihe ve k\u00fclt\u00fcre a\u015fina olmayanlara da hitap etmesi; \u0130slam toplumlar\u0131n\u0131n bar\u0131nd\u0131rd\u0131\u011f\u0131 zenginli\u011fi, pek bilinmeyen ilgin\u00e7 ve \u00e7arp\u0131c\u0131 ayr\u0131nt\u0131lar \u00fczerinden ortaya koymas\u0131; \u0130slam\u2019\u0131 genel d\u00fcnya tarihi i\u00e7indeki yerini g\u00f6zden ka\u00e7\u0131rmadan de\u011ferlendirip toplum, ekonomi, sanat, bilim gibi alanlara ili\u015fkin yeni ufuklar a\u00e7\u0131c\u0131 k\u0131\u015fk\u0131rt\u0131c\u0131 \u00e7\u00f6z\u00fcmlemeler bar\u0131nd\u0131rmas\u0131 ve \u0130slam d\u00fcnyas\u0131n\u0131n g\u00fcn\u00fcm\u00fczde i\u00e7inde bulundu\u011fu buhran\u0131n tarihsel kaynaklar\u0131n\u0131n ve bu buhrandan olas\u0131 \u00e7\u0131k\u0131\u015f yollar\u0131n\u0131n neler olabilece\u011fine ili\u015fkin ipu\u00e7lar\u0131 sa\u011flamas\u0131 itibar\u0131yla her kitapl\u0131kta bulunmas\u0131 gereken e\u015fsiz bir eser. \u0130slam\u2019\u0131n Ser\u00fcveni\u2019nin birinci cildi olan \u0130slam\u2019\u0131n Klasik \u00c7a\u011f\u0131, \u0130slam\u2019\u0131n do\u011fu\u015fundan \u00f6nceki d\u00fcnyay\u0131 ve dinsel gelenekleri, \u0130slam\u2019\u0131n do\u011fu\u015funu, ilk halifeleri, M\u00fcsl\u00fcmanlar aras\u0131nda ya\u015fanan ilk ayr\u0131l\u0131klar\u0131 ve \u00e7at\u0131\u015fmalar\u0131, Nil\u2019den Ceyhun\u2019a kadar uzanan b\u00f6lgede filizlenen bu yeni k\u00fclt\u00fcr\u00fc ve bu k\u00fclt\u00fcr\u00fcn d\u00fcnya tarihi i\u00e7indeki genel yerini \u00e7\u00f6z\u00fcml\u00fcyor, \u0130slam uygarl\u0131\u011f\u0131n\u0131n filizlenme ve serpilme d\u00f6nemlerine ili\u015fkin genel ve renkli bir tablo sunuyor2. cilt M\u00fcsl\u00fcmanlara Kur\u2019an\u2019da \u201cSiz insanl\u0131k i\u00e7in \u00e7\u0131kar\u0131lm\u0131\u015f en hay\u0131rl\u0131 \u00fcmmetsiniz, do\u011fruyu emreder, yanl\u0131\u015ftan men edersiniz ve Allah\u2019a iman edersiniz\u201d ayetiyle g\u00fcvence verilir. Bu ayete samimiyetle inan\u0131p Muhammed\u2019in davetine icabet edenler, \u0130slam inanc\u0131n\u0131n do\u011fu\u015fundan k\u0131sa bir s\u00fcre sonra \u0130slam\u2019\u0131n damgas\u0131n\u0131 ta\u015f\u0131yan, kendine \u00f6zg\u00fc kurumlara, sanatlara, edebiyata, bilime, siyasi ve toplumsal te\u015fekk\u00fcllere sahip yeni bir toplum in\u015fa etmeyi ba\u015farm\u0131\u015flar, bu yeni toplumu y\u00fczy\u0131llar i\u00e7inde Eski D\u00fcnya\u2019n\u0131n d\u00f6rt bir yan\u0131na yay\u0131p insanl\u0131\u011f\u0131 \u0130slam\u2019\u0131n hedefledi\u011fi ideallerin \u00e7at\u0131s\u0131 alt\u0131nda birle\u015ftirmeye di\u011fer t\u00fcm toplumlardan daha fazla yakla\u015fm\u0131\u015flard\u0131r. \u0130lk kez yay\u0131mland\u0131\u011f\u0131 1975 y\u0131l\u0131ndan g\u00fcn\u00fcm\u00fcze \u0130slam \u00e7al\u0131\u015fmalar\u0131 ve uygarl\u0131k tarihi alanlar\u0131nda bir klasik eser haline gelmi\u015f olan \u0130slam\u2019\u0131n Ser\u00fcveni, Muhammed\u2019in davetine icabet edip binlerce y\u0131ll\u0131k k\u00f6kl\u00fc k\u00fclt\u00fcrel geleneklerin kav\u015fak noktas\u0131nda kendilerini, d\u00fcnyay\u0131 ve d\u00fcnya i\u00e7indeki yerlerini yeni bir g\u00f6zle de\u011ferlendirmeye giri\u015fen k\u00fc\u00e7\u00fck bir \u201cinananlar\u201d hareketinin, d\u00fcnyay\u0131 adalet, insanl\u0131k onuru gibi evrensel ilkeler \u00fczerinde yeniden in\u015fa etmek \u00fczere \u00e7\u0131kt\u0131klar\u0131 yolda zamanla b\u00fcy\u00fcyerek bug\u00fcn yakla\u015f\u0131k 1,5 milyar \u00fcyesi bulunan bir d\u00fcnya uygarl\u0131\u011f\u0131 haline geli\u015finin izlerini s\u00fcr\u00fcyor. En verimli \u00e7a\u011f\u0131nda hayata g\u00f6zlerini yuman tarih\u00e7i ve d\u00fc\u015f\u00fcn\u00fcr Marshall G. S. Hodgson\u2019\u0131n parlak dehas\u0131n\u0131 sergileyen bu kitap, \u0130slam uygarl\u0131\u011f\u0131na a\u015fina olanlar kadar bu tarihe ve k\u00fclt\u00fcre a\u015fina olmayanlara da hitap etmesi; \u0130slam toplumlar\u0131n\u0131n bar\u0131nd\u0131rd\u0131\u011f\u0131 zenginli\u011fi, pek bilinmeyen ilgin\u00e7 ve \u00e7arp\u0131c\u0131 ayr\u0131nt\u0131lar \u00fczerinden ortaya koymas\u0131; \u0130slam\u2019\u0131 genel d\u00fcnya tarihi i\u00e7indeki yerini g\u00f6zden ka\u00e7\u0131rmadan de\u011ferlendirip toplum, ekonomi, sanat, bilim gibi alanlara ili\u015fkin yeni ufuklar a\u00e7\u0131c\u0131 k\u0131\u015fk\u0131rt\u0131c\u0131 \u00e7\u00f6z\u00fcmlemeler bar\u0131nd\u0131rmas\u0131 ve \u0130slam d\u00fcnyas\u0131n\u0131n g\u00fcn\u00fcm\u00fczde i\u00e7inde bulundu\u011fu buhran\u0131n tarihsel kaynaklar\u0131n\u0131n ve bu buhrandan olas\u0131 \u00e7\u0131k\u0131\u015f yollar\u0131n\u0131n neler olabilece\u011fine ili\u015fkin ipu\u00e7lar\u0131 sa\u011flamas\u0131 itibar\u0131yla her kitapl\u0131kta bulunmas\u0131 gereken e\u015fsiz bir eser. \u0130slam\u2019\u0131n Ser\u00fcveni\u2019nin ikinci cildi olan Orta D\u00f6nemlerde \u0130slam\u2019\u0131n Yay\u0131l\u0131\u015f\u0131, \u0130slamile\u015fmi\u015f uygarl\u0131\u011f\u0131n nas\u0131l \u201culuslararas\u0131\u201d bir toplum haline geldi\u011fini, d\u00fcnyan\u0131n \u201cmesk\u00fbn mahaline\u201d hangi k\u00fclt\u00fcrel, ekonomik ve toplumsal kal\u0131plar arac\u0131l\u0131\u011f\u0131yla yay\u0131ld\u0131\u011f\u0131n\u0131 ve kom\u015fu uygarl\u0131klarla do\u011frudan veya dolayl\u0131 yollardan kurdu\u011fu ili\u015fkileri mercek alt\u0131na al\u0131yor. Mo\u011follardan Sel\u00e7uklulara, End\u00fcl\u00fcs\u2019ten Malezya\u2019ya, \u0130slam d\u00fcnyas\u0131n\u0131n y\u00fczy\u0131llar i\u00e7inde olu\u015fan k\u00fclt\u00fcrel sermayesini ve al\u0131\u015fveri\u015flerini g\u00f6zler \u00f6n\u00fcne seriyor.3. cilt M\u00fcsl\u00fcmanlara Kur\u2019an\u2019da \u201cSiz insanl\u0131k i\u00e7in \u00e7\u0131kar\u0131lm\u0131\u015f en hay\u0131rl\u0131 \u00fcmmetsiniz, do\u011fruyu emreder, yanl\u0131\u015ftan men edersiniz ve Allah\u2019a iman edersiniz\u201d ayetiyle g\u00fcvence verilir. Bu ayete samimiyetle inan\u0131p Muhammed\u2019in davetine icabet edenler, \u0130slam inanc\u0131n\u0131n do\u011fu\u015fundan k\u0131sa bir s\u00fcre sonra \u0130slam\u2019\u0131n damgas\u0131n\u0131 ta\u015f\u0131yan, kendine \u00f6zg\u00fc kurumlara, sanatlara, edebiyata, bilime, siyasi ve toplumsal te\u015fekk\u00fcllere sahip yeni bir toplum in\u015fa etmeyi ba\u015farm\u0131\u015flar, bu yeni toplumu y\u00fczy\u0131llar i\u00e7inde Eski D\u00fcnya\u2019n\u0131n d\u00f6rt bir yan\u0131na yay\u0131p insanl\u0131\u011f\u0131 \u0130slam\u2019\u0131n hedefledi\u011fi ideallerin \u00e7at\u0131s\u0131 alt\u0131nda birle\u015ftirmeye di\u011fer t\u00fcm toplumlardan daha fazla yakla\u015fm\u0131\u015flard\u0131r. \u0130lk kez yay\u0131mland\u0131\u011f\u0131 1975 y\u0131l\u0131ndan g\u00fcn\u00fcm\u00fcze \u0130slam \u00e7al\u0131\u015fmalar\u0131 ve uygarl\u0131k tarihi alanlar\u0131nda bir klasik eser haline gelmi\u015f olan \u0130slam\u2019\u0131n Ser\u00fcveni, Muhammed\u2019in davetine icabet edip binlerce y\u0131ll\u0131k k\u00f6kl\u00fc k\u00fclt\u00fcrel geleneklerin kav\u015fak noktas\u0131nda kendilerini, d\u00fcnyay\u0131 ve d\u00fcnya i\u00e7indeki yerlerini yeni bir g\u00f6zle de\u011ferlendirmeye giri\u015fen k\u00fc\u00e7\u00fck bir \u201cinananlar\u201d hareketinin, d\u00fcnyay\u0131 adalet, insanl\u0131k onuru gibi evrensel ilkeler \u00fczerinde yeniden in\u015fa etmek \u00fczere \u00e7\u0131kt\u0131klar\u0131 yolda zamanla b\u00fcy\u00fcyerek bug\u00fcn yakla\u015f\u0131k 1,5 milyar \u00fcyesi bulunan bir d\u00fcnya uygarl\u0131\u011f\u0131 haline geli\u015finin izlerini s\u00fcr\u00fcyor. En verimli \u00e7a\u011f\u0131nda hayata g\u00f6zlerini yuman tarih\u00e7i ve d\u00fc\u015f\u00fcn\u00fcr Marshall G. S. Hodgson\u2019\u0131n parlak dehas\u0131n\u0131 sergileyen bu kitap, \u0130slam uygarl\u0131\u011f\u0131na a\u015fina olanlar kadar bu tarihe ve k\u00fclt\u00fcre a\u015fina olmayanlara da hitap etmesi; \u0130slam toplumlar\u0131n\u0131n bar\u0131nd\u0131rd\u0131\u011f\u0131 zenginli\u011fi, pek bilinmeyen ilgin\u00e7 ve \u00e7arp\u0131c\u0131 ayr\u0131nt\u0131lar \u00fczerinden ortaya koymas\u0131; \u0130slam\u2019\u0131 genel d\u00fcnya tarihi i\u00e7indeki yerini g\u00f6zden ka\u00e7\u0131rmadan de\u011ferlendirip toplum, ekonomi, sanat, bilim gibi alanlara ili\u015fkin yeni ufuklar a\u00e7\u0131c\u0131 k\u0131\u015fk\u0131rt\u0131c\u0131 \u00e7\u00f6z\u00fcmlemeler bar\u0131nd\u0131rmas\u0131 ve \u0130slam d\u00fcnyas\u0131n\u0131n g\u00fcn\u00fcm\u00fczde i\u00e7inde bulundu\u011fu buhran\u0131n tarihsel kaynaklar\u0131n\u0131n ve bu buhrandan olas\u0131 \u00e7\u0131k\u0131\u015f yollar\u0131n\u0131n neler olabilece\u011fine ili\u015fkin ipu\u00e7lar\u0131 sa\u011flamas\u0131 itibar\u0131yla her kitapl\u0131kta bulunmas\u0131 gereken e\u015fsiz bir eser. \u0130slam\u2019\u0131n Ser\u00fcveni\u2019nin \u00fc\u00e7\u00fcnc\u00fc ve son cildi olan Barut \u0130mparatorluklar\u0131 ve Modern Zaman- lar, barutun silahlarda kullan\u0131lmaya ba\u015flanmas\u0131yla birlikte b\u00fcy\u00fck ve yeni imparatorluklar\u0131n ortaya \u00e7\u0131kt\u0131\u011f\u0131, Bat\u0131\u2019n\u0131n ge\u00e7irece\u011fi b\u00fcy\u00fck d\u00f6n\u00fc\u015f\u00fcmlerin ve \u0130slamile\u015fmi\u015f uygarl\u0131kla girece\u011fi rekabetin ilk i\u015faretlerinin verildi\u011fi 1500\u2019l\u00fc y\u0131llardan ba\u015flay\u0131p g\u00fcn\u00fcm\u00fcze kadar ge\u00e7en s\u00fcre zarf\u0131nda \u0130slamile\u015fmi\u015f uygarl\u0131\u011f\u0131n d\u00fcnya tarihi i\u00e7inde kendi yerini belirleme m\u00fccadelesini ele al\u0131yor. Olgunla\u015fan \u0130slamile\u015fmi\u015f k\u00fclt\u00fcr\u00fcn muhafazak\u00e2r bir ruha teslim oldu\u011fu bu d\u00f6nemde cemaat\u00e7i tutum ile kozmopolit tutum aras\u0131nda \u0130slam d\u00fcnyas\u0131n\u0131n her yan\u0131nda ya\u015fanan rekabeti; Osmanl\u0131 Devleti\u2019nden T\u00fcrkiye Cumhuriyeti\u2019ne \u0130slam d\u00fcnyas\u0131nda Bat\u0131l\u0131la\u015fma \u00e7abalar\u0131n\u0131; Arap \u00fclkelerinde y\u00fckselen ulus\u00e7ulu\u011fu; reformcu M\u00fcsl\u00fcman entelekt\u00fcellerin Ekim Devrimi\u2019nin ve sosyalist ak\u0131mlar\u0131n r\u00fczg\u00e2r\u0131nda \u0130slamile\u015fmi\u015f k\u00fclt\u00fcr\u00fc modern d\u00fcnyaya intibak ettirme \u00e7abalar\u0131n\u0131 ve Bat\u0131\u2019n\u0131n d\u00fcnya egemenli\u011fi kar\u015f\u0131s\u0131nda \u0130slamile\u015fmi\u015f k\u00fclt\u00fcrel miras\u0131n modern bir d\u00fcnyada bize hangi yeni olanaklar\u0131 sundu\u011funu ve bizi hangi \u00e7\u0131kmazlara soktu\u011funu g\u00f6zler \u00f6n\u00fcne seriyor.<\/p>\n","protected":false},"excerpt":{"rendered":"<p>1. cilt M\u00fcsl\u00fcmanlara Kur\u2019an\u2019da \u201cSiz insanl\u0131k i\u00e7in \u00e7\u0131kar\u0131lm\u0131\u015f en hay\u0131rl\u0131 \u00fcmmetsiniz, do\u011fruyu emreder, yanl\u0131\u015ftan men edersiniz ve Allah\u2019a iman edersiniz\u201d ayetiyle g\u00fcvence verilir. Bu ayete samimiyetle<span class=\"excerpt-hellip\"> [\u2026]<\/span><\/p>\n","protected":false},"featured_media":0,"template":"","meta":{"_monsterinsights_skip_tracking":false,"_monsterinsights_sitenote_active":false,"_monsterinsights_sitenote_note":"","_monsterinsights_sitenote_category":0},"product_brand":[],"product_cat":[12718,12719,18109],"product_tag":[],"class_list":{"0":"post-712009","1":"product","2":"type-product","3":"status-publish","5":"product_cat-din","6":"product_cat-islam","7":"product_cat-islam-tarihi","8":"pa_cilt-takim","9":"pa_tur-kitap","10":"pa_yayinevi-phoenix-yayinevi","11":"pa_yazar-marshall-g-s-hodgson","13":"first","14":"instock","15":"sale","16":"shipping-taxable","17":"purchasable","18":"product-type-simple"},"_links":{"self":[{"href":"https:\/\/roveyayinevi.com.tr\/index.php\/wp-json\/wp\/v2\/product\/712009","targetHints":{"allow":["GET"]}}],"collection":[{"href":"https:\/\/roveyayinevi.com.tr\/index.php\/wp-json\/wp\/v2\/product"}],"about":[{"href":"https:\/\/roveyayinevi.com.tr\/index.php\/wp-json\/wp\/v2\/types\/product"}],"wp:attachment":[{"href":"https:\/\/roveyayinevi.com.tr\/index.php\/wp-json\/wp\/v2\/media?parent=712009"}],"wp:term":[{"taxonomy":"product_brand","embeddable":true,"href":"https:\/\/roveyayinevi.com.tr\/index.php\/wp-json\/wp\/v2\/product_brand?post=712009"},{"taxonomy":"product_cat","embeddable":true,"href":"https:\/\/roveyayinevi.com.tr\/index.php\/wp-json\/wp\/v2\/product_cat?post=712009"},{"taxonomy":"product_tag","embeddable":true,"href":"https:\/\/roveyayinevi.com.tr\/index.php\/wp-json\/wp\/v2\/product_tag?post=712009"}],"curies":[{"name":"wp","href":"https:\/\/api.w.org\/{rel}","templated":true}]}}