{"id":712004,"date":"2025-08-27T16:51:24","date_gmt":"2025-08-27T13:51:24","guid":{"rendered":"https:\/\/roveyayinevi.com.tr\/index.php\/urun\/pistacyo\/"},"modified":"2026-03-09T02:25:28","modified_gmt":"2026-03-08T23:25:28","slug":"pistacyo","status":"publish","type":"product","link":"https:\/\/roveyayinevi.com.tr\/index.php\/urun\/pistacyo\/","title":{"rendered":"Pista\u00e7yo"},"content":{"rendered":"<p>Hayal kuranlara Pista\u00e7yo denir   Bir adan\u0131n tepesinde ya\u015far Pista\u00e7yo. T\u0131k\u0131r t\u0131k\u0131r, f\u0131k\u0131r f\u0131k\u0131r hayal kurar. En \u00e7ok yapmak istedi\u011fi \u015fey sihirli g\u00f6kku\u015fa\u011f\u0131n\u0131 yak\u0131ndan g\u00f6rmektir. Oraya varaca\u011f\u0131n\u0131 kimse d\u00fc\u015f\u00fcnemese de yola \u00e7\u0131kar. Hayallerine ba\u015fka kimsenin inanmamas\u0131, ger\u00e7ekle\u015fmeyece\u011fi anlam\u0131na gelmez.   Pista\u00e7yo, kendine inanan ve kim ne derse desin yolundan \u015fa\u015fmayanlar\u0131n hik\u00e2yesi. <\/p>\n","protected":false},"excerpt":{"rendered":"<p>Hayal kuranlara Pista\u00e7yo denir Bir adan\u0131n tepesinde ya\u015far Pista\u00e7yo. T\u0131k\u0131r t\u0131k\u0131r, f\u0131k\u0131r f\u0131k\u0131r hayal kurar. En \u00e7ok yapmak istedi\u011fi \u015fey sihirli g\u00f6kku\u015fa\u011f\u0131n\u0131 yak\u0131ndan g\u00f6rmektir. Oraya varaca\u011f\u0131n\u0131<span class=\"excerpt-hellip\"> [\u2026]<\/span><\/p>\n","protected":false},"featured_media":0,"template":"","meta":{"_monsterinsights_skip_tracking":false,"_monsterinsights_sitenote_active":false,"_monsterinsights_sitenote_note":"","_monsterinsights_sitenote_category":0},"product_brand":[],"product_cat":[12913,12274],"product_tag":[],"class_list":{"0":"post-712004","1":"product","2":"type-product","3":"status-publish","5":"product_cat-3-6-yas-kitaplari","6":"product_cat-cocuk-ve-genclik-kitaplari","7":"pa_cilt-ciltsiz","8":"pa_tur-kitap","9":"pa_yayinevi-cinar-yayinlari","10":"pa_yazar-ozlem-dilber","12":"first","13":"instock","14":"sale","15":"shipping-taxable","16":"purchasable","17":"product-type-simple"},"_links":{"self":[{"href":"https:\/\/roveyayinevi.com.tr\/index.php\/wp-json\/wp\/v2\/product\/712004","targetHints":{"allow":["GET"]}}],"collection":[{"href":"https:\/\/roveyayinevi.com.tr\/index.php\/wp-json\/wp\/v2\/product"}],"about":[{"href":"https:\/\/roveyayinevi.com.tr\/index.php\/wp-json\/wp\/v2\/types\/product"}],"wp:attachment":[{"href":"https:\/\/roveyayinevi.com.tr\/index.php\/wp-json\/wp\/v2\/media?parent=712004"}],"wp:term":[{"taxonomy":"product_brand","embeddable":true,"href":"https:\/\/roveyayinevi.com.tr\/index.php\/wp-json\/wp\/v2\/product_brand?post=712004"},{"taxonomy":"product_cat","embeddable":true,"href":"https:\/\/roveyayinevi.com.tr\/index.php\/wp-json\/wp\/v2\/product_cat?post=712004"},{"taxonomy":"product_tag","embeddable":true,"href":"https:\/\/roveyayinevi.com.tr\/index.php\/wp-json\/wp\/v2\/product_tag?post=712004"}],"curies":[{"name":"wp","href":"https:\/\/api.w.org\/{rel}","templated":true}]}}