{"id":711998,"date":"2025-08-27T16:51:21","date_gmt":"2025-08-27T13:51:21","guid":{"rendered":"https:\/\/roveyayinevi.com.tr\/index.php\/urun\/radamel-falcao-futbolun-devleri\/"},"modified":"2025-08-31T15:18:30","modified_gmt":"2025-08-31T12:18:30","slug":"radamel-falcao-futbolun-devleri","status":"publish","type":"product","link":"https:\/\/roveyayinevi.com.tr\/index.php\/urun\/radamel-falcao-futbolun-devleri\/","title":{"rendered":"Radamel Falcao &#8211; Futbolun Devleri"},"content":{"rendered":"<p>UEFA AVRUPA L\u0130G\u0130 GOL KRALI\u2026 Radamel Falcao Garcia Z\u00e1rate ya da k\u0131saca Falcao\u2026 Kolombiyal\u0131\u2026 Ya\u015fayan en iyi santraforlardan biri\u2026 Lakab\u0131: El Tigre\u2026 UEFA Avrupa Ligi Gol Kral\u0131\u2026 14 ma\u00e7ta 17 gol atarak J\u00fcrgen Klinsmann\u2019a ait rekoru k\u0131ran bir futbol sihirbaz\u0131\u2026 2 sezon art arda 2 farkl\u0131 kul\u00fcpte UEFA Avrupa Ligi\u2019nin kazanan ilk futbolcu\u2026 Atletico tak\u0131m\u0131yla S\u00fcper Kupa\u2019ya uzanan, yan\u0131 s\u0131ra da organizasyon tarihinde hat trick yapan, yani bir ma\u00e7ta 3 gol atmay\u0131 ba\u015faran ikinci oyuncu\u2026 \u0130ni\u015flerle \u00e7\u0131k\u0131\u015flarla s\u00fcren bir kariyer\u2026 Sakatl\u0131klar\u2026 Bol s\u0131f\u0131rl\u0131 transferler\u2026 Biterken ba\u015flayan yeni hik\u00e2yeler\u2026 Aile hayat\u0131n\u0131n \u00f6nemi\u2026 E\u011fitimin vazge\u00e7ilmezli\u011fi\u2026 Onun hayat\u0131, futbolun tekni\u011fi kadar teorisinin de ne kadar \u00f6nemli oldu\u011funun kan\u0131t\u0131\u2026 <\/p>\n","protected":false},"excerpt":{"rendered":"<p>UEFA AVRUPA L\u0130G\u0130 GOL KRALI\u2026 Radamel Falcao Garcia Z\u00e1rate ya da k\u0131saca Falcao\u2026 Kolombiyal\u0131\u2026 Ya\u015fayan en iyi santraforlardan biri\u2026 Lakab\u0131: El Tigre\u2026 UEFA Avrupa Ligi Gol<span class=\"excerpt-hellip\"> [\u2026]<\/span><\/p>\n","protected":false},"featured_media":0,"template":"","meta":{"_monsterinsights_skip_tracking":false,"_monsterinsights_sitenote_active":false,"_monsterinsights_sitenote_note":"","_monsterinsights_sitenote_category":0},"product_brand":[],"product_cat":[15563,15564],"product_tag":[],"class_list":{"0":"post-711998","1":"product","2":"type-product","3":"status-publish","5":"product_cat-hobi","6":"product_cat-spor","7":"pa_cilt-ciltsiz","8":"pa_tur-kitap","9":"pa_yayinevi-cizmeli-kedi-yayinlari","10":"pa_yazar-murat-aksoy","12":"first","13":"instock","14":"sale","15":"shipping-taxable","16":"purchasable","17":"product-type-simple"},"_links":{"self":[{"href":"https:\/\/roveyayinevi.com.tr\/index.php\/wp-json\/wp\/v2\/product\/711998","targetHints":{"allow":["GET"]}}],"collection":[{"href":"https:\/\/roveyayinevi.com.tr\/index.php\/wp-json\/wp\/v2\/product"}],"about":[{"href":"https:\/\/roveyayinevi.com.tr\/index.php\/wp-json\/wp\/v2\/types\/product"}],"wp:attachment":[{"href":"https:\/\/roveyayinevi.com.tr\/index.php\/wp-json\/wp\/v2\/media?parent=711998"}],"wp:term":[{"taxonomy":"product_brand","embeddable":true,"href":"https:\/\/roveyayinevi.com.tr\/index.php\/wp-json\/wp\/v2\/product_brand?post=711998"},{"taxonomy":"product_cat","embeddable":true,"href":"https:\/\/roveyayinevi.com.tr\/index.php\/wp-json\/wp\/v2\/product_cat?post=711998"},{"taxonomy":"product_tag","embeddable":true,"href":"https:\/\/roveyayinevi.com.tr\/index.php\/wp-json\/wp\/v2\/product_tag?post=711998"}],"curies":[{"name":"wp","href":"https:\/\/api.w.org\/{rel}","templated":true}]}}