{"id":711995,"date":"2025-08-27T16:51:20","date_gmt":"2025-08-27T13:51:20","guid":{"rendered":"https:\/\/roveyayinevi.com.tr\/index.php\/urun\/ben-neyim\/"},"modified":"2026-04-16T02:20:36","modified_gmt":"2026-04-15T23:20:36","slug":"ben-neyim","status":"publish","type":"product","link":"https:\/\/roveyayinevi.com.tr\/index.php\/urun\/ben-neyim\/","title":{"rendered":"Ben Ney&#8217;im"},"content":{"rendered":"<p>\u201cBa\u015fkalar\u0131n\u0131n g\u00fcr\u00fclt\u00fcs\u00fcn\u00fc de\u011fil, kalbinin f\u0131s\u0131lt\u0131s\u0131n\u0131 dinle&#8230;\u201d Bu bir yolculuk. Neyin sazl\u0131kta ba\u015flay\u0131p neyzenin nefesiyle ruh buldu\u011fu olgunla\u015fma yolculu\u011fu&#8230; Kap\u0131lar\u0131 sana a\u00e7\u0131lan, sende ba\u015flay\u0131p sende biten bir tek\u00e2m\u00fcl&#8230; \u0130li\u015fkinde, bedeninde, zihninde ve kazanc\u0131nda hayat\u0131n\u0131 dengelemek yolunda verdi\u011fin b\u00fct\u00fcn \u00e7abalar\u0131na rehberlik etmek \u00fczere yaz\u0131lm\u0131\u015f olan bu kitap, bir ba\u015f\u0131na aralamay\u0131 ba\u015faramad\u0131\u011f\u0131n kap\u0131lar\u0131 ard\u0131na kadar a\u00e7abilmek i\u00e7in bulu\u015ftu seninle. Asl\u0131nda muhta\u00e7 oldu\u011fun bilgi hep ortadayd\u0131. Yaradan seninle her an konu\u015ftu ama duyamad\u0131n, \u00e7\u00fcnk\u00fc zihnin fazla g\u00fcr\u00fclt\u00fcl\u00fcyd\u00fc. Sana yard\u0131mc\u0131 olabilecek insanlar hep vard\u0131 ama sen onlar\u0131 hayat\u0131na dahil etmedin \u00e7\u00fcnk\u00fc kalbin ba\u015fkalar\u0131na g\u00fcvenmeyi unuttu. \u00d6n\u00fcne \u00e7\u0131kan her engelden ka\u00e7\u0131nd\u0131n, \u00e7\u00fcnk\u00fc i\u00e7inde uykuya b\u0131rakt\u0131\u011f\u0131n potansiyelinden \u00e7oktan vazge\u00e7tin. Her \u015feyin asl\u0131nda m\u00fcmk\u00fcn olabilece\u011fine dair inanc\u0131n\u0131 yitirdin. Hayat\u0131n i\u00e7inde kazanmak, ba\u015farmak ve yeti\u015fmek i\u00e7in s\u00fcrekli ko\u015fturdun ama hi\u00e7bir \u015feye yeti\u015femedin \u00e7\u00fcnk\u00fc zaman seni art\u0131k esir ald\u0131. \u00d6yle h\u0131zl\u0131s\u0131n, \u00f6yle me\u015fguls\u00fcn ki, bedenin art\u0131k ruhunun \u00f6n\u00fcne ge\u00e7ti. \u015eimdi bu kitapta durmay\u0131 \u00f6\u011freneceksin. Yava\u015fl\u0131\u011f\u0131 ke\u015ffetti\u011finde bedenin ruhuna kavu\u015fman\u0131n co\u015fkusunu ya\u015fayacak. Burada do\u011fru nefes almay\u0131 \u00f6\u011freneceksin. \u0130li\u015fkilerini, i\u015fini, kazanc\u0131n\u0131 ve sa\u011fl\u0131\u011f\u0131n\u0131 yeniden in\u015fa edeceksin. Unuttu\u011fun ne varsa, \u015fimdi her \u015feyi hat\u0131rlayacaks\u0131n. Kendinden yeni bir sen var edeceksin. Memnun olmad\u0131\u011f\u0131n her \u015feyi y\u0131kma ve yeniden in\u015fa etme zaman\u0131. Korkma, ihtiyac\u0131n olan g\u00fc\u00e7 sende zaten var. Ben sadece bulmana yard\u0131m edece\u011fim&#8230; <\/p>\n","protected":false},"excerpt":{"rendered":"<p>\u201cBa\u015fkalar\u0131n\u0131n g\u00fcr\u00fclt\u00fcs\u00fcn\u00fc de\u011fil, kalbinin f\u0131s\u0131lt\u0131s\u0131n\u0131 dinle&#8230;\u201d Bu bir yolculuk. Neyin sazl\u0131kta ba\u015flay\u0131p neyzenin nefesiyle ruh buldu\u011fu olgunla\u015fma yolculu\u011fu&#8230; Kap\u0131lar\u0131 sana a\u00e7\u0131lan, sende ba\u015flay\u0131p sende biten bir<span class=\"excerpt-hellip\"> [\u2026]<\/span><\/p>\n","protected":false},"featured_media":0,"template":"","meta":{"_monsterinsights_skip_tracking":false,"_monsterinsights_sitenote_active":false,"_monsterinsights_sitenote_note":"","_monsterinsights_sitenote_category":0},"product_brand":[],"product_cat":[12718,12719,15238],"product_tag":[],"class_list":{"0":"post-711995","1":"product","2":"type-product","3":"status-publish","5":"product_cat-din","6":"product_cat-islam","7":"product_cat-tasavvuf","8":"pa_cilt-ciltsiz","9":"pa_tur-kitap","10":"pa_yayinevi-destek-yayinlari","11":"pa_yazar-hakan-menguc","13":"first","14":"instock","15":"sale","16":"shipping-taxable","17":"purchasable","18":"product-type-simple"},"_links":{"self":[{"href":"https:\/\/roveyayinevi.com.tr\/index.php\/wp-json\/wp\/v2\/product\/711995","targetHints":{"allow":["GET"]}}],"collection":[{"href":"https:\/\/roveyayinevi.com.tr\/index.php\/wp-json\/wp\/v2\/product"}],"about":[{"href":"https:\/\/roveyayinevi.com.tr\/index.php\/wp-json\/wp\/v2\/types\/product"}],"wp:attachment":[{"href":"https:\/\/roveyayinevi.com.tr\/index.php\/wp-json\/wp\/v2\/media?parent=711995"}],"wp:term":[{"taxonomy":"product_brand","embeddable":true,"href":"https:\/\/roveyayinevi.com.tr\/index.php\/wp-json\/wp\/v2\/product_brand?post=711995"},{"taxonomy":"product_cat","embeddable":true,"href":"https:\/\/roveyayinevi.com.tr\/index.php\/wp-json\/wp\/v2\/product_cat?post=711995"},{"taxonomy":"product_tag","embeddable":true,"href":"https:\/\/roveyayinevi.com.tr\/index.php\/wp-json\/wp\/v2\/product_tag?post=711995"}],"curies":[{"name":"wp","href":"https:\/\/api.w.org\/{rel}","templated":true}]}}