{"id":711985,"date":"2025-08-27T16:51:15","date_gmt":"2025-08-27T13:51:15","guid":{"rendered":"https:\/\/roveyayinevi.com.tr\/index.php\/urun\/yeni-cin-seddi-cinin-uluslararasi-para-iliskilerinde-guc-ve-siyaset\/"},"modified":"2026-04-16T02:20:36","modified_gmt":"2026-04-15T23:20:36","slug":"yeni-cin-seddi-cinin-uluslararasi-para-iliskilerinde-guc-ve-siyaset","status":"publish","type":"product","link":"https:\/\/roveyayinevi.com.tr\/index.php\/urun\/yeni-cin-seddi-cinin-uluslararasi-para-iliskilerinde-guc-ve-siyaset\/","title":{"rendered":"Yeni \u00c7in Seddi: \u00c7in\u2019in Uluslararas\u0131 Para \u0130li\u015fkilerinde G\u00fc\u00e7 Ve Siyaset"},"content":{"rendered":"<p>D\u00fcnyan\u0131n en b\u00fcy\u00fck d\u00f6viz rezervini elinde tutan \u00c7in, uluslararas\u0131 para sisteminin \u00f6nemli bir oyuncusu. De\u011fi\u015fen d\u00fczende de \u00f6nemi artacak. \u00c7in\u2019in para birimi renminbi \u015fimdiden ABD\u2019yle \u00c7in\u2019in g\u00fc\u00e7 dengelerini de\u011fi\u015ftirdi. \u00c7in uluslararas\u0131 para ili\u015fkilerinde ne t\u00fcr bir g\u00fc\u00e7 elde ediyor? \u00c7in h\u00fck\u00fcmetinin \u00f6ncelikleri ve niyeti neler, tercihleri nas\u0131l a\u00e7\u0131klanabilir? Yeni \u00c7in Seddi\u2019nde, siyasal iktisat ve \u00c7in konular\u0131nda uzman ara\u015ft\u0131rmac\u0131lar, \u00c7in\u2019in uluslararas\u0131 para ili\u015fkilerinde siyasetin ve g\u00fcc\u00fcn oynad\u0131\u011f\u0131 kilit rol\u00fc ve \u00c7in\u2019in siyasal tercihlerinin ard\u0131ndaki farkl\u0131 g\u00fcd\u00fcleri inceliyor. \u00c7in\u2019in uluslararas\u0131 para siyasetini ayd\u0131nlatarak y\u00fckseli\u015finin ekonomik ili\u015fkiler \u00fczerindeki etkilerine, renminbinin uluslararas\u0131la\u015fmas\u0131n\u0131n ve \u00fclkenin \u00fcst\u00fcnl\u00fc\u011f\u00fcn\u00fcn gelecekteki sonu\u00e7lar\u0131na dair k\u00fcresel bir a\u00e7\u0131klama sunuyorlar. Eric Helleiner, Waterloo \u00dcniversitesi ve Balsillie Uluslararas\u0131 \u0130li\u015fkiler Okulu\u2019nda Edebiyat Fak\u00fcltesi Siyasal \u0130ktisat B\u00f6l\u00fcm\u00fc Ba\u015fkan\u0131 ve Siyaset Bilimi B\u00f6l\u00fcm\u00fc\u2019nde profes\u00f6r. Jonathan Kirshner, Cornell \u00dcniversitesi Kamu Y\u00f6netimi B\u00f6l\u00fcm\u00fc\u2019nde Stephen ve Barbara Friedman Uluslararas\u0131 Siyasal \u0130ktisat Profes\u00f6r\u00fc ve Reppy Bar\u0131\u015f ve \u00c7at\u0131\u015fma Ara\u015ft\u0131rmalar\u0131 Enstit\u00fcs\u00fc Direkt\u00f6r\u00fc. <\/p>\n","protected":false},"excerpt":{"rendered":"<p>D\u00fcnyan\u0131n en b\u00fcy\u00fck d\u00f6viz rezervini elinde tutan \u00c7in, uluslararas\u0131 para sisteminin \u00f6nemli bir oyuncusu. De\u011fi\u015fen d\u00fczende de \u00f6nemi artacak. \u00c7in\u2019in para birimi renminbi \u015fimdiden ABD\u2019yle \u00c7in\u2019in<span class=\"excerpt-hellip\"> [\u2026]<\/span><\/p>\n","protected":false},"featured_media":0,"template":"","meta":{"_monsterinsights_skip_tracking":false,"_monsterinsights_sitenote_active":false,"_monsterinsights_sitenote_note":"","_monsterinsights_sitenote_category":0},"product_brand":[],"product_cat":[13044,13043],"product_tag":[],"class_list":{"0":"post-711985","1":"product","2":"type-product","3":"status-publish","5":"product_cat-dunya-ekonomisi","6":"product_cat-ekonomi","7":"pa_cilt-ciltsiz","8":"pa_tur-kitap","9":"pa_yayinevi-koc-universitesi-yayinlari","10":"pa_yazar-eric-helleiner-jonathan-krishner","12":"first","13":"instock","14":"sale","15":"shipping-taxable","16":"purchasable","17":"product-type-simple"},"_links":{"self":[{"href":"https:\/\/roveyayinevi.com.tr\/index.php\/wp-json\/wp\/v2\/product\/711985","targetHints":{"allow":["GET"]}}],"collection":[{"href":"https:\/\/roveyayinevi.com.tr\/index.php\/wp-json\/wp\/v2\/product"}],"about":[{"href":"https:\/\/roveyayinevi.com.tr\/index.php\/wp-json\/wp\/v2\/types\/product"}],"wp:attachment":[{"href":"https:\/\/roveyayinevi.com.tr\/index.php\/wp-json\/wp\/v2\/media?parent=711985"}],"wp:term":[{"taxonomy":"product_brand","embeddable":true,"href":"https:\/\/roveyayinevi.com.tr\/index.php\/wp-json\/wp\/v2\/product_brand?post=711985"},{"taxonomy":"product_cat","embeddable":true,"href":"https:\/\/roveyayinevi.com.tr\/index.php\/wp-json\/wp\/v2\/product_cat?post=711985"},{"taxonomy":"product_tag","embeddable":true,"href":"https:\/\/roveyayinevi.com.tr\/index.php\/wp-json\/wp\/v2\/product_tag?post=711985"}],"curies":[{"name":"wp","href":"https:\/\/api.w.org\/{rel}","templated":true}]}}