{"id":711972,"date":"2025-08-27T16:51:08","date_gmt":"2025-08-27T13:51:08","guid":{"rendered":"https:\/\/roveyayinevi.com.tr\/index.php\/urun\/deneylerle-buyuleyici-doga\/"},"modified":"2026-04-16T02:20:36","modified_gmt":"2026-04-15T23:20:36","slug":"deneylerle-buyuleyici-doga","status":"publish","type":"product","link":"https:\/\/roveyayinevi.com.tr\/index.php\/urun\/deneylerle-buyuleyici-doga\/","title":{"rendered":"Deneylerle B\u00fcy\u00fcleyici Do\u011fa"},"content":{"rendered":"<p>\u2022 Do\u011fadaki hayvanlar ve bitkiler hakk\u0131nda ilgin\u00e7 haberler okuyun. \u2022 Canl\u0131lar aras\u0131ndaki benzerlikleri ke\u015ffedin. \u2022 Bitkiler ve hayvanlar \u00fczerinde \u00e7al\u0131\u015fan bilim insanlar\u0131 hakk\u0131nda bilgi edinin.  Canl\u0131lar\u0131n \u00f6zelliklerini inceleyin ve deneyler yap\u0131n. <\/p>\n","protected":false},"excerpt":{"rendered":"<p>\u2022 Do\u011fadaki hayvanlar ve bitkiler hakk\u0131nda ilgin\u00e7 haberler okuyun. \u2022 Canl\u0131lar aras\u0131ndaki benzerlikleri ke\u015ffedin. \u2022 Bitkiler ve hayvanlar \u00fczerinde \u00e7al\u0131\u015fan bilim insanlar\u0131 hakk\u0131nda bilgi edinin. Canl\u0131lar\u0131n<span class=\"excerpt-hellip\"> [\u2026]<\/span><\/p>\n","protected":false},"featured_media":0,"template":"","meta":{"_monsterinsights_skip_tracking":false,"_monsterinsights_sitenote_active":false,"_monsterinsights_sitenote_note":"","_monsterinsights_sitenote_category":0},"product_brand":[],"product_cat":[13005,13006],"product_tag":[],"class_list":{"0":"post-711972","1":"product","2":"type-product","3":"status-publish","5":"product_cat-bilim-muhendislik","6":"product_cat-populer-bilim","7":"pa_cilt-ciltsiz","8":"pa_tur-kitap","9":"pa_yayinevi-teleskop-populer-bilim","10":"pa_yazar-tomislav-sencanski","12":"first","13":"instock","14":"sale","15":"shipping-taxable","16":"purchasable","17":"product-type-simple"},"_links":{"self":[{"href":"https:\/\/roveyayinevi.com.tr\/index.php\/wp-json\/wp\/v2\/product\/711972","targetHints":{"allow":["GET"]}}],"collection":[{"href":"https:\/\/roveyayinevi.com.tr\/index.php\/wp-json\/wp\/v2\/product"}],"about":[{"href":"https:\/\/roveyayinevi.com.tr\/index.php\/wp-json\/wp\/v2\/types\/product"}],"wp:attachment":[{"href":"https:\/\/roveyayinevi.com.tr\/index.php\/wp-json\/wp\/v2\/media?parent=711972"}],"wp:term":[{"taxonomy":"product_brand","embeddable":true,"href":"https:\/\/roveyayinevi.com.tr\/index.php\/wp-json\/wp\/v2\/product_brand?post=711972"},{"taxonomy":"product_cat","embeddable":true,"href":"https:\/\/roveyayinevi.com.tr\/index.php\/wp-json\/wp\/v2\/product_cat?post=711972"},{"taxonomy":"product_tag","embeddable":true,"href":"https:\/\/roveyayinevi.com.tr\/index.php\/wp-json\/wp\/v2\/product_tag?post=711972"}],"curies":[{"name":"wp","href":"https:\/\/api.w.org\/{rel}","templated":true}]}}