{"id":711950,"date":"2025-08-27T16:50:55","date_gmt":"2025-08-27T13:50:55","guid":{"rendered":"https:\/\/roveyayinevi.com.tr\/index.php\/urun\/bir-donemin-anatomisi-fetret-vicdanin-nefretle-mucadelesi\/"},"modified":"2026-04-16T02:20:35","modified_gmt":"2026-04-15T23:20:35","slug":"bir-donemin-anatomisi-fetret-vicdanin-nefretle-mucadelesi","status":"publish","type":"product","link":"https:\/\/roveyayinevi.com.tr\/index.php\/urun\/bir-donemin-anatomisi-fetret-vicdanin-nefretle-mucadelesi\/","title":{"rendered":"Bir D\u00f6nemin Anatomisi: Fetret Vicdan\u0131n Nefretle M\u00fccadelesi"},"content":{"rendered":"<p>\u0130nsanlar\u0131n \u00e7o\u011fu sevmekten, d\u00fc\u015f\u00fcnmekten, konu\u015fmaktan, ya\u015flanmaktan, unutulmaktan ve \u00f6lmekten korkar.Bu Fetret Devri\u2019nde korkular\u0131m\u0131z iktidar eliyle \u201cac\u0131lar\u0131m\u0131z\u201d oldu. Cumhuriyet\u2019in hi\u00e7bir d\u00f6neminde b\u00f6ylesi bir korku ve hukuksuzluk d\u00f6nemi ya\u015fanmad\u0131.Haks\u0131zl\u0131k, hukuksuzluk ve adaletsizli\u011fin \u00f6tesinde \u201ck\u00f6t\u00fcl\u00fc\u011f\u00fcn toplumsalla\u015fmas\u0131\u201d as\u0131l sorun\u2026Hi\u00e7bir d\u00f6nem kar\u015f\u0131l\u0131kl\u0131 vicdana, ho\u015fg\u00f6r\u00fcye, diyalo\u011fa b\u00f6ylesi ihtiya\u00e7 olmad\u0131.Cehaletin, nezaketsizli\u011fin ve g\u00f6rg\u00fcs\u00fczl\u00fc\u011f\u00fcn bu denli toplumsalla\u015ft\u0131\u011f\u0131 g\u00fcn\u00fcm\u00fczdeki bu kutupla\u015fma ve b\u00f6l\u00fcnm\u00fc\u015fl\u00fck art\u0131k tehdit olmaktan \u00f6te, varl\u0131\u011f\u0131m\u0131z i\u00e7in de b\u00fcy\u00fck bir tehlike\u2026Birlikte \u201cbiz\u201d olarak g\u00fczel g\u00fcnler i\u00e7in daha az hamaset ve daha az nefret ve \u00f6fkeye, daha \u00e7ok ho\u015fg\u00f6r\u00fc ve vicdana ihtiyac\u0131m\u0131z var. <\/p>\n","protected":false},"excerpt":{"rendered":"<p>\u0130nsanlar\u0131n \u00e7o\u011fu sevmekten, d\u00fc\u015f\u00fcnmekten, konu\u015fmaktan, ya\u015flanmaktan, unutulmaktan ve \u00f6lmekten korkar.Bu Fetret Devri\u2019nde korkular\u0131m\u0131z iktidar eliyle \u201cac\u0131lar\u0131m\u0131z\u201d oldu. Cumhuriyet\u2019in hi\u00e7bir d\u00f6neminde b\u00f6ylesi bir korku ve hukuksuzluk d\u00f6nemi<span class=\"excerpt-hellip\"> [\u2026]<\/span><\/p>\n","protected":false},"featured_media":0,"template":"","meta":{"_monsterinsights_skip_tracking":false,"_monsterinsights_sitenote_active":false,"_monsterinsights_sitenote_note":"","_monsterinsights_sitenote_category":0},"product_brand":[],"product_cat":[13590,12337],"product_tag":[],"class_list":{"0":"post-711950","1":"product","2":"type-product","3":"status-publish","5":"product_cat-arastirma-inceleme-politika-siyaset","6":"product_cat-politika-siyaset","7":"pa_cilt-ciltsiz","8":"pa_tur-kitap","9":"pa_yayinevi-halk-kitabevi","10":"pa_yazar-ceyhun-irgil","12":"first","13":"instock","14":"sale","15":"shipping-taxable","16":"purchasable","17":"product-type-simple"},"_links":{"self":[{"href":"https:\/\/roveyayinevi.com.tr\/index.php\/wp-json\/wp\/v2\/product\/711950","targetHints":{"allow":["GET"]}}],"collection":[{"href":"https:\/\/roveyayinevi.com.tr\/index.php\/wp-json\/wp\/v2\/product"}],"about":[{"href":"https:\/\/roveyayinevi.com.tr\/index.php\/wp-json\/wp\/v2\/types\/product"}],"wp:attachment":[{"href":"https:\/\/roveyayinevi.com.tr\/index.php\/wp-json\/wp\/v2\/media?parent=711950"}],"wp:term":[{"taxonomy":"product_brand","embeddable":true,"href":"https:\/\/roveyayinevi.com.tr\/index.php\/wp-json\/wp\/v2\/product_brand?post=711950"},{"taxonomy":"product_cat","embeddable":true,"href":"https:\/\/roveyayinevi.com.tr\/index.php\/wp-json\/wp\/v2\/product_cat?post=711950"},{"taxonomy":"product_tag","embeddable":true,"href":"https:\/\/roveyayinevi.com.tr\/index.php\/wp-json\/wp\/v2\/product_tag?post=711950"}],"curies":[{"name":"wp","href":"https:\/\/api.w.org\/{rel}","templated":true}]}}