{"id":711949,"date":"2025-08-27T16:50:55","date_gmt":"2025-08-27T13:50:55","guid":{"rendered":"https:\/\/roveyayinevi.com.tr\/index.php\/urun\/avrupa-birliginin-yeniden-insasi-avrupalilik-kimligi-tartismalari-ve-avrupa-birliginin-gelecegi\/"},"modified":"2026-04-16T02:20:35","modified_gmt":"2026-04-15T23:20:35","slug":"avrupa-birliginin-yeniden-insasi-avrupalilik-kimligi-tartismalari-ve-avrupa-birliginin-gelecegi","status":"publish","type":"product","link":"https:\/\/roveyayinevi.com.tr\/index.php\/urun\/avrupa-birliginin-yeniden-insasi-avrupalilik-kimligi-tartismalari-ve-avrupa-birliginin-gelecegi\/","title":{"rendered":"Avrupa Birli\u011fi&#8217;nin Yeniden \u0130n\u015fas\u0131 Avrupal\u0131l\u0131k Kimli\u011fi Tart\u0131\u015fmalar\u0131 ve Avrupa Birli\u011fi\u2019nin Gelece\u011fi"},"content":{"rendered":"<p>Avrupa Birli\u011fi XXI. y\u00fczy\u0131lda \u00e7e\u015fitli krizlerle kar\u015f\u0131la\u015fm\u0131\u015f, varl\u0131k gerek\u00e7esi ve gelece\u011fi tart\u0131\u015fmaya a\u00e7\u0131lm\u0131\u015ft\u0131r. 11 Eyl\u00fcl 2001 tarihinde ger\u00e7ekle\u015fen ter\u00f6r sald\u0131r\u0131lar\u0131 ve bunun sonu\u00e7lar\u0131, 2005 y\u0131l\u0131nda ya\u015fanan Anayasa Krizi (Referandum Krizi), 2008 y\u0131l\u0131nda ba\u015flayan K\u00fcresel Ekonomik ve Finansal Kriz (Euro Krizi) ve 2016 y\u0131l\u0131nda \u0130ngiltere\u2019nin Avrupa Birli\u011fi\u2019nden ayr\u0131lma s\u00fcrecinin ba\u015flamas\u0131 (Brexit) entegrasyon projesinin yara almas\u0131na yol a\u00e7m\u0131\u015ft\u0131r. Orta ve Do\u011fu Avrupa \u00fclkelerinin hen\u00fcz daha haz\u0131r olmadan kontrols\u00fcz bir \u015fekilde Birli\u011fe d\u00e2hil edilmesi \u201chazmetme kapasitesi\u201d olarak ifade edilen soruna da sebep olmu\u015ftur. Avrupa Birli\u011fi; ter\u00f6r, yasad\u0131\u015f\u0131 g\u00f6\u00e7, b\u00f6lgesel \u00e7at\u0131\u015fma ve anla\u015fmazl\u0131klar\u0131n \u00e7\u00f6z\u00fcm\u00fc, enerji g\u00fcvenli\u011fi, g\u00f6\u00e7menlerin entegrasyonu, yabanc\u0131 d\u00fc\u015fmanl\u0131\u011f\u0131, \u0130sl\u00e2mofobi, k\u0131ta i\u00e7erisinde a\u015f\u0131r\u0131 sa\u011f\u0131n y\u00fckseli\u015fi gibi stratejik nitelikli sorunlar\u0131 \u00e7\u00f6zebilecek yap\u0131sal reformlar\u0131 da Birlik seviyesinde ger\u00e7ekle\u015ftirememi\u015ftir. Bu durum Avrupa Birli\u011fi\u2019nin gelece\u011fi tart\u0131\u015fmalar\u0131na yol a\u00e7m\u0131\u015ft\u0131r. Avrupa Birli\u011fi XXI. y\u00fczy\u0131lda olu\u015fan yeni jeopolitik durum kar\u015f\u0131s\u0131nda kendisini yeniden tan\u0131mlamak ve in\u015fa etmek durumundad\u0131r.   Dr. Ufuk Cerrah <\/p>\n","protected":false},"excerpt":{"rendered":"<p>Avrupa Birli\u011fi XXI. y\u00fczy\u0131lda \u00e7e\u015fitli krizlerle kar\u015f\u0131la\u015fm\u0131\u015f, varl\u0131k gerek\u00e7esi ve gelece\u011fi tart\u0131\u015fmaya a\u00e7\u0131lm\u0131\u015ft\u0131r. 11 Eyl\u00fcl 2001 tarihinde ger\u00e7ekle\u015fen ter\u00f6r sald\u0131r\u0131lar\u0131 ve bunun sonu\u00e7lar\u0131, 2005 y\u0131l\u0131nda ya\u015fanan<span class=\"excerpt-hellip\"> [\u2026]<\/span><\/p>\n","protected":false},"featured_media":0,"template":"","meta":{"_monsterinsights_skip_tracking":false,"_monsterinsights_sitenote_active":false,"_monsterinsights_sitenote_note":"","_monsterinsights_sitenote_category":0},"product_brand":[],"product_cat":[13590,12337],"product_tag":[],"class_list":{"0":"post-711949","1":"product","2":"type-product","3":"status-publish","5":"product_cat-arastirma-inceleme-politika-siyaset","6":"product_cat-politika-siyaset","7":"pa_cilt-ciltsiz","8":"pa_tur-kitap","9":"pa_yayinevi-hitabevi-yayinlari","10":"pa_yazar-ufuk-cerrah","12":"first","13":"instock","14":"sale","15":"shipping-taxable","16":"purchasable","17":"product-type-simple"},"_links":{"self":[{"href":"https:\/\/roveyayinevi.com.tr\/index.php\/wp-json\/wp\/v2\/product\/711949","targetHints":{"allow":["GET"]}}],"collection":[{"href":"https:\/\/roveyayinevi.com.tr\/index.php\/wp-json\/wp\/v2\/product"}],"about":[{"href":"https:\/\/roveyayinevi.com.tr\/index.php\/wp-json\/wp\/v2\/types\/product"}],"wp:attachment":[{"href":"https:\/\/roveyayinevi.com.tr\/index.php\/wp-json\/wp\/v2\/media?parent=711949"}],"wp:term":[{"taxonomy":"product_brand","embeddable":true,"href":"https:\/\/roveyayinevi.com.tr\/index.php\/wp-json\/wp\/v2\/product_brand?post=711949"},{"taxonomy":"product_cat","embeddable":true,"href":"https:\/\/roveyayinevi.com.tr\/index.php\/wp-json\/wp\/v2\/product_cat?post=711949"},{"taxonomy":"product_tag","embeddable":true,"href":"https:\/\/roveyayinevi.com.tr\/index.php\/wp-json\/wp\/v2\/product_tag?post=711949"}],"curies":[{"name":"wp","href":"https:\/\/api.w.org\/{rel}","templated":true}]}}