{"id":711947,"date":"2025-08-27T16:50:54","date_gmt":"2025-08-27T13:50:54","guid":{"rendered":"https:\/\/roveyayinevi.com.tr\/index.php\/urun\/yuregimin-kislarinda-butun-siirleri\/"},"modified":"2026-04-16T02:20:35","modified_gmt":"2026-04-15T23:20:35","slug":"yuregimin-kislarinda-butun-siirleri","status":"publish","type":"product","link":"https:\/\/roveyayinevi.com.tr\/index.php\/urun\/yuregimin-kislarinda-butun-siirleri\/","title":{"rendered":"Y\u00fcre\u011fimin K\u0131\u015flar\u0131nda &#8211; B\u00fct\u00fcn \u015eiirleri"},"content":{"rendered":"<p>Ahmed \u015eamlu (1925-2000) \u00c7a\u011fda\u015f \u0130ran \u015fiirinin kurucu adlar\u0131ndan Ahmed\u015eamlu, Fars dilinin H\u00e2f\u0131z\u2019la birlikte en \u00e7ok okunan \u015fairidir. Yu\u0308zy\u0131l\u0131n ba\u015f\u0131ndaN\u00eem\u00e2Y\u00fb\u015fi\u00e7\u2019in ba\u015flatt\u0131\u011f\u0131 geleneksel kal\u0131plar i\u00e7inde serbestle\u015fme tutumunu, geni\u015f\u00e7eperlerde devrimci bir d\u00f6nu\u0308\u015fu\u0308mleta\u00e7land\u0131rm\u0131\u015ft\u0131r. Bu\u0308yu\u0308k Do\u011fu \u015fiirindenbeslenen birikimini Mayakovskiy\u2019denLorca\u2019ya, Eluard\u2019dan N\u00e2z\u0131m ve Ritsos\u2019a\u00e7a\u011fda\u015f Bat\u0131 \u015fiirinin ba\u015fat adlar\u0131ndan esinlerle kayna\u015ft\u0131ran \u015eamlu\u2019nun \u015fiiri,\u0130ran halk\u0131n\u0131n otokrat despotlar\u0131n bask\u0131s\u0131 alt\u0131nda ya\u015fad\u0131\u011f\u0131 ola\u011fanu\u0308stu\u0308 ac\u0131lar\u0131nbirinci dereceden \u00f6znesi ve tan\u0131\u011f\u0131d\u0131r. Fu\u0308r\u00fb\u011fFerruhzad\u2019\u0131n deyi\u015fiyle \u201cderinli\u011findeya\u015fam\u0131 ve gu\u0308ne\u015fi \u00e7a\u011f\u0131ran bir \u00e7ocu\u011fun gezindi\u011fi\u201d bu tan\u0131kl\u0131k, toplumsaldevinimin al\u00e7al\u0131p yu\u0308kselen ritmine g\u00f6re bi\u00e7imler alm\u0131\u015f, umut-umutsuzluk,at\u0131lganl\u0131k-i\u00e7e kapan\u0131\u015f, bireysel \u00e7alkant\u0131lar-kitlesel ba\u015fkald\u0131r\u0131 eksenlerinde lirikbir sese bu\u0308ru\u0308nerekbu\u0308tu\u0308nu\u0308yle kendine \u00f6zgu\u0308 bir \u015fiir yaratm\u0131\u015ft\u0131r. <\/p>\n","protected":false},"excerpt":{"rendered":"<p>Ahmed \u015eamlu (1925-2000) \u00c7a\u011fda\u015f \u0130ran \u015fiirinin kurucu adlar\u0131ndan Ahmed\u015eamlu, Fars dilinin H\u00e2f\u0131z\u2019la birlikte en \u00e7ok okunan \u015fairidir. Yu\u0308zy\u0131l\u0131n ba\u015f\u0131ndaN\u00eem\u00e2Y\u00fb\u015fi\u00e7\u2019in ba\u015flatt\u0131\u011f\u0131 geleneksel kal\u0131plar i\u00e7inde serbestle\u015fme tutumunu, geni\u015f\u00e7eperlerde<span class=\"excerpt-hellip\"> [\u2026]<\/span><\/p>\n","protected":false},"featured_media":0,"template":"","meta":{"_monsterinsights_skip_tracking":false,"_monsterinsights_sitenote_active":false,"_monsterinsights_sitenote_note":"","_monsterinsights_sitenote_category":0},"product_brand":[],"product_cat":[12291,12509],"product_tag":[],"class_list":{"0":"post-711947","1":"product","2":"type-product","3":"status-publish","5":"product_cat-edebiyat","6":"product_cat-siir","7":"pa_cilt-ciltsiz","8":"pa_tur-kitap","9":"pa_yayinevi-ayrinti-yayinlari","10":"pa_yazar-ahmed-samlu","12":"first","13":"instock","14":"sale","15":"shipping-taxable","16":"purchasable","17":"product-type-simple"},"_links":{"self":[{"href":"https:\/\/roveyayinevi.com.tr\/index.php\/wp-json\/wp\/v2\/product\/711947","targetHints":{"allow":["GET"]}}],"collection":[{"href":"https:\/\/roveyayinevi.com.tr\/index.php\/wp-json\/wp\/v2\/product"}],"about":[{"href":"https:\/\/roveyayinevi.com.tr\/index.php\/wp-json\/wp\/v2\/types\/product"}],"wp:attachment":[{"href":"https:\/\/roveyayinevi.com.tr\/index.php\/wp-json\/wp\/v2\/media?parent=711947"}],"wp:term":[{"taxonomy":"product_brand","embeddable":true,"href":"https:\/\/roveyayinevi.com.tr\/index.php\/wp-json\/wp\/v2\/product_brand?post=711947"},{"taxonomy":"product_cat","embeddable":true,"href":"https:\/\/roveyayinevi.com.tr\/index.php\/wp-json\/wp\/v2\/product_cat?post=711947"},{"taxonomy":"product_tag","embeddable":true,"href":"https:\/\/roveyayinevi.com.tr\/index.php\/wp-json\/wp\/v2\/product_tag?post=711947"}],"curies":[{"name":"wp","href":"https:\/\/api.w.org\/{rel}","templated":true}]}}