{"id":711888,"date":"2025-08-27T16:50:24","date_gmt":"2025-08-27T13:50:24","guid":{"rendered":"https:\/\/roveyayinevi.com.tr\/index.php\/urun\/turk-edebiyatinda-sairler-ve-yazarlar-kartlari\/"},"modified":"2026-04-03T02:26:11","modified_gmt":"2026-04-02T23:26:11","slug":"turk-edebiyatinda-sairler-ve-yazarlar-kartlari","status":"publish","type":"product","link":"https:\/\/roveyayinevi.com.tr\/index.php\/urun\/turk-edebiyatinda-sairler-ve-yazarlar-kartlari\/","title":{"rendered":"T\u00fcrk Edebiyat\u0131nda \u015eairler ve Yazarlar Kartlar\u0131"},"content":{"rendered":"<p>Bu eser, ba\u015flang\u0131\u00e7tan g\u00fcn\u00fcm\u00fcze T\u00fcrk edebiyat\u0131n\u0131n se\u00e7kin yazar ve \u015fairleri hakk\u0131nda bilgi i\u00e7ermektedir. Ya\u015famlar\u0131, edebi ki\u015filikleri ve eserleri hakk\u0131nda bilgi verilen bu sanat\u00e7\u0131lar; ba\u011fl\u0131 bulunduklar\u0131 d\u00f6nem ve topluluklar g\u00f6zetilerek s\u0131ralanm\u0131\u015ft\u0131r. \ufffcTan\u0131t\u0131m Metni<\/p>\n","protected":false},"excerpt":{"rendered":"<p>Bu eser, ba\u015flang\u0131\u00e7tan g\u00fcn\u00fcm\u00fcze T\u00fcrk edebiyat\u0131n\u0131n se\u00e7kin yazar ve \u015fairleri hakk\u0131nda bilgi i\u00e7ermektedir. Ya\u015famlar\u0131, edebi ki\u015filikleri ve eserleri hakk\u0131nda bilgi verilen bu sanat\u00e7\u0131lar; ba\u011fl\u0131 bulunduklar\u0131 d\u00f6nem<span class=\"excerpt-hellip\"> [\u2026]<\/span><\/p>\n","protected":false},"featured_media":0,"template":"","meta":{"_monsterinsights_skip_tracking":false,"_monsterinsights_sitenote_active":false,"_monsterinsights_sitenote_note":"","_monsterinsights_sitenote_category":0},"product_brand":[],"product_cat":[12566,13473,51998],"product_tag":[],"class_list":{"0":"post-711888","1":"product","2":"type-product","3":"status-publish","5":"product_cat-egitim","6":"product_cat-sinavlara-hazirlik-okula-yardimci-kaynaklar","7":"product_cat-yks-kitaplari","8":"pa_cilt-ciltsiz","9":"pa_tur-kitap10","10":"pa_yayinevi-delta-kultur-yayinevi","11":"pa_yazar-tufan-sahin","13":"first","14":"instock","15":"sale","16":"shipping-taxable","17":"purchasable","18":"product-type-simple"},"_links":{"self":[{"href":"https:\/\/roveyayinevi.com.tr\/index.php\/wp-json\/wp\/v2\/product\/711888","targetHints":{"allow":["GET"]}}],"collection":[{"href":"https:\/\/roveyayinevi.com.tr\/index.php\/wp-json\/wp\/v2\/product"}],"about":[{"href":"https:\/\/roveyayinevi.com.tr\/index.php\/wp-json\/wp\/v2\/types\/product"}],"wp:attachment":[{"href":"https:\/\/roveyayinevi.com.tr\/index.php\/wp-json\/wp\/v2\/media?parent=711888"}],"wp:term":[{"taxonomy":"product_brand","embeddable":true,"href":"https:\/\/roveyayinevi.com.tr\/index.php\/wp-json\/wp\/v2\/product_brand?post=711888"},{"taxonomy":"product_cat","embeddable":true,"href":"https:\/\/roveyayinevi.com.tr\/index.php\/wp-json\/wp\/v2\/product_cat?post=711888"},{"taxonomy":"product_tag","embeddable":true,"href":"https:\/\/roveyayinevi.com.tr\/index.php\/wp-json\/wp\/v2\/product_tag?post=711888"}],"curies":[{"name":"wp","href":"https:\/\/api.w.org\/{rel}","templated":true}]}}