{"id":711847,"date":"2025-08-27T16:50:02","date_gmt":"2025-08-27T13:50:02","guid":{"rendered":"https:\/\/roveyayinevi.com.tr\/index.php\/urun\/kiyidan-uzakta\/"},"modified":"2026-02-03T02:32:38","modified_gmt":"2026-02-02T23:32:38","slug":"kiyidan-uzakta","status":"publish","type":"product","link":"https:\/\/roveyayinevi.com.tr\/index.php\/urun\/kiyidan-uzakta\/","title":{"rendered":"K\u0131y\u0131dan Uzakta"},"content":{"rendered":"<p>Uzun bir mektup, merhamet istemeyen bir kad\u0131n, dalgal\u0131 deniz, i\u00e7libir itiraf ve \u201ccici k\u0131z\u0131n\u201d isyan\u0131, derin ve tatl\u0131 hazlar, k\u0131r\u0131k ve tutkulusevi\u015fmeler\u2026Mehmet Ero\u011flu, tarz\u0131n\u0131n \u00e7ok ama \u00e7ok d\u0131\u015f\u0131nda, ba\u015fka t\u00fcrl\u00fc bir hik\u00e2yeanlat\u0131yor, yalana dolana, s\u00fcr\u00fcs\u00fcyle yeknesakl\u0131\u011fa, bulutlu hayatameydan okuyan bir kad\u0131n\u0131 konu\u015fturuyor.K\u0131y\u0131dan Uzakta, \u00e7arp\u0131\u015fman\u0131n novellas\u0131, her \u015fey so\u011fuk ve solgunken,yaprak yaprak a\u00e7\u0131lan bir bahar a\u015fk\u0131yla \u015fa\u015f\u0131rt\u0131yor. <\/p>\n","protected":false},"excerpt":{"rendered":"<p>Uzun bir mektup, merhamet istemeyen bir kad\u0131n, dalgal\u0131 deniz, i\u00e7libir itiraf ve \u201ccici k\u0131z\u0131n\u201d isyan\u0131, derin ve tatl\u0131 hazlar, k\u0131r\u0131k ve tutkulusevi\u015fmeler\u2026Mehmet Ero\u011flu, tarz\u0131n\u0131n \u00e7ok ama<span class=\"excerpt-hellip\"> [\u2026]<\/span><\/p>\n","protected":false},"featured_media":0,"template":"","meta":{"_monsterinsights_skip_tracking":false,"_monsterinsights_sitenote_active":false,"_monsterinsights_sitenote_note":"","_monsterinsights_sitenote_category":0},"product_brand":[],"product_cat":[12291,12711],"product_tag":[],"class_list":{"0":"post-711847","1":"product","2":"type-product","3":"status-publish","5":"product_cat-edebiyat","6":"product_cat-roman-oyku","7":"pa_cilt-ciltsiz","8":"pa_tur-kitap","9":"pa_yayinevi-iletisim-yayinlari","10":"pa_yazar-mehmet-eroglu","12":"first","13":"instock","14":"sale","15":"shipping-taxable","16":"purchasable","17":"product-type-simple"},"_links":{"self":[{"href":"https:\/\/roveyayinevi.com.tr\/index.php\/wp-json\/wp\/v2\/product\/711847","targetHints":{"allow":["GET"]}}],"collection":[{"href":"https:\/\/roveyayinevi.com.tr\/index.php\/wp-json\/wp\/v2\/product"}],"about":[{"href":"https:\/\/roveyayinevi.com.tr\/index.php\/wp-json\/wp\/v2\/types\/product"}],"wp:attachment":[{"href":"https:\/\/roveyayinevi.com.tr\/index.php\/wp-json\/wp\/v2\/media?parent=711847"}],"wp:term":[{"taxonomy":"product_brand","embeddable":true,"href":"https:\/\/roveyayinevi.com.tr\/index.php\/wp-json\/wp\/v2\/product_brand?post=711847"},{"taxonomy":"product_cat","embeddable":true,"href":"https:\/\/roveyayinevi.com.tr\/index.php\/wp-json\/wp\/v2\/product_cat?post=711847"},{"taxonomy":"product_tag","embeddable":true,"href":"https:\/\/roveyayinevi.com.tr\/index.php\/wp-json\/wp\/v2\/product_tag?post=711847"}],"curies":[{"name":"wp","href":"https:\/\/api.w.org\/{rel}","templated":true}]}}