{"id":711843,"date":"2025-08-27T16:49:59","date_gmt":"2025-08-27T13:49:59","guid":{"rendered":"https:\/\/roveyayinevi.com.tr\/index.php\/urun\/katip-bartleby-bir-wall-street-hikayesi\/"},"modified":"2026-04-16T02:20:33","modified_gmt":"2026-04-15T23:20:33","slug":"katip-bartleby-bir-wall-street-hikayesi","status":"publish","type":"product","link":"https:\/\/roveyayinevi.com.tr\/index.php\/urun\/katip-bartleby-bir-wall-street-hikayesi\/","title":{"rendered":"Katip Bartleby &#8211; Bir Wall Street Hikayesi"},"content":{"rendered":"<p>Nitelikli edebiyat\u0131n kutlu d\u00fcnyas\u0131nda do\u011fan ve bir s\u00fcre sonra bu s\u0131n\u0131rlar\u0131 a\u015farak insanl\u0131\u011fa m\u00e2l olan bir hayalet geziyor d\u00fcnya \u00fczerinde: K\u00e2tip Bartleby! Bak\u0131ld\u0131\u011f\u0131 yere g\u00f6re \u015fekil alan bu hayalet; h\u00fczn\u00fc, mizah\u0131, pasif direni\u015fle ger\u00e7ekle\u015ftirilen bir ba\u015fkald\u0131r\u0131y\u0131 ve sorgulamay\u0131 vaat ediyor okurlara. Bartleby\u2019nin kay\u0131ts\u0131zl\u0131\u011f\u0131, yapmamay\u0131 tercih etmenin bir su\u00e7 olmad\u0131\u011f\u0131n\u0131 kan\u0131tlamakla yetinmiyor, ayn\u0131 zamanda soruyor: \u201cSen neden yapmaya devam ediyorsun?\u201d \u0130ster istemez insanda, kendi hayat\u0131ndaki b\u00fct\u00fcn otorite fig\u00fcrlerine kar\u015f\u0131 bir alerjinin filizlenmesine neden oluyor. Aile kurumu, okul, i\u015f yeri, sosyal hayat, ikili ili\u015fkiler, k\u0131sacas\u0131 her alanda, otoriterle\u015fen ve ortamdaki insanlar \u00fczerinde sanki do\u011fal bir belirleyiciymi\u015f gibi bask\u0131 kuran akt\u00f6rlerle m\u00fccadele etmenin bi\u00e7imini, anahtar\u0131n\u0131 sunuyor. Zorban\u0131n, zorbal\u0131\u011f\u0131n\u0131 devam ettirmek i\u00e7in ihtiya\u00e7 duydu\u011fu karizmas\u0131n\u0131 \u00e7iziyor. Kay\u0131ts\u0131zl\u0131k ve belirlenemez olma kar\u015f\u0131s\u0131nda ne yapaca\u011f\u0131n\u0131 \u015fa\u015f\u0131rm\u0131\u015f ve konumunu kaybetme korkusuyla paniklemi\u015f otoritenin, ne denli al\u00e7alabilece\u011fini deneyimleme f\u0131rsat\u0131 sunuyor; ki ilk hedef de bundan ba\u015fka bir \u015fey de\u011fildir: G\u00fcler y\u00fczl\u00fc d\u00fc\u015fman\u0131n maskesini indirmek, b\u00f6ylece onun \u00f6z\u00fcndeki k\u00f6t\u00fcl\u00fc\u011f\u00fc g\u00f6r\u00fcn\u00fcr k\u0131lmak. <\/p>\n","protected":false},"excerpt":{"rendered":"<p>Nitelikli edebiyat\u0131n kutlu d\u00fcnyas\u0131nda do\u011fan ve bir s\u00fcre sonra bu s\u0131n\u0131rlar\u0131 a\u015farak insanl\u0131\u011fa m\u00e2l olan bir hayalet geziyor d\u00fcnya \u00fczerinde: K\u00e2tip Bartleby! Bak\u0131ld\u0131\u011f\u0131 yere g\u00f6re \u015fekil<span class=\"excerpt-hellip\"> [\u2026]<\/span><\/p>\n","protected":false},"featured_media":0,"template":"","meta":{"_monsterinsights_skip_tracking":false,"_monsterinsights_sitenote_active":false,"_monsterinsights_sitenote_note":"","_monsterinsights_sitenote_category":0},"product_brand":[],"product_cat":[12291,12711],"product_tag":[],"class_list":{"0":"post-711843","1":"product","2":"type-product","3":"status-publish","5":"product_cat-edebiyat","6":"product_cat-roman-oyku","7":"pa_cilt-ciltsiz","8":"pa_tur-kitap","9":"pa_yayinevi-nika-yayinevi","10":"pa_yazar-herman-melville","12":"first","13":"instock","14":"sale","15":"shipping-taxable","16":"purchasable","17":"product-type-simple"},"_links":{"self":[{"href":"https:\/\/roveyayinevi.com.tr\/index.php\/wp-json\/wp\/v2\/product\/711843","targetHints":{"allow":["GET"]}}],"collection":[{"href":"https:\/\/roveyayinevi.com.tr\/index.php\/wp-json\/wp\/v2\/product"}],"about":[{"href":"https:\/\/roveyayinevi.com.tr\/index.php\/wp-json\/wp\/v2\/types\/product"}],"wp:attachment":[{"href":"https:\/\/roveyayinevi.com.tr\/index.php\/wp-json\/wp\/v2\/media?parent=711843"}],"wp:term":[{"taxonomy":"product_brand","embeddable":true,"href":"https:\/\/roveyayinevi.com.tr\/index.php\/wp-json\/wp\/v2\/product_brand?post=711843"},{"taxonomy":"product_cat","embeddable":true,"href":"https:\/\/roveyayinevi.com.tr\/index.php\/wp-json\/wp\/v2\/product_cat?post=711843"},{"taxonomy":"product_tag","embeddable":true,"href":"https:\/\/roveyayinevi.com.tr\/index.php\/wp-json\/wp\/v2\/product_tag?post=711843"}],"curies":[{"name":"wp","href":"https:\/\/api.w.org\/{rel}","templated":true}]}}