{"id":711821,"date":"2025-08-27T16:49:41","date_gmt":"2025-08-27T13:49:41","guid":{"rendered":"https:\/\/roveyayinevi.com.tr\/index.php\/urun\/sakli-secilmisler\/"},"modified":"2026-04-16T02:20:32","modified_gmt":"2026-04-15T23:20:32","slug":"sakli-secilmisler","status":"publish","type":"product","link":"https:\/\/roveyayinevi.com.tr\/index.php\/urun\/sakli-secilmisler\/","title":{"rendered":"Sakl\u0131 Se\u00e7ilmi\u015fler"},"content":{"rendered":"<p>Siz onlar\u0131 de\u011fil; onlar sizi se\u00e7ti   Bir film d\u00fc\u015f\u00fcn. \u0130lk sahne s\u0131radan bir olayla ba\u015flar. Film ilerledik\u00e7e geli\u015fmelere inanamazs\u0131n. Deh\u015fete kap\u0131l\u0131rs\u0131n. Film biter. Etkisinden kurtulamazs\u0131n. Korkars\u0131n. Bu kitab\u0131n yaz\u0131m s\u00fcrecinde ben bunlar\u0131 ya\u015fad\u0131m. \u0130lk sahne: Alt\u0131 y\u0131l \u00f6nceydi. Medyaya her c\u00fcmlesi yalan olan bir haber s\u0131zd\u0131r\u0131ld\u0131. Pe\u015fine d\u00fc\u015ft\u00fcm.. <\/p>\n","protected":false},"excerpt":{"rendered":"<p>Siz onlar\u0131 de\u011fil; onlar sizi se\u00e7ti Bir film d\u00fc\u015f\u00fcn. \u0130lk sahne s\u0131radan bir olayla ba\u015flar. Film ilerledik\u00e7e geli\u015fmelere inanamazs\u0131n. Deh\u015fete kap\u0131l\u0131rs\u0131n. Film biter. Etkisinden kurtulamazs\u0131n. Korkars\u0131n.<span class=\"excerpt-hellip\"> [\u2026]<\/span><\/p>\n","protected":false},"featured_media":0,"template":"","meta":{"_monsterinsights_skip_tracking":false,"_monsterinsights_sitenote_active":false,"_monsterinsights_sitenote_note":"","_monsterinsights_sitenote_category":0},"product_brand":[],"product_cat":[13590,12337],"product_tag":[],"class_list":{"0":"post-711821","1":"product","2":"type-product","3":"status-publish","5":"product_cat-arastirma-inceleme-politika-siyaset","6":"product_cat-politika-siyaset","7":"pa_cilt-ciltsiz","8":"pa_tur-kitap","9":"pa_yayinevi-kirmizi-kedi-yayinevi","10":"pa_yazar-soner-yalcin","12":"first","13":"instock","14":"sale","15":"shipping-taxable","16":"purchasable","17":"product-type-simple"},"_links":{"self":[{"href":"https:\/\/roveyayinevi.com.tr\/index.php\/wp-json\/wp\/v2\/product\/711821","targetHints":{"allow":["GET"]}}],"collection":[{"href":"https:\/\/roveyayinevi.com.tr\/index.php\/wp-json\/wp\/v2\/product"}],"about":[{"href":"https:\/\/roveyayinevi.com.tr\/index.php\/wp-json\/wp\/v2\/types\/product"}],"wp:attachment":[{"href":"https:\/\/roveyayinevi.com.tr\/index.php\/wp-json\/wp\/v2\/media?parent=711821"}],"wp:term":[{"taxonomy":"product_brand","embeddable":true,"href":"https:\/\/roveyayinevi.com.tr\/index.php\/wp-json\/wp\/v2\/product_brand?post=711821"},{"taxonomy":"product_cat","embeddable":true,"href":"https:\/\/roveyayinevi.com.tr\/index.php\/wp-json\/wp\/v2\/product_cat?post=711821"},{"taxonomy":"product_tag","embeddable":true,"href":"https:\/\/roveyayinevi.com.tr\/index.php\/wp-json\/wp\/v2\/product_tag?post=711821"}],"curies":[{"name":"wp","href":"https:\/\/api.w.org\/{rel}","templated":true}]}}