{"id":711815,"date":"2025-08-27T16:49:38","date_gmt":"2025-08-27T13:49:38","guid":{"rendered":"https:\/\/roveyayinevi.com.tr\/index.php\/urun\/turkiye-solunun-acmazlari-ve-cozum-yolu-arayislari\/"},"modified":"2026-04-16T02:20:32","modified_gmt":"2026-04-15T23:20:32","slug":"turkiye-solunun-acmazlari-ve-cozum-yolu-arayislari","status":"publish","type":"product","link":"https:\/\/roveyayinevi.com.tr\/index.php\/urun\/turkiye-solunun-acmazlari-ve-cozum-yolu-arayislari\/","title":{"rendered":"T\u00fcrkiye Solunun A\u00e7mazlar\u0131 ve \u00c7\u00f6z\u00fcm Yolu Aray\u0131\u015flar\u0131"},"content":{"rendered":"<p>\u201cHakk\u0131 Hocam\u0131z yaz\u0131lar\u0131nda siyaseti edebile\u015ftirme ba\u015far\u0131s\u0131n\u0131 g\u00f6steriyor, daha do\u011frusu edebiyat tad\u0131nda siyaset yaz\u0131yor. Bize toplumun her kesitinden ger\u00e7ek insanlar\u0131n ger\u00e7ek hikayelerini anlat\u0131yor. Zenginle\u015ftiriyor. Bunlar siyaseti teorik ve kuru laf kalabal\u0131\u011f\u0131ndan \u00e7\u0131kar\u0131p ya\u015fayan bir \u015fey haline getiriyor. D\u00fcnyaya indiriyor.\u201d- Mehmet Tanju Akad1980\u2019li y\u0131llar\u0131n sonunda Tokat\u2019\u0131n k\u0131rsal\u0131nda bir k\u00f6y d\u00fc\u011f\u00fcn\u00fcndeyiz. \u0130lk dikkatimizi \u00e7eken \u015fey, ya\u015fl\u0131s\u0131 genci K\u0131z\u0131ldere t\u00fcrk\u00fcleri m\u0131r\u0131ldan\u0131yor. G\u00fcle\u00e7 y\u00fczl\u00fc ya\u015fl\u0131 amca da \u00f6yle. Bu m\u0131r\u0131lt\u0131lardan cesaret alarak, \u201cBen Mahir \u00c7ayan\u2019la ayn\u0131 d\u00f6nemde Siyasal\u2019da okudum,\u201d dedim. \u201cYa \u00f6yle mi?\u201d dedi ya\u015fl\u0131 adam, umursamaz bir tav\u0131rla. Sonra, \u00fcst\u00fcme vazifeymi\u015f gibi siyasetten, m\u00fccadeleden falan bahseder oldum. G\u00fcle\u00e7 y\u00fczl\u00fc adam\u0131n surat\u0131 as\u0131ld\u0131. \u201cBak ye\u011fenim,\u201d dedi ve \u201cburaya geldiniz. \u015eeref verdiniz. Yiyin, i\u00e7in, keyfinize bak\u0131n, ama siyaset yapmay\u0131n,\u201d diye ilave etti. \u201cNiye?\u201d dedim. \u201cSen K\u0131z\u0131ldere t\u00fcrk\u00fcs\u00fcn\u00fc m\u0131r\u0131ldan\u0131yorsun ama.\u201d \u201cGeri dur, Mahir\u2019den bahsediyorsun uluorta. Mahir, Maltepe\u2019de mi teslim oldu K\u0131z\u0131ldere\u2019de mi? Sizler teslim olmu\u015f adamlars\u0131n\u0131z. Biz sizin pe\u015finizden gelmeyiz,\u201d diye kar\u015f\u0131l\u0131k verdi.\u00c7ok bozulmu\u015ftuk. \u201cBiz ka\u00e7 arkada\u015f\u0131m\u0131z\u0131 kaybettik biliyor musun? Biz de fa\u015fizmin zindanlar\u0131na d\u00fc\u015fmedik mi? Ne yani, teslim olmamak \u00f6lmek mi demek?\u201d diye arkada\u015flar\u0131m\u0131zdan biri biraz da sert bir tonla isyan etti. \u201cO\u011flum,\u201d dedi, ya\u015fl\u0131 adam, \u201cteslim olmamak tabii ki \u00f6lmek de\u011fil. Teslim olmamak dik durmak demek, teslim olmamak demek ezilmemek demek. Teslim olmamak demek, m\u00fccadeleye devam etmek demek. Her neyse\u2026\u201dNe\u015femiz ka\u00e7m\u0131\u015ft\u0131, ertesi g\u00fcn d\u00f6nmeye karar verdik, d\u00fc\u011f\u00fcn\u00fcn devam\u0131n\u0131 beklemeden. Oral\u0131 arkada\u015f\u0131m\u0131z, \u201cBabam hazmedemiyor, \u00fcz\u00fcnt\u00fcs\u00fcnden b\u00f6yle konu\u015fuyor,\u201d diyerek bizi yat\u0131\u015ft\u0131rmaya \u00e7al\u0131\u015ft\u0131. Biz karar\u0131m\u0131zdan d\u00f6nmedik. D\u00fc\u011f\u00fcn sahibi ya\u015fl\u0131 adam, yine g\u00fcle\u00e7 y\u00fcz\u00fcyle bizi yolculamaya geldi. S\u0131rt\u0131m\u0131z\u0131 s\u0131vazlad\u0131, ama kal\u0131n da demedi. Sadece, \u201cBize, biz halka bir \u00f6z\u00fcr borcunuz var!\u201d dedi. <\/p>\n","protected":false},"excerpt":{"rendered":"<p>\u201cHakk\u0131 Hocam\u0131z yaz\u0131lar\u0131nda siyaseti edebile\u015ftirme ba\u015far\u0131s\u0131n\u0131 g\u00f6steriyor, daha do\u011frusu edebiyat tad\u0131nda siyaset yaz\u0131yor. Bize toplumun her kesitinden ger\u00e7ek insanlar\u0131n ger\u00e7ek hikayelerini anlat\u0131yor. Zenginle\u015ftiriyor. Bunlar siyaseti teorik<span class=\"excerpt-hellip\"> [\u2026]<\/span><\/p>\n","protected":false},"featured_media":0,"template":"","meta":{"_monsterinsights_skip_tracking":false,"_monsterinsights_sitenote_active":false,"_monsterinsights_sitenote_note":"","_monsterinsights_sitenote_category":0},"product_brand":[],"product_cat":[12337,16547],"product_tag":[],"class_list":{"0":"post-711815","1":"product","2":"type-product","3":"status-publish","5":"product_cat-politika-siyaset","6":"product_cat-sol-hareketler","7":"pa_cilt-ciltsiz","8":"pa_tur-kitap","9":"pa_yayinevi-telgrafhane-yayinlari","10":"pa_yazar-hakki-zabci","12":"first","13":"instock","14":"sale","15":"shipping-taxable","16":"purchasable","17":"product-type-simple"},"_links":{"self":[{"href":"https:\/\/roveyayinevi.com.tr\/index.php\/wp-json\/wp\/v2\/product\/711815","targetHints":{"allow":["GET"]}}],"collection":[{"href":"https:\/\/roveyayinevi.com.tr\/index.php\/wp-json\/wp\/v2\/product"}],"about":[{"href":"https:\/\/roveyayinevi.com.tr\/index.php\/wp-json\/wp\/v2\/types\/product"}],"wp:attachment":[{"href":"https:\/\/roveyayinevi.com.tr\/index.php\/wp-json\/wp\/v2\/media?parent=711815"}],"wp:term":[{"taxonomy":"product_brand","embeddable":true,"href":"https:\/\/roveyayinevi.com.tr\/index.php\/wp-json\/wp\/v2\/product_brand?post=711815"},{"taxonomy":"product_cat","embeddable":true,"href":"https:\/\/roveyayinevi.com.tr\/index.php\/wp-json\/wp\/v2\/product_cat?post=711815"},{"taxonomy":"product_tag","embeddable":true,"href":"https:\/\/roveyayinevi.com.tr\/index.php\/wp-json\/wp\/v2\/product_tag?post=711815"}],"curies":[{"name":"wp","href":"https:\/\/api.w.org\/{rel}","templated":true}]}}