{"id":711810,"date":"2025-08-27T16:49:35","date_gmt":"2025-08-27T13:49:35","guid":{"rendered":"https:\/\/roveyayinevi.com.tr\/index.php\/urun\/hani-ankara-hangi-ankara\/"},"modified":"2026-04-16T02:20:32","modified_gmt":"2026-04-15T23:20:32","slug":"hani-ankara-hangi-ankara","status":"publish","type":"product","link":"https:\/\/roveyayinevi.com.tr\/index.php\/urun\/hani-ankara-hangi-ankara\/","title":{"rendered":"Hani Ankara Hangi Ankara?"},"content":{"rendered":"<p>Sava\u015f S\u00f6nmez, b\u00fcy\u00fck ilgi g\u00f6ren kitab\u0131 &#8216;Bu Ankara O Ankara De\u011fil&#8217;in ard\u0131ndan, bu kez &#8216;Hani Ankara, Hangi Ankara?&#8217; ile okuyucular\u0131n\u0131 selaml\u0131yor. Tarihinden, dokusundan ve Cumhuriyet ile \u00f6zde\u015fle\u015fmi\u015f karakterinden kopar\u0131l\u0131p kendi \u00f6z\u00fcne yabanc\u0131la\u015ft\u0131r\u0131lan bir \u015fehirde, o \u015fehrin, bilenlerinin say\u0131s\u0131 g\u00fcnden g\u00fcne azalan hik\u00e2yesini, hi\u00e7 unutulmas\u0131n diye tarihe not d\u00fc\u015f\u00fcyor. D\u00fcnde kalan, b\u0131rak\u0131lan ger\u00e7ek Ankara&#8217;y\u0131, ustaca g\u00f6zlemler ve detaylarla \u00f6rd\u00fc\u011f\u00fc yaz\u0131lar\u0131yla belleklerimizde \u00f6l\u00fcms\u00fcz k\u0131l\u0131yor&#8230; &#8220;Sava\u015f S\u00f6nmez\u2019in tarihsel \u00f6nemdeki kitaplar\u0131, bilginin,bilincin ilkel sald\u0131r\u0131lara kar\u015f\u0131 \u00fcst\u00fcnl\u00fc\u011f\u00fcn\u00fcn somutla\u015fm\u0131\u015f durumudur;az say\u0131daki ba\u015fvuru kaynaklar\u0131ndand\u0131r&#8230;&#8221; G\u00fcnay G\u00fcner <\/p>\n","protected":false},"excerpt":{"rendered":"<p>Sava\u015f S\u00f6nmez, b\u00fcy\u00fck ilgi g\u00f6ren kitab\u0131 &#8216;Bu Ankara O Ankara De\u011fil&#8217;in ard\u0131ndan, bu kez &#8216;Hani Ankara, Hangi Ankara?&#8217; ile okuyucular\u0131n\u0131 selaml\u0131yor. Tarihinden, dokusundan ve Cumhuriyet ile<span class=\"excerpt-hellip\"> [\u2026]<\/span><\/p>\n","protected":false},"featured_media":0,"template":"","meta":{"_monsterinsights_skip_tracking":false,"_monsterinsights_sitenote_active":false,"_monsterinsights_sitenote_note":"","_monsterinsights_sitenote_category":0},"product_brand":[],"product_cat":[12777,12291],"product_tag":[],"class_list":{"0":"post-711810","1":"product","2":"type-product","3":"status-publish","5":"product_cat-deneme","6":"product_cat-edebiyat","7":"pa_cilt-ciltsiz","8":"pa_tur-kitap","9":"pa_yayinevi-telgrafhane-yayinlari","10":"pa_yazar-savas-sonmez","12":"first","13":"instock","14":"sale","15":"shipping-taxable","16":"purchasable","17":"product-type-simple"},"_links":{"self":[{"href":"https:\/\/roveyayinevi.com.tr\/index.php\/wp-json\/wp\/v2\/product\/711810","targetHints":{"allow":["GET"]}}],"collection":[{"href":"https:\/\/roveyayinevi.com.tr\/index.php\/wp-json\/wp\/v2\/product"}],"about":[{"href":"https:\/\/roveyayinevi.com.tr\/index.php\/wp-json\/wp\/v2\/types\/product"}],"wp:attachment":[{"href":"https:\/\/roveyayinevi.com.tr\/index.php\/wp-json\/wp\/v2\/media?parent=711810"}],"wp:term":[{"taxonomy":"product_brand","embeddable":true,"href":"https:\/\/roveyayinevi.com.tr\/index.php\/wp-json\/wp\/v2\/product_brand?post=711810"},{"taxonomy":"product_cat","embeddable":true,"href":"https:\/\/roveyayinevi.com.tr\/index.php\/wp-json\/wp\/v2\/product_cat?post=711810"},{"taxonomy":"product_tag","embeddable":true,"href":"https:\/\/roveyayinevi.com.tr\/index.php\/wp-json\/wp\/v2\/product_tag?post=711810"}],"curies":[{"name":"wp","href":"https:\/\/api.w.org\/{rel}","templated":true}]}}