{"id":711807,"date":"2025-08-27T16:49:33","date_gmt":"2025-08-27T13:49:33","guid":{"rendered":"https:\/\/roveyayinevi.com.tr\/index.php\/urun\/karikaturlerle-abdulhamid\/"},"modified":"2026-04-16T02:20:32","modified_gmt":"2026-04-15T23:20:32","slug":"karikaturlerle-abdulhamid","status":"publish","type":"product","link":"https:\/\/roveyayinevi.com.tr\/index.php\/urun\/karikaturlerle-abdulhamid\/","title":{"rendered":"Karikat\u00fcrlerle Abd\u00fclhamid"},"content":{"rendered":"<p>T\u00fcrkiye&#8217;de art\u0131k Abd\u00fclhamid&#8217;in &#8220;iyi niyetleri&#8221; konusunda d\u00fc\u015f kurulmuyor. Halk uzun zamand\u0131r tek kurtulu\u015fun bu zorban\u0131n tahttan indirilmesinden ge\u00e7ti\u011fini biliyor. Din adamlar\u0131n\u0131n da kat\u0131laca\u011f\u0131 geni\u015f bir kitle hareketi bu korku d\u00fczeninin hakk\u0131ndan gelebilir. Sihirbaz\u0131n de\u011fne\u011fi de\u011fmi\u015f gibi, b\u00f6yle bir halk hareketi ba\u015flasa askeri birlikler de derhal buna kat\u0131l\u0131rlar. Bu, ulusun tek ve son umududur. Ali Nuri (1903) <\/p>\n","protected":false},"excerpt":{"rendered":"<p>T\u00fcrkiye&#8217;de art\u0131k Abd\u00fclhamid&#8217;in &#8220;iyi niyetleri&#8221; konusunda d\u00fc\u015f kurulmuyor. Halk uzun zamand\u0131r tek kurtulu\u015fun bu zorban\u0131n tahttan indirilmesinden ge\u00e7ti\u011fini biliyor. Din adamlar\u0131n\u0131n da kat\u0131laca\u011f\u0131 geni\u015f bir kitle<span class=\"excerpt-hellip\"> [\u2026]<\/span><\/p>\n","protected":false},"featured_media":0,"template":"","meta":{"_monsterinsights_skip_tracking":false,"_monsterinsights_sitenote_active":false,"_monsterinsights_sitenote_note":"","_monsterinsights_sitenote_category":0},"product_brand":[],"product_cat":[12291,14825],"product_tag":[],"class_list":{"0":"post-711807","1":"product","2":"type-product","3":"status-publish","5":"product_cat-edebiyat","6":"product_cat-mizah","7":"pa_cilt-ciltsiz","8":"pa_tur-kitap","9":"pa_yayinevi-kaynak-yayinlari","10":"pa_yazar-abdullah-gurgun","12":"first","13":"instock","14":"sale","15":"shipping-taxable","16":"purchasable","17":"product-type-simple"},"_links":{"self":[{"href":"https:\/\/roveyayinevi.com.tr\/index.php\/wp-json\/wp\/v2\/product\/711807","targetHints":{"allow":["GET"]}}],"collection":[{"href":"https:\/\/roveyayinevi.com.tr\/index.php\/wp-json\/wp\/v2\/product"}],"about":[{"href":"https:\/\/roveyayinevi.com.tr\/index.php\/wp-json\/wp\/v2\/types\/product"}],"wp:attachment":[{"href":"https:\/\/roveyayinevi.com.tr\/index.php\/wp-json\/wp\/v2\/media?parent=711807"}],"wp:term":[{"taxonomy":"product_brand","embeddable":true,"href":"https:\/\/roveyayinevi.com.tr\/index.php\/wp-json\/wp\/v2\/product_brand?post=711807"},{"taxonomy":"product_cat","embeddable":true,"href":"https:\/\/roveyayinevi.com.tr\/index.php\/wp-json\/wp\/v2\/product_cat?post=711807"},{"taxonomy":"product_tag","embeddable":true,"href":"https:\/\/roveyayinevi.com.tr\/index.php\/wp-json\/wp\/v2\/product_tag?post=711807"}],"curies":[{"name":"wp","href":"https:\/\/api.w.org\/{rel}","templated":true}]}}