{"id":711806,"date":"2025-08-27T16:49:32","date_gmt":"2025-08-27T13:49:32","guid":{"rendered":"https:\/\/roveyayinevi.com.tr\/index.php\/urun\/uzunkulak-ve-arkadaslari\/"},"modified":"2026-04-16T02:20:32","modified_gmt":"2026-04-15T23:20:32","slug":"uzunkulak-ve-arkadaslari","status":"publish","type":"product","link":"https:\/\/roveyayinevi.com.tr\/index.php\/urun\/uzunkulak-ve-arkadaslari\/","title":{"rendered":"Uzunkulak ve Arkada\u015flar\u0131"},"content":{"rendered":"<p>Yavru tav\u015fan Uzunkulak\u2019\u0131n pek \u00e7ok arkada\u015f\u0131 vard\u0131. Kokarca, kurba\u011fa, kaplumba\u011fa bunlardan sadece birka\u00e7\u0131yd\u0131. Ama hi\u00e7 tav\u015fan arkada\u015f\u0131 yoktu. Bir g\u00fcn Uzunkulak, arkada\u015f\u0131 k\u0131rlang\u0131c\u0131 g\u00f6rd\u00fc. K\u0131rlang\u0131\u00e7 ona, tav\u015fanlar\u0131n az ilerideki tepenin ard\u0131nda oldu\u011funu s\u00f6yledi. Ancak tepenin \u00f6n\u00fcnde i\u00e7i su dolu derin bir hendek vard\u0131. Uzunkulak, hende\u011fi ge\u00e7ip arkada\u015flar\u0131na kavu\u015fabilecek mi acaba? <\/p>\n","protected":false},"excerpt":{"rendered":"<p>Yavru tav\u015fan Uzunkulak\u2019\u0131n pek \u00e7ok arkada\u015f\u0131 vard\u0131. Kokarca, kurba\u011fa, kaplumba\u011fa bunlardan sadece birka\u00e7\u0131yd\u0131. Ama hi\u00e7 tav\u015fan arkada\u015f\u0131 yoktu. Bir g\u00fcn Uzunkulak, arkada\u015f\u0131 k\u0131rlang\u0131c\u0131 g\u00f6rd\u00fc. K\u0131rlang\u0131\u00e7 ona,<span class=\"excerpt-hellip\"> [\u2026]<\/span><\/p>\n","protected":false},"featured_media":0,"template":"","meta":{"_monsterinsights_skip_tracking":false,"_monsterinsights_sitenote_active":false,"_monsterinsights_sitenote_note":"","_monsterinsights_sitenote_category":0},"product_brand":[],"product_cat":[12913,12274],"product_tag":[],"class_list":{"0":"post-711806","1":"product","2":"type-product","3":"status-publish","5":"product_cat-3-6-yas-kitaplari","6":"product_cat-cocuk-ve-genclik-kitaplari","7":"pa_cilt-ciltsiz","8":"pa_tur-kitap","9":"pa_yayinevi-dusizi","10":"pa_yazar-damla-usta-birtane","12":"first","13":"instock","14":"sale","15":"shipping-taxable","16":"purchasable","17":"product-type-simple"},"_links":{"self":[{"href":"https:\/\/roveyayinevi.com.tr\/index.php\/wp-json\/wp\/v2\/product\/711806","targetHints":{"allow":["GET"]}}],"collection":[{"href":"https:\/\/roveyayinevi.com.tr\/index.php\/wp-json\/wp\/v2\/product"}],"about":[{"href":"https:\/\/roveyayinevi.com.tr\/index.php\/wp-json\/wp\/v2\/types\/product"}],"wp:attachment":[{"href":"https:\/\/roveyayinevi.com.tr\/index.php\/wp-json\/wp\/v2\/media?parent=711806"}],"wp:term":[{"taxonomy":"product_brand","embeddable":true,"href":"https:\/\/roveyayinevi.com.tr\/index.php\/wp-json\/wp\/v2\/product_brand?post=711806"},{"taxonomy":"product_cat","embeddable":true,"href":"https:\/\/roveyayinevi.com.tr\/index.php\/wp-json\/wp\/v2\/product_cat?post=711806"},{"taxonomy":"product_tag","embeddable":true,"href":"https:\/\/roveyayinevi.com.tr\/index.php\/wp-json\/wp\/v2\/product_tag?post=711806"}],"curies":[{"name":"wp","href":"https:\/\/api.w.org\/{rel}","templated":true}]}}