{"id":711771,"date":"2025-08-27T16:49:14","date_gmt":"2025-08-27T13:49:14","guid":{"rendered":"https:\/\/roveyayinevi.com.tr\/index.php\/urun\/bebegimin-ilk-albumu-3-ani-zarfi-ile-ciltli\/"},"modified":"2026-04-16T02:20:31","modified_gmt":"2026-04-15T23:20:31","slug":"bebegimin-ilk-albumu-3-ani-zarfi-ile-ciltli","status":"publish","type":"product","link":"https:\/\/roveyayinevi.com.tr\/index.php\/urun\/bebegimin-ilk-albumu-3-ani-zarfi-ile-ciltli\/","title":{"rendered":"Bebe\u011fimin \u0130lk Alb\u00fcm\u00fc \u2013 (3 An\u0131 Zarf\u0131 \u0130le) (Ciltli)"},"content":{"rendered":"<p>\u0130yi Bebe\u011fimin \u0130lk Alb\u00fcm\u00fc   Birbirinden g\u00fczel \u00e7izimleriyle bu \u00e7ok \u00f6zel alb\u00fcmde bebe\u011finizin t\u00fcm unutulmaz an\u0131lar\u0131n\u0131 ve en g\u00fczel an\u0131lar\u0131n\u0131z\u0131 not edebilece\u011finiz sayfalar bulunuyor.   \u00dcstelik, bebe\u011finizin do\u011fum bilekli\u011fi, ultrason g\u00f6r\u00fcnt\u00fcleri gibi hat\u0131ralar\u0131 i\u00e7inde saklayabilece\u011finiz 3 adet zarf da bu \u00f6zel abimle birlikte hediye!   Bu muhte\u015fem alb\u00fcm uzun y\u0131llar boyunca unutulmaz an\u0131lar\u0131n\u0131z\u0131 sakl\u0131 tutacak.  <\/p>\n","protected":false},"excerpt":{"rendered":"<p>\u0130yi Bebe\u011fimin \u0130lk Alb\u00fcm\u00fc Birbirinden g\u00fczel \u00e7izimleriyle bu \u00e7ok \u00f6zel alb\u00fcmde bebe\u011finizin t\u00fcm unutulmaz an\u0131lar\u0131n\u0131 ve en g\u00fczel an\u0131lar\u0131n\u0131z\u0131 not edebilece\u011finiz sayfalar bulunuyor. \u00dcstelik, bebe\u011finizin do\u011fum<span class=\"excerpt-hellip\"> [\u2026]<\/span><\/p>\n","protected":false},"featured_media":0,"template":"","meta":{"_monsterinsights_skip_tracking":false,"_monsterinsights_sitenote_active":false,"_monsterinsights_sitenote_note":"","_monsterinsights_sitenote_category":0},"product_brand":[],"product_cat":[12312,12304],"product_tag":[],"class_list":{"0":"post-711771","1":"product","2":"type-product","3":"status-publish","5":"product_cat-diger","6":"product_cat-tarih","7":"pa_cilt-ciltli","8":"pa_tur-kitap20","9":"pa_yayinevi-indigo-kitap","10":"pa_yazar-kollektif","12":"first","13":"instock","14":"sale","15":"shipping-taxable","16":"purchasable","17":"product-type-simple"},"_links":{"self":[{"href":"https:\/\/roveyayinevi.com.tr\/index.php\/wp-json\/wp\/v2\/product\/711771","targetHints":{"allow":["GET"]}}],"collection":[{"href":"https:\/\/roveyayinevi.com.tr\/index.php\/wp-json\/wp\/v2\/product"}],"about":[{"href":"https:\/\/roveyayinevi.com.tr\/index.php\/wp-json\/wp\/v2\/types\/product"}],"wp:attachment":[{"href":"https:\/\/roveyayinevi.com.tr\/index.php\/wp-json\/wp\/v2\/media?parent=711771"}],"wp:term":[{"taxonomy":"product_brand","embeddable":true,"href":"https:\/\/roveyayinevi.com.tr\/index.php\/wp-json\/wp\/v2\/product_brand?post=711771"},{"taxonomy":"product_cat","embeddable":true,"href":"https:\/\/roveyayinevi.com.tr\/index.php\/wp-json\/wp\/v2\/product_cat?post=711771"},{"taxonomy":"product_tag","embeddable":true,"href":"https:\/\/roveyayinevi.com.tr\/index.php\/wp-json\/wp\/v2\/product_tag?post=711771"}],"curies":[{"name":"wp","href":"https:\/\/api.w.org\/{rel}","templated":true}]}}