{"id":711751,"date":"2025-08-27T16:49:02","date_gmt":"2025-08-27T13:49:02","guid":{"rendered":"https:\/\/roveyayinevi.com.tr\/index.php\/urun\/tez-nasil-yazilir-2\/"},"modified":"2026-04-16T02:20:31","modified_gmt":"2026-04-15T23:20:31","slug":"tez-nasil-yazilir-2","status":"publish","type":"product","link":"https:\/\/roveyayinevi.com.tr\/index.php\/urun\/tez-nasil-yazilir-2\/","title":{"rendered":"Tez Nas\u0131l Yaz\u0131l\u0131r?"},"content":{"rendered":"<p>M\u00fchim olan, yapt\u0131\u011f\u0131m\u0131z i\u015fi keyifle yapmakt\u0131r. E\u011fer sizi ilgilendiren bir konu se\u00e7tiyseniz, e\u011fer tezinize ger\u00e7ekten k\u0131sa da olsa \u00fczerinde yo\u011funla\u015faca\u011f\u0131n\u0131z bir zaman ay\u0131rd\u0131ysan\u0131z (\u2026) o zaman tezin bir oyun gibi ya\u015fam\u0131n\u0131zda yer alaca\u011f\u0131n\u0131 fark edeceksiniz, bir bahis, bir hazine av\u0131 gibi bir \u015fey oldu\u011funu anlayacaks\u0131n\u0131z. Umberto Eco\u2019nun 1977\u2019de yay\u0131mland\u0131\u011f\u0131ndan bu yana yirmiye yak\u0131n dile \u00e7evrilmi\u015f olan bu eseri, \u00e7i\u00e7e\u011fi burnunda tez \u00f6\u011frencileri, akademisyen adaylar\u0131 ve tez dan\u0131\u015fmanlar\u0131 i\u00e7in \u00f6nemli bir rehber niteli\u011finde. Eco\u2019nun \u0130talya\u2019da \u00f6\u011frenciler i\u00e7in kaleme ald\u0131\u011f\u0131 bu kitap, \u201ciyi bir ara\u015ft\u0131rma yapmak i\u00e7in gereken kurallar d\u00fcnyan\u0131n her yerinde ayn\u0131\u201d oldu\u011fundan T\u00fcrkiye\u2019de de ba\u015fucu kitab\u0131 olmaya aday. Tez Nas\u0131l Yaz\u0131l\u0131r? kendine \u00f6zg\u00fc mizahi \u00fcslubuyla metnin derli toplu ve anla\u015f\u0131l\u0131r \u015fekilde kaleme al\u0131nmas\u0131 i\u00e7in nelere dikkat edilmesi gerekti\u011fine \u0131\u015f\u0131k tutuyor. Ayr\u0131ca bilgi fi\u015fleriyle \u00e7al\u0131\u015fma y\u00f6ntemini aktarmas\u0131 ve Eco\u2019nun kendi tezi i\u00e7in ald\u0131\u011f\u0131 notlar\u0131 i\u00e7ermesiyle tarih\u00ee bir belge olma \u00f6zelli\u011fine de sahip. Ancak bunlar\u0131n da \u00f6tesinde, bilimsel eti\u011fin ne oldu\u011funu ve ne olmad\u0131\u011f\u0131n\u0131 bizlere hat\u0131rlatmas\u0131 a\u00e7\u0131s\u0131ndan son derece \u00f6nemli bir yap\u0131t. <\/p>\n","protected":false},"excerpt":{"rendered":"<p>M\u00fchim olan, yapt\u0131\u011f\u0131m\u0131z i\u015fi keyifle yapmakt\u0131r. E\u011fer sizi ilgilendiren bir konu se\u00e7tiyseniz, e\u011fer tezinize ger\u00e7ekten k\u0131sa da olsa \u00fczerinde yo\u011funla\u015faca\u011f\u0131n\u0131z bir zaman ay\u0131rd\u0131ysan\u0131z (\u2026) o zaman<span class=\"excerpt-hellip\"> [\u2026]<\/span><\/p>\n","protected":false},"featured_media":0,"template":"","meta":{"_monsterinsights_skip_tracking":false,"_monsterinsights_sitenote_active":false,"_monsterinsights_sitenote_note":"","_monsterinsights_sitenote_category":0},"product_brand":[],"product_cat":[13072,12291],"product_tag":[],"class_list":{"0":"post-711751","1":"product","2":"type-product","3":"status-publish","5":"product_cat-arastirma-inceleme-referans","6":"product_cat-edebiyat","7":"pa_cilt-ciltsiz","8":"pa_tur-kitap","9":"pa_yayinevi-can-yayinlari","10":"pa_yazar-umberto-eco","12":"first","13":"instock","14":"sale","15":"shipping-taxable","16":"purchasable","17":"product-type-simple"},"_links":{"self":[{"href":"https:\/\/roveyayinevi.com.tr\/index.php\/wp-json\/wp\/v2\/product\/711751","targetHints":{"allow":["GET"]}}],"collection":[{"href":"https:\/\/roveyayinevi.com.tr\/index.php\/wp-json\/wp\/v2\/product"}],"about":[{"href":"https:\/\/roveyayinevi.com.tr\/index.php\/wp-json\/wp\/v2\/types\/product"}],"wp:attachment":[{"href":"https:\/\/roveyayinevi.com.tr\/index.php\/wp-json\/wp\/v2\/media?parent=711751"}],"wp:term":[{"taxonomy":"product_brand","embeddable":true,"href":"https:\/\/roveyayinevi.com.tr\/index.php\/wp-json\/wp\/v2\/product_brand?post=711751"},{"taxonomy":"product_cat","embeddable":true,"href":"https:\/\/roveyayinevi.com.tr\/index.php\/wp-json\/wp\/v2\/product_cat?post=711751"},{"taxonomy":"product_tag","embeddable":true,"href":"https:\/\/roveyayinevi.com.tr\/index.php\/wp-json\/wp\/v2\/product_tag?post=711751"}],"curies":[{"name":"wp","href":"https:\/\/api.w.org\/{rel}","templated":true}]}}